INSERT INTO `beneficio_servicios` (`id`, `catalogo_id`, `author_id`, `category_local`, `category_national`, `name`, `type`, `desc`, `reqs`, `docs`, `vendor`, `address`, `schedule`, `contact`, `state`, `date`, `oferta_nacional`, `active`, `flag`, `created_at`, `updated_at`, `contact_position`, `contact_phone`, `contact_email`) VALUES
(24766, 556, '9d3069dc-ed0f-40f8-b3cb-a8b8837fbb59', '22', NULL, 'Incorporación de recién nacido (hasta 6 \nmeses de edad)', '0', 'Corresponde a la solicitud que da cuenta de la incorporación de una persona a un\nhogar conformado, es decir, a un hogar que ya es parte del RSH', 'Jefe(a) de hogar o cualquier otro integrante del hogar (mayor de 18 años de edad)', 'Solicitud de Incorporación/Desvinculación firmada por el Jefe(a) de Hogar o uno de\nsus padres.\n\nCopia de la Cédula de Identidad de quien realiza la solicitud.\n\nEl padre y/o la madre del niño(a) debe formar parte del hogar.\n\nEn caso contrario, el Jefe(a) de hogar deberá presentar el Certificado de Nacimiento\ncon la Subinscripción de Cuidado Personal que indique que el niño(a) se encuentra\nbajo el cuidado de un integrante de ese hogar.\n\nNo se ingresarán recién nacidos(as) que no cuenten con la documentación que indique\nquien tiene su cuidado personal, salvo que sean sus padres – o uno de ellos - quienes\nsolicitan el ingreso.\n\nSi tanto el padre como la madre simultáneamente y en hogares distintos solicitan la\nincorporación de un recién nacido(a), se procederá ingresar al niño(a) al hogar que\ncuente con la documentación que acredita el cuidado personal o la tuición de ese\nniño(a).\n\nSi no existiera documentación que acredite el cuidado o tuición del niño(a), y es la\nmadre o el padre quien solicita la incorporación, el niño(a) será ingresado al hogar que\nhaya gestionado primero la incorporación', 'Ministerio de Desarrollo Social y Familia', 'Pedro Montt N°876', '8:30 – 13:30 Hrs', 'María Teresa Leiva Chávez', '1', '2024-10-04 22:24:51', 0, 1, '0', '2025-05-12 16:40:03', '2025-05-12 16:40:03', 'Encargada Comunal del \nRegistro Social de Hogares', '+56958032693/+56953704062', 'rsh.documentos@gmail.com'),
(24767, 556, '9d3069dc-ed0f-40f8-b3cb-a8b8837fbb59', '22', NULL, 'Complemento por pago de  pensiones de \nalimentos', '0', 'En esta solicitud, el integrante del hogar informa al RSH que una parte de sus ingresos son\ndestinados al pago de una pensión de alimentos para una persona que no forma parte de su\nhogar', 'Personas mayores de edad integrantes del hogar del que se quiere solicitar el complemento\nde información en el Registro Social de Hogares (RSH)', 'Debe presentar uno de los siguientes documentos:\n\nSentencia judicial, en proceso ordinario o especial, que decreta el pago de una pensión\nalimenticia, que señale el monto y periodicidad del pago, junto a un documento que\nacredite el cumplimiento de la obligación de pago de dicha pensión.\n\nAcuerdo entre las partes, protocolizado ante notario y ratificado con carácter oficial por\nun tribunal competente, en que se establezca el monto y periodicidad del pago, junto a un\ndocumento que acredite el cumplimiento de la obligación de pago de dicha pensión.\n\nActa ejecutiva con firma y timbre emitido por la oficina de mediación, junto a un\ndocumento que acredite el cumplimiento de la obligación de pago de dicha pensión.\n\nResolución que provee demanda judicial por pensión de alimentos presentada ante\ntribunal respectivo y que fija alimentos provisorios.\nResolución que fija alimentos provisorios en ejercicio de la potestad cautelar del Tribunal,\nen el marco de una demanda o denuncia por violencia intrafamiliar.\n\nDeclaración jurada simple N°7, con acuerdo entre las partes (alimentante y alimentario o\nsu respectivo representante), que dé cuenta del pago de la pensión alimenticia del\nalimentante al alimentario, indicando monto y periodicidad y copia de la cédula de\nidentidad de ambas partes. El documento debe tener una vigencia máxima de dos\nmeses, a contar de la fecha de la solicitud', 'Ministerio de Desarrollo Social y Familia', 'Pedro Montt N°876', '8:30 – 13:30 Hrs', 'María Teresa Leiva Chávez', '1', '2024-10-04 22:24:51', 0, 1, '0', '2025-05-12 16:40:03', '2025-05-12 16:40:03', 'Encargada Comunal del \nRegistro Social de Hogares', '+56958032693/+56953704062', 'rsh.documentos@gmail.com'),
(24768, 556, '9d3069dc-ed0f-40f8-b3cb-a8b8837fbb59', '22', NULL, 'Complemento por recepción de pensiones \nde alimentos', '0', 'En esta solicitud, el integrante del hogar informa al RSH que recibe el pago de una pensión \nde alimentos por parte de una persona que no forma parte de su hogar', 'Ser mayor de 18 años y formar parte del mismo RSH', 'Debe presentar uno de los siguientes documentos:\n\nSentencia judicial, en proceso ordinario o especial, que decreta el pago de una pensión\nalimenticia, que señale el monto y periodicidad del pago, junto a un documento que\nacredite el cumplimiento de la obligación de pago de dicha pensión.\n\nAcuerdo entre las partes, protocolizado ante notario y ratificado con carácter oficial por\nun tribunal competente, en que se establezca el monto y periodicidad del pago, junto a un\ndocumento que acredite el cumplimiento de la obligación de pago de dicha pensión.\n\nActa ejecutiva con firma y timbre emitido por la oficina de mediación, junto a un\ndocumento que acredite el cumplimiento de la obligación de pago de dicha pensión.\n\nLiquidación de deuda emitido por el Tribunal de Familia.\n\nResolución que provee demanda judicial por pensión de alimentos presentada ante\ntribunal respectivo y que fija alimentos provisorios.\n\nResolución que fija alimentos provisorios en ejercicio de la potestad cautelar del Tribunal,\nen el marco de una demanda o denuncia por violencia intrafamiliar.\n\nDeclaración jurada simple firmada por el/la alimentario/a o su respectivo representante,\nque dé cuenta de la recepción de la pensión de alimentos, indicando monto y\nperiodicidad y copia de la cédula de identidad de quien firma el documento (ver\ndeclaración jurada N°8). El documento debe tener una vigencia máxima de dos meses, a\ncontar de la fecha de la solicitud', 'Ministerio de Desarrollo Social y \nFamilia', 'Pedro Montt N°876', '8:30 – 13:30 Hrs', 'María Teresa Leiva Chávez', '1', '2024-10-04 22:24:51', 0, 1, '0', '2025-05-12 16:40:03', '2025-05-12 16:40:03', 'Encargada Comunal del \nRegistro Social de Hogares', '+56958032693/+56953704062', 'rsh.documentos@gmail.com'),
(24769, 556, '9d3069dc-ed0f-40f8-b3cb-a8b8837fbb59', '22', NULL, 'Solicitud de desvinculación', '0', 'Desvinculación de Integrante del Registro Social de Hogares', 'La solicitud de desvinculación del Registro Social de Hogares podrá ser requerida a través de \nla plataforma ciudadana www.registrosocial.Gob.cl o presencialmente, por el jefe de hogar o \ncualquier integrante mayor de 18 años, perteneciente al mismo RSH', 'Si la solicitud de desvinculación es realizada por el o la Jefe(a) de hogar, no será requisito\nla firma de la persona a desvincular.\n\nSi la solicitud es realizada directamente por la persona que requiere ser desvinculada, no\nserá necesaria la firma del Jefe(a) de hogar en la Solicitud', 'Ministerio de Desarrollo Social y Familia', 'Pedro Montt N°876', 'Pedro Montt N°876 \n8:30 – 13:30 Hrs', 'María Teresa Leiva Chávez', '1', '2024-10-04 22:24:51', 0, 1, '0', '2025-05-12 16:40:03', '2025-05-12 16:40:03', 'Encargada Comunal del \nRegistro Social de Hogares', '+56958032693\n+56953704062', 'rsh.documentos@gmail.com'),
(24770, 556, '9d3069dc-ed0f-40f8-b3cb-a8b8837fbb59', '22', NULL, 'Solicitud de actualización de ingresos \nmonetarios como trabajador independiente', '0', 'Para actualizar variaciones de ingresos de las personas que reciben honorarios, rentas por \nboletas o prestación de servicios a terceros', 'Ser mayor de 18 años contar con su cédula de identidad (vigente al momento de iniciar la \nsolicitud) de quienes firman el formulario y formar parte del mismo RSH', 'Formulario de Solicitud (firmado por el o la solicitante y por el titular del dato en caso de ser distinto al\nsolicitante).\n\nCopia de la cédula de identidad (vigente al momento de iniciar la solicitud) de quienes firman el Formulario.\nVariación de ingresos (aumento o disminución) de los meses que desea actualizar. Debe presentar uno de los\nsiguientes documentos:\n\nResumen de boletas de honorarios (emitidas y recibidas)\n\nCarpeta tributaria para acreditar rentas o para créditos: cuando la fuente de dato corresponda al Servicio de\nImpuestos Internos.\n\nCertificado de remuneraciones imponibles (certificado de cotizaciones con detalle de sueldo imponible), cuando\nla fuente de dato corresponda a la Superintendencia de Salud o Superintendencia de Pensiones (SS o SP).\nReportar nuevos ingresos como trabajador dependiente. Debe presentar uno de los siguientes documentos:\n\nCertificado de remuneraciones imponibles (certificado de cotizaciones con detalle de sueldo imponible).\n\nLiquidaciones de sueldo.\n\nDeclaración jurada simple N° 1 (Fuente de dato SII), en la que el titular del dato reporta información respecto a la\nvariación de ingresos experimentada.\nLa emisión del documento no debe ser superior a 4 meses, a contar de la fecha de la solicitud. Adicionalmente,\nla información contenida en el respectivo documento debe ser correspondiente al período que requiere actualizar', 'Ministerio de Desarrollo Social y \nFamilia', 'Pedro Montt N°876', '8:30 – 13:30 Hrs', 'María Teresa Leiva Chávez', '1', '2024-10-04 22:24:51', 0, 1, '0', '2025-05-12 16:40:03', '2025-05-12 16:40:03', 'Encargada Comunal del \nRegistro Social de Hogares', '+56958032693/+56953704062', 'rsh.documentos@gmail.com'),
(24771, 556, '9d3069dc-ed0f-40f8-b3cb-a8b8837fbb59', '22', NULL, 'Solicitud de actualización de ingresos de \ncapital', '0', 'Deberá utilizar esta opción para solicitar la actualización de la información del integrante del \nhogar que recibe ingresos de capital', 'Ser mayor de 18 años y formar parte del mismo RSH', 'Formulario de Solicitud (firmado por el o la solicitante y por el titular del dato en caso de ser\ndistinto al solicitante).\n\nCopia de la cédula de identidad (vigente al momento de iniciar la solicitud) de quienes\nfirman el Formulario.\nDeclaración jurada simple N° 2 (Fuente de dato SII), en la que el titular del dato reporta \ninformación respecto a la variación de ingresos experimentada', 'Ministerio de Desarrollo Social y Familia', 'Pedro Montt N°876', 'Pedro Montt N°876 \n8:30 – 13:30 Hrs', 'María Teresa Leiva Chávez', '1', '2024-10-04 22:24:51', 0, 1, '0', '2025-05-12 16:40:03', '2025-05-12 16:40:03', 'Encargada Comunal del \nRegistro Social de Hogares', '+56958032693/+56953704062', 'rsh.documentos@gmail.com'),
(24772, 556, '9d3069dc-ed0f-40f8-b3cb-a8b8837fbb59', '22', NULL, 'Solicitud de actualización de ingresos \nmonetarios como trabajador dependiente', '0', 'Para actualizar variaciones de ingreso o reportar una situación de cesantía. Sin perjuicio, que\nla fuente de ingreso sea como trabajador dependiente y/o independiente, en el proceso de\nactualización el o la solicitante podrá reportar ambos tipos de ingresos monetarios, si\ncorresponde', 'Ser mayor de 18 años y formar parte del mismo RSH', 'Formulario de Solicitud (firmado por el o la solicitante y por el titular del dato en caso de\nser distinto al solicitante).\n\nCopia de la cédula de identidad (vigente al momento de iniciar la solicitud) de quienes\nfirman el Formulario.\nVariación de ingresos (aumento o disminución) de los meses que desea actualizar. Debe\npresentar uno de los siguientes documentos:\n\nLiquidaciones de sueldo.\n\nCertificado de remuneraciones imponibles (certificado de cotizaciones con detalle de\nsueldo imponible).\n\nDeclaración jurada simple N° 1 (Fuente de dato SII), en la que el titular del dato reporta\ninformación respecto a la variación de ingresos experimentada.\nSituación de cesantía (ausencia de ingresos laborales) de los meses que desea actualizar.\nDebe presentar uno de los siguientes documentos:\n\nFiniquito o carta de término de relación laboral emitida por el empleador.\n\nCarta de renuncia firmada ante ministro de fe y recepcionada por el empleador.\n\nDocumento que demuestre que se acogió a trámite de pago del subsidio de cesantía.\n\nDocumento que acredite que se acogió a retiro en el caso de empleados públicos o de\npertenecer a FFAA y de Orden.\n\nCertificado de remuneraciones imponibles (detalle de sueldo imponible.)', 'Ministerio de Desarrollo Social y familia', 'Pedro Montt N°876', '8:30 – 13:30 Hrs', 'María Teresa Leiva Chávez', '1', '2024-10-04 22:24:51', 0, 1, '0', '2025-05-12 16:40:03', '2025-05-12 16:40:03', 'Encargada Comunal del \nRegistro Social de Hogares', '+56958032693/+56953704062', 'rsh.documentos@gmail.com'),
(24773, 556, '9d3069dc-ed0f-40f8-b3cb-a8b8837fbb59', '22', NULL, 'Solicitud  de complemento por cuidados', '0', 'El Módulo de Cuidados es un complemento recientemente incorporado al Registro Social de \nHogares donde las personas podrán actualizar la información relativa a cuidados de su hogar. \nEsto es, si existe una persona que ejerza labores de cuidado o si existe una persona que los \nrequiera\nLos cuidadores son personas que dedican su tiempo a labores de cuidado no remunerado, es \ndecir, que proporcionan asistencia permanente en forma no remunerada a personas con \ndiscapacidad, dependencia funcional moderada o severa y/o con necesidades educativas \nespeciales permanentes que forman parte del Programa de Integración Escolar o están \nmatriculados en un establecimiento de educación especial', 'Copia de la cédula de identidad (vigente al momento de iniciar la solicitud) de quienes firman\nel formulario', 'Adjuntar el formulario de su solicitud de complemento de cuidados firmado por la jefatura\nde hogar, la persona solicitante (si son diferentes), la firma de la jefatura de hogar de la\npersona que requiere cuidados y las copias de la cédula de identidad vigente de las\npersonas que firman el documento.\n\nDeclaración jurada simple Nº 9 que informa que la persona cuidadora y la persona que es\nreceptora de cuidados viven en hogares distintos. Esta debe contar con la firma de la\npersona cuidadora y de jefe o jefa del hogar de la persona que requiere cuidados.\nla declaración debe tener una vigencia máxima de 2 meses, a contar de la fecha de la\nsolicitud.\n\nSi el jefe o jefa de hogar de la persona que requiere cuidados no puede firmar (se\nencuentra en una condición física que no se lo permite), el ejecutor deberá realizar una\nvisita domiciliaria. En ella, se solicita la huella a la jefatura de hogar con quien reside la\npersona que requiere cuidados para verificar la identidad', 'Ministerio de Desarrollo Social y Familia', 'Pedro Montt N°876', '8:30 – 13:30 Hrs', 'María Teresa Leiva Chávez', '1', '2024-10-04 22:24:51', 0, 1, '0', '2025-05-12 16:40:03', '2025-05-12 16:40:03', 'Encargada Comunal del \nRegistro Social de Hogares', '+56958032693/+56953704062', 'rsh.documentos@gmail.com'),
(24774, 556, '9d3069dc-ed0f-40f8-b3cb-a8b8837fbb59', '24', NULL, 'Subsidio al pago de consumo del agua\npotable y Servicio de Alcantarillado', '1', 'El Subsidio del Agua Potable Urbano, es un beneficio, otorgado y administrado por las\nmunicipalidades, el Estado financia entre un 25% y un 85% de los primeros 15 metros\ncúbicos de agua potable, y servicio de alcantarillado y aguas servidas, debiendo el\nbeneficiario pagar la diferencia.\nEl porcentaje se determina a partir de las tarifas de cada localidad y el nivel socioeconómico\nde los beneficiarios y las beneficiarias. Quienes pertenezcan a Chile Solidario o al\nSubsistema\nChile\nSeguridades\ny\nOportunidades\npodrán\nacceder\nal\n100%\ndel\nsubsidio para los primeros 15 metros cúbicos mensuales.\nEl beneficio se extiende por tres años, los que se pueden renovar por tres años más, siempre \ny cuando las personas cumplan los requisitos. \nLa renovación no es automática, se debe solicitar en la municipalidad respectiva, y su \ncontinuidad dependerá de los cupos existentes en cada comuna', 'Tener Registro Social de Hogares aplicado en la Comuna y en la dirección donde desea\npostular.\n\nHabiten en forma permanente una propiedad que cuente con una conexión a la red de\nagua potable y alcantarillado con medidor individual.\n\nSer la familia principal del domicilio, según información entregada por la plataforma del\nRegistro Social de Hogares.\n\nEstar al día en el pago del consumo del agua potable, si existe morosidad, pueden\nsolicitar a la empresa un convenio de pago para saldar lo adeudado\nEl grupo familiar destine el 3% o más de sus ingresos para el pago del agua potable. En caso \nde pertenecer a Chile Solidario o al subsistema Chile Seguridades y Oportunidades, este \nrequisito no se exige', 'Cedula de identidad del solicitante.\n\nPresentar Fotocopia de la cédula de identidad del jefe de hogar.\n\nBoleta del mes correspondiente, debidamente cancelada.\n(copia del convenio de repactación, si corresponde)', 'Ministerio de Desarrollo Social y Familia', 'Pedro Montt N°876', '8:30 – 13:30 Hrs', 'María Teresa Leiva Chávez', '1', '2024-10-04 22:24:51', 0, 1, '0', '2025-05-12 16:40:03', '2025-05-12 16:40:03', 'Encargada Prestaciones \nMonetarias del Estado', '+56958032693/+56953704062', 'rsh.documentos@gmail.com'),
(24775, 556, '9d3069dc-ed0f-40f8-b3cb-a8b8837fbb59', '24', NULL, 'Subsidio del agua potable rural', '1', 'El subsidio del agua potable rural, es un beneficio que consistente en un 50% del\nvalor del mes del consumo por agua potable y alcantarillado, con un tope de 15\nm3 el beneficio dura tres años una vez otorgado.\nPara familias beneficiarias del Programa Seguridades y Oportunidades, desde el\npago del bono, pueden acceder a una bonificación del 100% del valor del\nconsumo\nhasta\n15\nm3.\nEste subsidio se otorga de acuerdo a los cupos entregados anualmente por la\nDelegación Presidencial Regional', 'Tener Registro Social de Hogares aplicado en la Comuna y en la dirección\ndonde desea postular.\n\nSer la familia principal del domicilio, según información entregada por\nla\nplataforma del Registro Social de Hogares.\nEstar al día en el pago del consumo del agua potable', 'Cédula de identidad del solicitante.\n\nPresentar Fotocopia de la cédula de identidad del jefe de hogar\n\nboleta del mes correspondiente, debidamente cancelada', 'Ministerio de Desarrollo Social y \nFamilia', 'Pedro Montt N°876', '8:30 – 13:30 Hrs', 'María Teresa Leiva Chávez', '1', '2024-10-04 22:24:51', 0, 1, '0', '2025-05-12 16:40:03', '2025-05-12 16:40:03', 'Encargada Prestaciones \nMonetarias del Estado', '+56958032693/+56953704062', 'rsh.documentos@gmail.com'),
(24776, 556, '9d3069dc-ed0f-40f8-b3cb-a8b8837fbb59', '24', NULL, 'Subsidio Único Familiar', '1', 'Los subsidios son entregados a personas o grupos familiares que no perciben ingresos y\nque por lo tanto, no cuenten con cotizaciones ni pueden sustentarse económicamente.\nCorresponde a una suma de dinero mensual de $20.328. por carga acreditada', 'Estar inscrito en el Registro Social de Hogares (RSH) en la comuna y pertenecer a un hogar\ncalificado hasta el 60 % de menores ingresos.\nNo estar en situación de proveer, por sí solo o en unión del grupo familiar, a la mantención y\ncrianza del causante, atendidas las condiciones sociales y económicas del beneficiario', 'Certificado de nacimiento de el o la menor.\n\nCertificado de control de niño sano, al día, de los menores de 6 años.\n\nCertificado de alumno regular de los mayores de 6 y menores de 18 años.\n\nTratándose de menores y cuando corresponda, se deberá acreditar la calidad de guardador o\ncuidador', 'Instituto de Previsión Social (IPS)', 'Pedro Montt N°876', 'Pedro Montt N°876\n8:30 – 13:30 Hrs', 'María Teresa Leiva Chávez', '1', '2024-10-04 22:24:51', 0, 1, '0', '2025-05-12 16:40:03', '2025-05-12 16:40:03', 'Encargada Prestaciones \nMonetarias del Estado', '+56958032693/+56953704062', 'rsh.documentos@gmail.com'),
(24777, 556, '9d3069dc-ed0f-40f8-b3cb-a8b8837fbb59', '24', NULL, 'Subsidio Único Familiar al Duplo', '1', 'Es un beneficio que entrega el Estado, a través de las municipalidades, destinado a\nniños y niñas menores de 18 años de escasos recursos y sin previsión social con\nalguna discapacidad física, psíquica o sensorial acreditada por la COMPIN', 'Este beneficio consiste en la entrega de un Subsidio Único Familiar Mensual (Doble), \neste beneficio dura 3 años y al momento de volver a postular debe ser evaluado por la \nCOMPIN.\nTener Registro Social de Hogares en la comuna que reside con un porcentaje hasta el \n60% más vulnerable', 'Menores de 6 años\n\ncertificado del COMPIN aprobado el Duplo.\n\nCertificado de control Niño Sano.\n\nCertificado de Nacimiento.\nMayores de 6 años\n\nCertificado del COMPIN aprobado el Duplo.\n\nCertificado de alumno regular al día.\n\nCertificado de Nacimiento', 'Instituto de Previsión Social (IPS)', 'Pedro Montt N°876', '8:30 – 13:30 Hrs', 'María Teresa Leiva Chávez', '1', '2024-10-04 22:24:51', 0, 1, '0', '2025-05-12 16:40:03', '2025-05-12 16:40:03', 'Encargada Prestaciones \nMonetarias del Estado', '+56958032693/+56953704062', 'rsh.documentos@gmail.com'),
(24778, 556, '9d3069dc-ed0f-40f8-b3cb-a8b8837fbb59', '24', NULL, 'Subsidio Maternal', '1', 'Es un beneficio enfocado a mujeres embarazadas de escasos recursos y que no pueden \nacceder a la Asignación Maternal', 'Mujeres desde el quinto mes de embarazo que se encuentren en el Registro Social de Hogares en \nla comuna y que pertenezcan a hogares del 60% de menores ingresos o mayor vulnerabilidad de \nacuerdo a la Calificación Socioeconómica y que no estén percibiendo el Subsidio Familiar a la \nMadre', 'Se requiere certificado que acredite encontrarse en el quinto mes de embarazo,\nextendido por un médico o matrona de los Servicios de Salud o de instituciones\nautorizadas por tales servicios\n\nCédula de identidad', 'Instituto de Previsión Social (IPS)', 'Pedro Montt N°876', 'Pedro Montt N°876 \n8:30 – 13:30 Hrs', 'María Teresa Leiva Chávez', '1', '2024-10-04 22:24:51', 0, 1, '0', '2025-05-12 16:40:03', '2025-05-12 16:40:03', 'Encargada Prestaciones \nMonetarias del Estado', '+56958032693/+56953704062', 'rsh.documentos@gmail.com'),
(24779, 556, '9d3069dc-ed0f-40f8-b3cb-a8b8837fbb59', '24', NULL, 'Pensión Garantizada Universal', '1', 'La Pensión Garantizada Universal (PGU) es un beneficio del Estado que reemplaza\na los beneficios de vejez del Pilar Solidario, cuyo pago mensual está a cargo del\nInstituto de Previsión Social (IPS)\nEl monto de este beneficio asciende a un máximo de $206.173', 'Quienes tengan 65 años o más de edad.\n\nNo integren el 10% más rico de la población.\n\nAcrediten residencia en el territorio de la República de Chile en estos dos casos:\n\nUn período no inferior a 20 años continuos o discontinuos, desde que la o el solicitante\nhaya cumplido 20 años de edad.\n\nUn\nlapso\nno inferior\na\ncuatro\naños de\nresidencia\nen\nlos\núltimos\ncinco\naños\ninmediatamente anteriores a la fecha de presentación de la solicitud para acogerse al\nbeneficio de PGU.\n\nCuenten con una pensión base menor a $1.114.446 (monto de la pensión superior),\ndeterminada por la Pensión Autofinanciada de Referencia (PAFE) de PGU.\n\nNo ser imponente o pensionado de la Dirección de Previsión de Carabineros de Chile \n(Dipreca) o de la Caja de Previsión de la Defensa Nacional (Capredena)', 'Contar con cédula de identidad vigente al momento de iniciar la solicitud', 'Instituto de Previsión Social', 'Pedro Montt N°876', '8:30 – 13:30 Hrs', 'María Teresa Leiva Chávez', '1', '2024-10-04 22:24:51', 0, 1, '0', '2025-05-12 16:40:03', '2025-05-12 16:40:03', 'Encargada Prestaciones \nMonetarias del Estado', '+56958032693/+56953704062', 'rsh.documentos@gmail.com'),
(24780, 556, '9d3069dc-ed0f-40f8-b3cb-a8b8837fbb59', '19', NULL, 'Programa Familias', '1', 'Programa que realiza acompañamiento psicosocial y sociolaboral, además de asignar\ntransferencias monetarias garantizadas y condicionadas , a las familias que se encuentran en\ncondición de pobreza extrema y vulnerabilidad socioeconómica designadas por el Ministerio\nde Desarrollo Social y familia', 'Programa no postulable\n\nLas familias son seleccionadas en base al Registro Social de Hogares , según\npriorización del Ministerio de Desarrollo Social y Familia', 'No requiere documentos', 'Ministerio de Desarrollo Social y \nFamilia', 'Calle Andrés Bello \nN°457, oficina 4', 'Calle Andrés Bello \nN°457, oficina 4\n8:00 – 17:00 Hrs', 'Silvana Salas Grandón', '1', '2024-10-04 22:24:51', 0, 1, '0', '2025-05-12 16:40:03', '2025-05-12 16:40:03', 'Encargada (S) Unidad \nIntervención Familiar', '979025232', 'silsalasg@gmail.com'),
(24781, 557, '9d3069dc-ed0f-40f8-b3cb-a8b8837fbb59', '10', NULL, 'Vestuario Escolar', '1', 'Consiste en la entrega de vestuario escolar para niños , niñas y adolescentes que se \nencuentren cursando la educación básica o media.\nEste beneficio se otorga como parte de las ayudas sociales educacionales', '- Encontrarse en necesidad manifiesta.\n- Estar matriculado/a en una institución de educación', '- Cédula de identidad.\n- Certificado de matrícula.\n- Informe social que acredite la situación, emitido por Dpto. Social.\n- Residir en la comuna de Viña del Mar.\n- De preferencia, contar con Registro Social de Hogares', 'Departamento de Desarrollo Social', 'Quinta Arlegui #615', 'Quinta Arlegui #615\nLunes a Viernes de 08:00 \na 14:00 hrs', 'Gloria Meza', '1', '2024-10-04 22:24:51', 0, 1, '0', '2025-05-12 16:40:03', '2025-05-12 16:40:03', 'Jefa Unidad Desarrollo \nSocial', '32-2185000', 'gloria.meza@munivina.cl'),
(24782, 557, '9d3069dc-ed0f-40f8-b3cb-a8b8837fbb59', '10', NULL, 'Útiles Escolares', '1', 'Consiste en la entrega de útiles escolares para niños , niñas y adolescentes que se \nencuentren cursando la educación básica o media.\nEste beneficio se otorga como parte de las ayudas sociales educacionales', '- Encontrarse en necesidad manifiesta.\n- Estar matriculado/a en una institución de educación', '- Cédula de identidad.\n- Certificado de matrícula.\n- Informe social que acredite la situación, emitido por Dpto. Social.\n- Residir en la comuna de Viña del Mar.\n- De preferencia, contar con Registro Social de Hogares', 'Departamento de Desarrollo Social', 'Quinta Arlegui #615', 'Quinta Arlegui #615\nLunes a Viernes de 08:00 \na 14:00 hrs', 'Gloria Meza', '1', '2024-10-04 22:24:51', 0, 1, '0', '2025-05-12 16:40:03', '2025-05-12 16:40:03', 'Jefa Unidad Desarrollo \nSocial', '32-2185000', 'gloria.meza@munivina.cl'),
(24783, 557, '9d3069dc-ed0f-40f8-b3cb-a8b8837fbb59', '11', NULL, 'Adquisición de Medicamentos', '1', 'Consiste en la entrega de medicamentos para tratamientos específicos que no pueden ser \ncosteados por los solicitantes.\nEste beneficio requiere previo diagnóstico médico y receta', '- Encontrarse en necesidad manifiesta.\n- Contar con diagnóstico médico vigente', '- Cédula de identidad.\n- Certificado Médico timbrado y vigente.\n- Receta médica vigente.\n- Informe social que acredite la situación, emitido por Dpto. Social.\n- Residir en la comuna de Viña del Mar.\n- De preferencia, contar con Registro Social de Hogares', 'Departamento de Desarrollo Social', 'Quinta Arlegui #615', 'Quinta Arlegui #615\nLunes a Viernes de 08:00 \na 14:00 hrs', 'Gloria Meza', '1', '2024-10-04 22:24:51', 0, 1, '0', '2025-05-12 16:40:03', '2025-05-12 16:40:03', 'Jefa Unidad Desarrollo \nSocial', '32-2185000', 'gloria.meza@munivina.cl'),
(24784, 557, '9d3069dc-ed0f-40f8-b3cb-a8b8837fbb59', '11', NULL, 'Pago de exámenes médicos', '1', 'Consiste el aporte monetario para el pago de exámenes médicos que no pueden ser \ncosteados por los solicitantes.\nEste beneficio requiere previo diagnóstico médico y receta', '- Encontrarse en necesidad manifiesta.\n- Contar con diagnóstico médico vigente', '- Cédula de identidad.\n- Certificado Médico timbrado y vigente.\n- Receta médica vigente.\n- Informe social que acredite la situación, emitido por Dpto. Social.\n- Residir en la comuna de Viña del Mar.\n- De preferencia, contar con Registro Social de Hogares', 'Departamento de Desarrollo Social', 'Quinta Arlegui #615', 'Quinta Arlegui #615\nLunes a Viernes de 08:00 \na 14:00 hrs', 'Gloria Meza', '1', '2024-10-04 22:24:51', 0, 1, '0', '2025-05-12 16:40:03', '2025-05-12 16:40:03', 'Jefa Unidad Desarrollo \nSocial', '32-2185000', 'gloria.meza@munivina.cl'),
(24785, 557, '9d3069dc-ed0f-40f8-b3cb-a8b8837fbb59', '9', NULL, 'Ayudas Técnicas', '1', 'Consiste el aporte monetario para la adquisición de ayudas técnicas asociadas a \ntratamientos de salud.\nEste beneficio requiere previo diagnóstico médico y receta', '- Encontrarse en necesidad manifiesta.\n- Contar con diagnóstico médico vigente', '- Cédula de identidad.\n- Certificado Médico timbrado y vigente.\n- Receta médica vigente.\n- Informe social que acredite la situación, emitido por Dpto. Social.\n- Residir en la comuna de Viña del Mar.\n- De preferencia, contar con Registro Social de Hogares', 'Departamento de Desarrollo Social', 'Quinta Arlegui #615', 'Quinta Arlegui #615\nLunes a Viernes de 08:00 \na 14:00 hrs', 'Gloria Meza', '1', '2024-10-04 22:24:51', 0, 1, '0', '2025-05-12 16:40:03', '2025-05-12 16:40:03', 'Jefa Unidad Desarrollo \nSocial', '32-2185000', 'gloria.meza@munivina.cl'),
(24786, 557, '9d3069dc-ed0f-40f8-b3cb-a8b8837fbb59', '5', NULL, 'Aporte monetario para consultas médicas', '1', 'Consiste el aporte monetario para acceder a consultas médicas fuera del sistema público de \nsalud.\nEste beneficio requiere previo diagnóstico médico y receta', '- Encontrarse en necesidad manifiesta.\n- Contar con diagnóstico médico vigente', '- Cédula de identidad.\n- Certificado Médico timbrado y vigente.\n- Informe social que acredite la situación, emitido por Dpto. Social.\n- Residir en la comuna de Viña del Mar.\n- De preferencia, contar con Registro Social de Hogares', 'Departamento de Desarrollo Social', 'Quinta Arlegui #615', 'Quinta Arlegui #615\nLunes a Viernes de 08:00 \na 14:00 hrs', 'Gloria Meza', '1', '2024-10-04 22:24:51', 0, 1, '0', '2025-05-12 16:40:03', '2025-05-12 16:40:03', 'Jefa Unidad Desarrollo \nSocial', '32-2185000', 'gloria.meza@munivina.cl'),
(24787, 557, '9d3069dc-ed0f-40f8-b3cb-a8b8837fbb59', '11', NULL, 'Insumos Médicos', '1', 'Consiste el aporte monetario para la adquisición de insumos médicos requeridos para \ntratamientos específicos.\nEste beneficio requiere previo diagnóstico médico y receta', '- Encontrarse en necesidad manifiesta.\n- Contar con diagnóstico médico vigente', '- Cédula de identidad.\n- Certificado Médico timbrado y vigente.\n- Receta médica vigente.\n- Informe social que acredite la situación, emitido por Dpto. Social.\n- Residir en la comuna de Viña del Mar.\n- De preferencia, contar con Registro Social de Hogares', 'Departamento de Desarrollo Social', 'Quinta Arlegui #615', 'Quinta Arlegui #615\nLunes a Viernes de 08:00 \na 14:00 hrs', 'Gloria Meza', '1', '2024-10-04 22:24:51', 0, 1, '0', '2025-05-12 16:40:03', '2025-05-12 16:40:03', 'Jefa Unidad Desarrollo \nSocial', '32-2185000', 'gloria.meza@munivina.cl'),
(24788, 557, '9d3069dc-ed0f-40f8-b3cb-a8b8837fbb59', '1', NULL, 'Alimentación Especial', '1', 'Consiste en la asignación de alimentación especial como Ensure, leches complementarias, \nrecetadas mediante diagnóstico médico especializado.\nEste beneficio requiere previo diagnóstico médico y receta', '- Encontrarse en necesidad manifiesta.\n- Contar con diagnóstico médico vigente', '- Cédula de identidad.\n- Certificado Médico timbrado y vigente.\n- Receta médica vigente.\n- Informe social que acredite la situación, emitido por Dpto. Social.\n- Residir en la comuna de Viña del Mar.\n- De preferencia, contar con Registro Social de Hogares', 'Departamento de Desarrollo Social', 'Quinta Arlegui #615', 'Quinta Arlegui #615\nLunes a Viernes de 08:00 \na 14:00 hrs', 'Gloria Meza', '1', '2024-10-04 22:24:51', 0, 1, '0', '2025-05-12 16:40:03', '2025-05-12 16:40:03', 'Jefa Unidad Desarrollo \nSocial', '32-2185000', 'gloria.meza@munivina.cl'),
(24789, 557, '9d3069dc-ed0f-40f8-b3cb-a8b8837fbb59', '16', NULL, 'Obtención de Cédula de Identidad', '1', 'Beneficio que permite obtener la cédula de identidad a través de la gestión realizada con el \nServicio de Registro Civil e Identidad', '- Encontrarse en necesidad manifiesta', '- Cédula de identidad.\n- Informe social que acredite la situación, emitido por Dpto. Social.\n- Residir en la comuna de Viña del Mar.\n- De preferencia, contar con Registro Social de Hogares', 'Departamento de Desarrollo Social', 'Quinta Arlegui #615', 'Quinta Arlegui #615\nLunes a Viernes de 08:00 \na 14:00 hrs', 'Gloria Meza', '1', '2024-10-04 22:24:51', 0, 1, '0', '2025-05-12 16:40:03', '2025-05-12 16:40:03', 'Jefa Unidad Desarrollo \nSocial', '32-2185000', 'gloria.meza@munivina.cl'),
(24790, 557, '9d3069dc-ed0f-40f8-b3cb-a8b8837fbb59', '23', NULL, 'Pago de servicios funerarios y/o derecho a \nsepultación', '1', 'Consistente en el pago de servicios de sepultación', '- Encontrarse en necesidad manifiesta', '- Cédula de identidad.\n- Certificado de defunción.\n- Informe social que acredite la situación, emitido por Dpto. Social.\n- Residir en la comuna de Viña del Mar.\n- De preferencia, contar con Registro Social de Hogares', 'Departamento de Desarrollo Social', 'Quinta Arlegui #615', 'Quinta Arlegui #615\nLunes a Viernes de 08:00 \na 14:00 hrs', 'Gloria Meza', '1', '2024-10-04 22:24:51', 0, 1, '0', '2025-05-12 16:40:03', '2025-05-12 16:40:03', 'Jefa Unidad Desarrollo \nSocial', '32-2185000', 'gloria.meza@munivina.cl'),
(24791, 557, '9d3069dc-ed0f-40f8-b3cb-a8b8837fbb59', '21', NULL, 'Pago de pasajes', '1', 'Beneficio que corresponde al pago de pasajes de traslado para usuarios que no cuenten con \nla posibilidad de costearlos y necesiten trasladarse fuera de la comuna', '- Encontrarse en necesidad manifiesta.\n- Requerir trasladarse por motivos no turísticos', '- Cédula de identidad.\n- Informe social que acredite la situación, emitido por Dpto. Social.\n- Residir en la comuna de Viña del Mar.\n- De preferencia, contar con Registro Social de Hogares', 'Departamento de Desarrollo Social', 'Quinta Arlegui #615', 'Quinta Arlegui #615\nLunes a Viernes de 08:00 \na 14:00 hrs', 'Gloria Meza', '1', '2024-10-04 22:24:51', 0, 1, '0', '2025-05-12 16:40:03', '2025-05-12 16:40:03', 'Jefa Unidad Desarrollo \nSocial', '32-2185000', 'gloria.meza@munivina.cl'),
(24792, 557, '9d3069dc-ed0f-40f8-b3cb-a8b8837fbb59', '13', NULL, 'Materiales de Construcción', '1', 'Beneficio consistente en el aporte de materiales de construcción para la mejora habitacional \no construcciones asociadas a la calidad de vida', '- Encontrarse en necesidad manifiesta.\n- Contar con la autorización para la construcción', '- Cédula de identidad.\n- Certificado Técnico emitido por profesional del área de la construcción.\n- Informe social que acredite la situación, emitido por Dpto. Social.\n- Residir en la comuna de Viña del Mar.\n- De preferencia, contar con Registro Social de Hogares', 'Departamento de Desarrollo Social', 'Quinta Arlegui #615', 'Quinta Arlegui #615\nLunes a Viernes de 08:00 \na 14:00 hrs', 'Gloria Meza', '1', '2024-10-04 22:24:51', 0, 1, '0', '2025-05-12 16:40:03', '2025-05-12 16:40:03', 'Jefa Unidad Desarrollo \nSocial', '32-2185000', 'gloria.meza@munivina.cl'),
(24793, 557, '9d3069dc-ed0f-40f8-b3cb-a8b8837fbb59', '0', NULL, 'Canasta de Alimentos', '1', 'Consiste en el aporte de una canasta básica de alimentos.\nSe evaluará la pertinencia respecto a una asignación mayor, dependiendo del grupo familiar \nacreditado', '- Encontrarse en necesidad manifiesta.\n- Contar con residencia en Viña del Mar.\n- Contar con revisión en SDRM.\n- Contar con revisión en PROEXSI', '- Cédula de identidad.\n- Informe social que acredite la situación, emitido por Dpto. Social.\n- Residir en la comuna de Viña del Mar.\n- De preferencia, contar con Registro Social de Hogares', 'Departamento de Desarrollo Social', 'Quinta Arlegui #615', 'Quinta Arlegui #615\nLunes a Viernes de 08:00 \na 14:00 hrs', 'Gloria Meza', '1', '2024-10-04 22:24:51', 0, 1, '0', '2025-05-12 16:40:03', '2025-05-12 16:40:03', 'Jefa Unidad Desarrollo \nSocial', '32-2185000', 'gloria.meza@munivina.cl'),
(24794, 557, '9d3069dc-ed0f-40f8-b3cb-a8b8837fbb59', '1', NULL, 'Suplementos Alimenticios', '1', 'Beneficio que busca otorgar suplementos alimenticios para grupos familiares que requieran \nesta especialización', '- Encontrarse en necesidad manifiesta.\n- Contar con residencia en Viña del Mar.\n- Contar con revisión en SDRM.\n- Contar con revisión en PROEXSI', '- Cédula de identidad.\n- Informe social que acredite la situación, emitido por Dpto. Social.\n- Residir en la comuna de Viña del Mar.\n- De preferencia, contar con Registro Social de Hogares', 'Departamento de Desarrollo Social', 'Quinta Arlegui #615', 'Quinta Arlegui #615\nLunes a Viernes de 08:00 \na 14:00 hrs', 'Gloria Meza', '1', '2024-10-04 22:24:51', 0, 1, '0', '2025-05-12 16:40:03', '2025-05-12 16:40:03', 'Jefa Unidad Desarrollo \nSocial', '32-2185000', 'gloria.meza@munivina.cl'),
(24795, 557, '9d3069dc-ed0f-40f8-b3cb-a8b8837fbb59', '20', NULL, 'Pañales para niños', '1', 'Beneficio consistente en la entrega de pañales desechables para niños y niñas, en distintas \ntallas, que lo requieran de acuerdo a su edad o diagnóstico médico', '- Encontrarse en necesidad manifiesta.\n- Contar con residencia en Viña del Mar.\n- Contar con revisión en SDRM.\n- Contar con revisión en PROEXSI', '- Cédula de identidad.\n- Informe social que acredite la situación, emitido por Dpto. Social.\n- Residir en la comuna de Viña del Mar.\n- De preferencia, contar con Registro Social de Hogares', 'Departamento de Desarrollo Social', 'Quinta Arlegui #615', 'Quinta Arlegui #615\nLunes a Viernes de 08:00 \na 14:00 hrs', 'Gloria Meza', '1', '2024-10-04 22:24:51', 0, 1, '0', '2025-05-12 16:40:03', '2025-05-12 16:40:03', 'Jefa Unidad Desarrollo \nSocial', '32-2185000', 'gloria.meza@munivina.cl'),
(24796, 557, '9d3069dc-ed0f-40f8-b3cb-a8b8837fbb59', '2', NULL, 'Pañales para adultos', '1', 'Beneficio consistente en la entrega de pañales desechables para adultos, en distintas tallas, \nque lo requieran de acuerdo a su edad y diagnóstico médico', '- Encontrarse en necesidad manifiesta.\n- Contar con residencia en Viña del Mar.\n- Contar con revisión en SDRM.\n- Contar con revisión en PROEXSI', '- Cédula de identidad.\n- Informe social que acredite la situación, emitido por Dpto. Social.\n- Residir en la comuna de Viña del Mar.\n- De preferencia, contar con Registro Social de Hogares', 'Departamento de Desarrollo Social', 'Quinta Arlegui #615', 'Quinta Arlegui #615\nLunes a Viernes de 08:00 \na 14:00 hrs', 'Gloria Meza', '1', '2024-10-04 22:24:51', 0, 1, '0', '2025-05-12 16:40:03', '2025-05-12 16:40:03', 'Jefa Unidad Desarrollo \nSocial', '32-2185000', 'gloria.meza@munivina.cl'),
(24797, 557, '9d3069dc-ed0f-40f8-b3cb-a8b8837fbb59', '1', NULL, 'Sabanillas', '1', 'Beneficio consistente en la entrega de sabanillas para el cuidado de personas enfermas, \npostradas o que por condición médica así lo requieran.\nPuede ser otorgado mediante receta médica', '- Encontrarse en necesidad manifiesta.\n- Contar con residencia en Viña del Mar.\n- Contar con revisión en SDRM.\n- Contar con revisión en PROEXSI', '- Cédula de identidad.\n- Informe social que acredite la situación, emitido por Dpto. Social.\n- Residir en la comuna de Viña del Mar.\n- De preferencia, contar con Registro Social de Hogares', 'Departamento de Desarrollo Social', 'Quinta Arlegui #615', 'Quinta Arlegui #615\nLunes a Viernes de 08:00 \na 14:00 hrs', 'Gloria Meza', '1', '2024-10-04 22:24:51', 0, 1, '0', '2025-05-12 16:40:03', '2025-05-12 16:40:03', 'Jefa Unidad Desarrollo \nSocial', '32-2185000', 'gloria.meza@munivina.cl'),
(24798, 557, '9d3069dc-ed0f-40f8-b3cb-a8b8837fbb59', '13', NULL, 'Colchones', '1', 'Beneficio consistente en la entrega de colchones de acuerdo a necesidad manifiesta', '- Encontrarse en necesidad manifiesta.\n- Contar con residencia en Viña del Mar.\n- Contar con revisión en SDRM.\n- Contar con revisión en PROEXSI', '- Cédula de identidad.\n- Informe social que acredite la situación, emitido por Dpto. Social.\n- Residir en la comuna de Viña del Mar.\n- De preferencia, contar con Registro Social de Hogares', 'Departamento de Desarrollo Social', 'Quinta Arlegui #615', 'Quinta Arlegui #615\nLunes a Viernes de 08:00 \na 14:00 hrs', 'Gloria Meza', '1', '2024-10-04 22:24:51', 0, 1, '0', '2025-05-12 16:40:03', '2025-05-12 16:40:03', 'Jefa Unidad Desarrollo \nSocial', '32-2185000', 'gloria.meza@munivina.cl'),
(24799, 557, '9d3069dc-ed0f-40f8-b3cb-a8b8837fbb59', '13', NULL, 'Frazadas', '1', 'Beneficio consistente en la entrega de frazadas de cama de acuerdo a necesidad \nmanifiesta', '- Encontrarse en necesidad manifiesta.\n- Contar con residencia en Viña del Mar.\n- Contar con revisión en SDRM.\n- Contar con revisión en PROEXSI', '- Cédula de identidad.\n- Informe social que acredite la situación, emitido por Dpto. Social.\n- Residir en la comuna de Viña del Mar.\n- De preferencia, contar con Registro Social de Hogares', 'Departamento de Desarrollo Social', 'Quinta Arlegui #615', 'Quinta Arlegui #615\nLunes a Viernes de 08:00 \na 14:00 hrs', 'Gloria Meza', '1', '2024-10-04 22:24:51', 0, 1, '0', '2025-05-12 16:40:03', '2025-05-12 16:40:03', 'Jefa Unidad Desarrollo \nSocial', '32-2185000', 'gloria.meza@munivina.cl'),
(24800, 557, '9d3069dc-ed0f-40f8-b3cb-a8b8837fbb59', '24', NULL, 'Subsidio al pago de consumo de agua potable y \nservicio de alcantarillado de aguas servidas \n(SAP)', '1', 'Consiste en el financiamiento por parte del Estado, de una parte, o porcentaje del 50% del\npago mensual de un consumo de hasta 15m3 de agua potable y alcantarillado de los\nresidentes permanentes ubicados en el sector urbano de esta comuna. Para las familias del\nSubsistema de Seguridades y Oportunidades el subsidio se aplica al 100% de los primeros\n15m3 consumidos. Tiene una duración de 3 años', 'Debe ser residente permanente de un domicilio que corresponda con la Municipalidad que\nconcede este beneficio.\n Debe estar al día en los pagos con la empresa de servicio agua potable.\n Quién postula a este beneficio es el/la jefe/a de familia o su representante a nombre de\neste/a.\n Debe cumplir con el requisito de incapacidad de pago o requisito de carencia. Destinar más\ndel 5% de los ingresos familiares al pago de consumo mensual del agua.\n Estar encuestado/a en el Registro Social de Hogares como familia principal de la vivienda', 'Cédula de identidad del/de la jefe/a de hogar.\n Última boleta del mes en curso que realiza la postulación.\n Comprobante de pago de boleta', 'Departamento de Desarrollo Social', 'Quinta Arlegui #615', 'Lunes a viernes de \n08:00 a 14:00 Hrs', 'Gloria Meza', '1', '2024-10-04 22:24:51', 0, 1, '0', '2025-05-12 16:40:03', '2025-05-12 16:40:03', 'Jefa Unidad Desarrollo \nSocial', '32-2185000', 'gloria.meza@munivina.cl'),
(24801, 557, '9d3069dc-ed0f-40f8-b3cb-a8b8837fbb59', '24', NULL, 'Subsidio Familiar DUPLO', '1', 'Beneficio social, que consiste en una ayuda económica mensual que el Estado entrega a\nniños en situación de discapacidad, con una vigencia de 3 años, que no se encuentren\nafiliados a un sistema previsional', 'No encontrarse en condición de proveer por sí solas (o en unión del grupo familiar) a la\nmantención y crianza del/de la causante de este beneficio, en el siguiente orden serán\nbeneficiarios: Madre, en su defecto, el padre, o tutor/a con cuidado definitivo.\n Son causantes de Subsidio Familiar Duplo menores de 18 años, quienes vivan a expensas\nde la persona beneficiaria, que presente diagnóstico médico que acredite discapacidad y,\nresolución formulario Duplo.\n Participar de los programas de salud establecidos por el Ministerio de Salud para la\natención infantil.\n Para los mayores de 5 años, debe acreditar, además, que son alumnos regulares de la\nenseñanza básica, media, en establecimientos del Estado o reconocidos por este.\n Estar inscritos en el Registro Social de Hogares y, pertenecer hasta el 60% más pobre de la\npoblación según el Puntaje de Focalización Previsional. Los/as niños/as deben estar\nincorporados al RSH', 'Fotocopia cédula de identidad por ambos lados de la madre o tutor/a.\n Certificado de nacimiento del/de la niño/a.\n Certificado de alumno regular al día, para niños/as mayores de 5 años.\n Fotocopia carnet de control sano para niños/as menores de 4 años, debe presentar parte\nfrontal donde está la identificación del/de la niño/a, último control y fecha de próximo\ncontrol.\n Resolución Formulario Duplo (solicitar en oficina de Subsidios Sociales)', 'Departamento de Desarrollo Social\n', 'Quinta Arlegui #615', 'Lunes a viernes de \n08:30 a 13:45 Hrs', 'Gloria Meza', '1', '2024-10-04 22:24:51', 0, 1, '0', '2025-05-12 16:40:03', '2025-05-12 16:40:03', 'Jefa Unidad Desarrollo \nSocial', '32-2185000', 'gloria.meza@munivina.cl'),
(24802, 557, '9d3069dc-ed0f-40f8-b3cb-a8b8837fbb59', '24', NULL, 'Subsidio Madre', '1', 'Beneficio social, que consiste en una ayuda económica mensual que el Estado entrega a las\nmadres, con una vigencia de 3 años, que no se encuentren afiliados a un sistema previsional\ny que tengan hijos/as menores de 18 años que sean causantes de Subsidio Familiar', 'No encontrarse en condición de proveer por sí solas (o en unión del grupo familiar) a la\nmantención y crianza del/de la causante de este beneficio.\n Son causantes de Subsidio Madre mujeres que sus hijos/as sean causantes del Subsidio\nFamiliar.\n No poseer contrato laboral.\n Estar inscritos en el Registro Social de Hogares y, pertenecer hasta el 60% más pobre de la\npoblación según el Puntaje de Focalización Previsional. Los niños deben estar incorporados\nal RSH', 'Fotocopia cédula de identidad por ambos lados de la madre.\n Última liquidación de pago, del mes en curso que realiza la postulación del beneficio\nSubsidio Familiar a su nombre', 'Departamento de Desarrollo Social', 'Quinta Arlegui #615', 'Lunes a viernes de \n08:30 a 13:45 Hrs', 'Gloria Meza', '1', '2024-10-04 22:24:51', 0, 1, '0', '2025-05-12 16:40:03', '2025-05-12 16:40:03', 'Jefa Unidad Desarrollo \nSocial', '32-2185000', 'gloria.meza@munivina.cl'),
(24803, 557, '9d3069dc-ed0f-40f8-b3cb-a8b8837fbb59', '24', NULL, 'Subsidio Maternal', '1', 'Beneficio social, considerado en la gama del Subsidio Familiar, que se entrega a partir del\nquinto mes, está garantizado a gestantes que pertenezcan al 60% de familias de menores\nrecursos del país de acuerdo al Registro Social de Hogares, a contar del 5to mes calendario\ndesde la fecha probable de concepción.\nEl pago considera el período completo de embarazo, si no hubiera percibido otros beneficios\nincompatibles al momento de postular que generen una disminución en el monto del pago\nfinal', 'Estar inscrita en el Registro Social de Hogares (RSH), y ser parte del 60% más vulnerable de\nla población.\n No estar cotizando en un sistema de previsión (AFP) y de salud (FONASA o ISAPRE).\n Postular a contar del 5to mes calendario desde la fecha probable de concepción', 'Fotocopia cédula de identidad por ambos lados de la madre, padre o tutor.\n Certificado médico que acredite el quinto mes de tu embarazo', 'Departamento de Desarrollo Social', 'Quinta Arlegui #615', 'Lunes a viernes de \n08:30 a 13:45 Hrs', 'Gloria Meza', '1', '2024-10-04 22:24:51', 0, 1, '0', '2025-05-12 16:40:03', '2025-05-12 16:40:03', 'Jefa Unidad Desarrollo \nSocial', '32-2185000', 'gloria.meza@munivina.cl'),
(24804, 557, '9d3069dc-ed0f-40f8-b3cb-a8b8837fbb59', '24', NULL, 'Subsidio Recién Nacido', '1', 'Beneficio social, que consiste en dar continuidad de apoyo a las beneficiarias del Subsidio\nMaternal, una vez haya nacido el/a hijo/a, se debe solicitar el “Subsidio Familiar al Recién\nNacido”. Lo anterior, previa inscripción en el Registro Social de Hogares y posterior solicitud\nde postulación en la oficina de Subsidios Sociales, en un plazo menor a 2 meses desde su\nnacimiento', 'No encontrarse en condición de proveer por sí solas (o en unión del grupo familiar) a la\nmantención y crianza del/de la causante de este beneficio.\n Haber recibido Subsidio Maternal (debe presentar comprobante de pago).\n No estar cotizando en un sistema de previsión (AFP) y de salud (FONASA o ISAPRE).\n Recién nacido debe estar incorporado en el Registro Social de Hogares, y ser parte del 60%\nmás vulnerable de la población', 'Fotocopia cédula de identidad por ambos lados de la madre.\n Certificado de nacimiento del/de la niño/a.\n Fotocopia carnet de control sano, debe presentar parte frontal donde esta identificación\ndel/de la niño/a, último control y fecha de próximo control.\n Liquidación de pago Subsidio Maternal.\n El/la causante, debe tener a la fecha de postulación, dos meses de edad como máximo', 'Departamento de Desarrollo Social', 'Quinta Arlegui #615', 'Lunes a viernes de \n08:30 a 13:45 Hrs', 'Gloria Meza', '1', '2024-10-04 22:24:51', 0, 1, '0', '2025-05-12 16:40:03', '2025-05-12 16:40:03', 'Jefa Unidad Desarrollo \nSocial', '32-2185000', 'gloria.meza@munivina.cl');
INSERT INTO `beneficio_servicios` (`id`, `catalogo_id`, `author_id`, `category_local`, `category_national`, `name`, `type`, `desc`, `reqs`, `docs`, `vendor`, `address`, `schedule`, `contact`, `state`, `date`, `oferta_nacional`, `active`, `flag`, `created_at`, `updated_at`, `contact_position`, `contact_phone`, `contact_email`) VALUES
(24805, 557, '9d3069dc-ed0f-40f8-b3cb-a8b8837fbb59', '24', NULL, 'Subsidio Único Familiar', '1', 'Beneficio social, que consiste en una ayuda económica mensual que el Estado entrega a las\nmadres, padres o tutores, con una vigencia de 3 años, que no se encuentren afiliados a un\nsistema previsional y que tengan hijos/as menores de 18 años', 'No encontrarse en condición de proveer por sí solas (o en unión del grupo familiar) a la\nmantención y crianza del/de la causante de este beneficio, en el siguiente orden serán\nbeneficiarios: madre, en su defecto, el padre, tutor con cuidado definitivo y embarazadas.\n Son causantes de Subsidio Familiar menores de 18 años, quienes vivan a expensas de la\npersona beneficiaria.\n Participar de los programas de salud establecidos por el Ministerio de Salud para la\natención infantil.\n Para los mayores de 5 años, debe acreditar, además, que son alumnos regulares de la\nenseñanza básica, media, en establecimientos del Estado o reconocidos por este.\n Estar inscritos en el Registro Social de Hogares y, pertenecer hasta el 60% más pobre de la\npoblación según el Puntaje de Focalización Previsional. Los/as niños/as deben estar\nincorporados al RSH', 'Fotocopia cédula de identidad por ambos lados de la madre, padre o tutor.\n Certificado de nacimiento del/de la niño/a.\n Certificado de alumno regular para niños mayores de 5 años, al día.\n Fotocopia de carnet de control sano para niños menores de 4 años, debe presentar parte\nfrontal donde esta identificación del/de la niño/a, último control y fecha de próximo control', 'Departamento de Desarrollo Social', 'Quinta Arlegui #615', 'Lunes a viernes de \n08:00 a 14:00 Hrs', 'Gloria Meza', '1', '2024-10-04 22:24:51', 0, 1, '0', '2025-05-12 16:40:03', '2025-05-12 16:40:03', 'Jefa Unidad Desarrollo \nSocial', '32-2185000', 'gloria.meza@munivina.cl'),
(24806, 558, '9d3069dc-ed0f-40f8-b3cb-a8b8837fbb59', '22', NULL, 'Registro Social de Hogares', '0', 'El Registro  Social  de  Hogares es  un  sistema  de  información cuyo fin es apoyar los \nprocesos de selección de beneficiarios de un conjunto amplio de subsidios y programas \nsociales.\nEl  Registro  es  construido  con  datos  aportados  por  el  hogar  y bases   administrativas   \nque   posee   el   Estado,   proveniente   de diversas instituciones', 'Ser mayor de 18 años.\n\nCédula de Identidad vigente', 'CAMBIO DE DOMICILIO Y VIVIENDA EN REGISTRO SOCIAL DE HOGARES\nPara  acreditar  su  residencia  o  cambio  de  domicilio  se  le solicitará UNO de los \nsiguientes documentos, el que deberá estar a nombre de alguno de los integrantes del \nhogar: \n\nFormulario firmado por el solicitante o jefe de hogar.\n\nFotocopia  del  carnet  de  identidad  del  solicitante  o  jefe  de hogar.\n\nEscritura o Certificado de dominio vigente de la propiedad.\n\nCertificado de avalúo fiscal.\n\nBoleta de servicios básicos (luz, agua, gas, teléfono), con una antigüedad máxima de 3 \nmeses.\n\nContrato de arriendo.\n\nCertificado de residencia emitido por Junta de Vecinos.\nINGRESO DE UN RECIEN NACIDO\n\nFormulario firmado por los padres del menor \n\nCertificado de nacimiento del menor y fotocopia del carnet de los padres\nINCORPORACION Y DESVINCULACION DE  UN INTEGRANTE\n\nSolicitud firmada por el solicitante y por la persona desvincular o ingresar\n\nFotocopia del carnet del solicitante e integrante a incorporar', 'Oficina de Registro Social de \nHogares', 'Avenida Centenario N°\n79', 'De lunes a viernes de 8:30 \na 17:18 horas', 'Joanna Navarro Gutiérrez', '1', '2024-10-04 22:24:51', 0, 1, '0', '2025-05-12 16:40:03', '2025-05-12 16:40:03', 'Encargada Comunal RSH', '732620568', 'evelynjoanna@gmail.com'),
(24807, 558, '9d3069dc-ed0f-40f8-b3cb-a8b8837fbb59', '22', NULL, 'Subsidio de Agua Potable Rural y Urbano', '1', 'El Subsidio de Agua Potable es un apoyo a las familias más carentes desde el punto de vista \nsocioeconómico quienes han visto dificultades al acceso de este recurso en circunstancias que \nlas tarifas se han diseñado de manera que reflejen los costos efectivos de proveer el servicio y \npermiten a las empresas financiar su desarrollo', 'Tener Registro Social de Hogares actualizado.\n\nSer mayor de 18 años', 'Última boleta de agua cancelada\n\nFotocopia de cédula de identidad', 'Dirección de Desarrollo Comunitario. \nOficina de Subsidio de Agua Potable', 'Avenida Centenario N°\n79', 'Avenida Centenario N°\n79\nDe Lunes a Viernes de \n8:30 a 17:18 horas', 'Polonia Medina Muñoz', '1', '2024-10-04 22:24:51', 0, 1, '0', '2025-05-12 16:40:03', '2025-05-12 16:40:03', 'Administrativa SAP', '732620559', 'oloniamedinam@hotmail.com'),
(24808, 558, '9d3069dc-ed0f-40f8-b3cb-a8b8837fbb59', '19', NULL, 'Programa Asesorías Previas', '0', 'El programa consiste en el asesoramiento y/o gestión de expedientes para los habitantes de la \ncomuna, todo esto en trámites tales como regularización de edificaciones sin el permiso \ncorrespondiente, nuevos permisos de edificación, subdivisiones prediales y ley padre a hijo', 'Ser habitante de la comuna', 'Fotocopia de cédula de identidad\n\nCopia de escritura o dominio vigente. \n\nCertificado de informaciones previas. \n\nCopia del plano anterior en caso de existir', 'Ilustre Municipalidad de Yerbas Buenas. \nSecretaria Comunal de Planificación', 'Avenida Centenario N°\n101', 'Avenida Centenario N°\n101\nDe lunes a viernes de \n8:30 a 17:18 horas', 'Cristian Castro Astudillo', '1', '2024-10-04 22:24:51', 0, 1, '0', '2025-05-12 16:40:03', '2025-05-12 16:40:03', 'Director SECPLAN', '732620502 - 732620555', 'ristian.castro1989@gmail.com'),
(24809, 558, '9d3069dc-ed0f-40f8-b3cb-a8b8837fbb59', '16', NULL, 'Mantención y Reparación del Alumbrado \nPúblico', '0', 'Realizar mantención  y  reparación  del alumbrado  público  existente  en la  comuna  con la \nfinalidad de entregar seguridad a los habitantes de la comuna', 'Pertenecer a la comuna', 'Número de poste y dirección exacta', 'Ilustre Municipalidad de Yerbas Buenas. \nDirección de Servicios Generales', 'Calle Plaza N° 17', 'Calle Plaza N° 17.\nDe lunes a viernes de \n8:30 a 17:18 horas', 'Miguel Moreno González', '1', '2024-10-04 22:24:51', 0, 1, '0', '2025-05-12 16:40:03', '2025-05-12 16:40:03', 'Técnico Eléctrico \nAlumbrado Público', '985275855\nserviciosgenerales.yerbas', 'serviciosgenerales.yerbas \nbuenas@gmail.com'),
(24810, 558, '9d3069dc-ed0f-40f8-b3cb-a8b8837fbb59', '16', NULL, 'Emergencia y Protección Civil', '0', 'Apoyo para usuarios que requieren camión aljibe por agua potable aplicando ficha FIBE, según sea \nla emergencia', 'Pertenecer a la comuna', 'Registro Social de Hogares.\n\nCédula de identidad', 'Ilustre Municipalidad de Yerbas Buenas. \nDirección de Servicios Generales', 'Calle Plaza N° 17', 'Calle Plaza N° 17\nDe lunes a viernes de \n8:30 a 17:18 horas', 'Roberto Mellado Sepúlveda', '1', '2024-10-04 22:24:51', 0, 1, '0', '2025-05-12 16:40:03', '2025-05-12 16:40:03', 'Director Servicios \nGenerales', '', 'roberto.mellado@gmail.com'),
(24811, 558, '9d3069dc-ed0f-40f8-b3cb-a8b8837fbb59', '5', NULL, 'Covid-19 y Emergencias Sanitarias \nMunicipal', '0', 'Apoyar a  los  habitantes  de  la  comuna,  social  y económicamente durante la pandemia Covid-19 \nu otra emergencia sanitaria, además de acompañarlos y apoyarlos durante el periodo de infección \ny realización de exámenes', 'Pertenecer a la comuna.\n\nTener RSH al día', 'Resultado de exámenes positivo de Covid-19', 'Ilustre Municipalidad de Yerbas Buenas. \nDirección de Servicios Generales', 'Calle Plaza N° 17', 'Calle Plaza N° 17.\nDe lunes a viernes de \n8:30 a 17:18 horas', 'Roberto Mellado Sepúlveda', '1', '2024-10-04 22:24:51', 0, 1, '0', '2025-05-12 16:40:03', '2025-05-12 16:40:03', 'Director Servicios \nGenerales', '', 'roberto.mellado@gmail.com'),
(24812, 558, '9d3069dc-ed0f-40f8-b3cb-a8b8837fbb59', '13', NULL, 'Construcción de Elementos de Hormigón y \nVibrados', '0', 'Elaborar elementos de hormigón y vibrado a los habitantes de la comuna', 'Pertenecer a la comuna', 'Registro Social de Hogares.\n\nCédula de identidad', 'Ilustre Municipalidad de Yerbas Buenas. \nDirección de Servicios Generales', 'Calle Plaza N° 17', 'Calle Plaza N° 17\nDe lunes a viernes de \n8:30 a 17:18 horas', 'Roberto Mellado Sepúlveda', '1', '2024-10-04 22:24:51', 0, 1, '0', '2025-05-12 16:40:03', '2025-05-12 16:40:03', 'Director Servicios \nGenerales', '', 'roberto.mellado@gmail.com'),
(24813, 558, '9d3069dc-ed0f-40f8-b3cb-a8b8837fbb59', '19', NULL, 'Programa Hogares Comunitarios', '0', 'Programa creado para desarrollar directamente funciones relacionadas con la asistencia social y \nla prevención de riesgos y/o auxilio en situación de emergencia o catástrofe, el cual irá en ayuda \nde las familias o personas que por diferentes razones deben acudir al municipio como única \nalternativa, ya sea para conseguir ayuda en materiales en pieza o mediagua', 'Pertenecer a la comuna', 'Registro Social de Hogares.\n\nCédula de identidad.\n\nInforme social que determine procedencia', 'Ilustre Municipalidad de Yerbas Buenas. \nDirección de Servicios Generales', 'Calle Plaza N° 17', 'Calle Plaza N° 17\nDe lunes a viernes de \n8:30 a 17:18 horas', 'Pedro Agurto Carrasco', '1', '2024-10-04 22:24:51', 0, 1, '0', '2025-05-12 16:40:03', '2025-05-12 16:40:03', 'Apoyo Administrativo', '945076149', 'pedrodanilo.ac@gmail.com'),
(24814, 558, '9d3069dc-ed0f-40f8-b3cb-a8b8837fbb59', '12', NULL, 'Programa Limpieza Fosa Séptica', '0', 'Otorgar un servicio de limpieza de fosa séptica a la comunidad de Yerbas Buenas, que permita \ntener un funcionamiento en los sistemas particulares de tratamiento de aguas servidas', 'Pertenecer a la comuna', 'Registro Social de Hogares.\n\nCédula de identidad', 'Ilustre Municipalidad de Yerbas Buenas. \nDirección de Servicios Generales', 'Calle Plaza N° 17', 'Calle Plaza N° 17\nDe lunes a viernes de \n8:30 a 17:18 horas', 'Roberto Mellado Sepúlveda', '1', '2024-10-04 22:24:51', 0, 1, '0', '2025-05-12 16:40:03', '2025-05-12 16:40:03', 'Director Servicios \nGenerales', '', 'roberto.mellado@gmail.com'),
(24815, 558, '9d3069dc-ed0f-40f8-b3cb-a8b8837fbb59', '19', NULL, 'Oficina de Medioambiente y Veterinaria \nMunicipal', '0', 'La veterinaria municipal realiza controles sanos (vacunas, desparasitación interna y externa) de \nperros y gatos, atención primaria de enfermedades vistas en terreno a animales de producción \n(bovinos, ovinos, equinos). Operativos veterinarios (vacunación, desparasitación externa e interna) \npara perros y gatos en los distintos sectores de la comuna, implantación de microchip, \nfiscalización Ley21.020', 'Pertenecer a la comuna', 'Registro Social de Hogares.\n\nCédula de identidad\n\nPara el caso de operativos solicitudes generales a través de oficina de partes o página \nweb del municipio', 'Ilustre Municipalidad de Yerbas Buenas. \nDirección de Servicios Generales', 'Villa Colonial s/n. \nYerbas Buenas.\nDe lunes a viernes de 8:30 a', 'Villa Colonial s/n. \nYerbas Buenas.\nDe lunes a viernes de 8:30 a \n13:00 horas. De 14:30 a \n17:18 horas (operativo en \nterreno)', 'José Concha Gajardo', '1', '2024-10-04 22:24:51', 0, 1, '0', '2025-05-12 16:40:03', '2025-05-12 16:40:03', 'Médico Veterinario', '983606537', 'jconcha191@Gmail.com'),
(24816, 558, '9d3069dc-ed0f-40f8-b3cb-a8b8837fbb59', '11', NULL, 'Programa Promoción de Salud y Deporte', '0', 'Se realiza programación de actividades deportivas y saludables y mejoramiento de espacios \npúblicos con instalaciones de máquinas de ejercicios para la comuna y así generar una vida mejor \npara nuestra gente', 'Pertenecer a la comuna', 'Registro social de hogares.\n\nAntecedente nutricional', 'Ilustre Municipalidad de Yerbas Buenas. \nDirección de Servicios\nGenerales y Seremi Ministerio de Salud', 'Calle Plaza N°17. \nYerbas Buenas', 'Calle Plaza N°17. \nYerbas Buenas.\nDe lunes a viernes de 8:30 \na 17:18 horas', 'Roberto Mellado Sepúlveda', '1', '2024-10-04 22:24:51', 0, 1, '0', '2025-05-12 16:40:03', '2025-05-12 16:40:03', 'Director Servicios \nGenerales', '732620500', 'erviciosgenerales.yerbasbuenas@\ngmail.com'),
(24817, 558, '9d3069dc-ed0f-40f8-b3cb-a8b8837fbb59', '16', NULL, 'Oficina de Vivienda (Programa Vivienda-\nRegularización)', '0', 'La oficina de vivienda; está creada para responder, orientar, asesorar, acompañar,   \ngestionar, promover, integrar, entre otros; en materia de Regularización de la Propiedad \nmediante la Seremi de Bienes Nacionales', 'Tener posesión material del inmueble por sí o por otra persona a su nombre, por más de 5 \naños continuos, exclusiva, sin violencia ni clandestinidad.\n\nAcreditar que no existe juicio pendiente en su contra en que se sitúa el dominio posesión \ndel inmueble.\n\nEl avalúo fiscal máximo permitido para casos rurales es de 800 UTM y para casos \nurbanos 380 UTM.\n\nTener deslindes claros y aceptados por los colindantes', 'Inscripción de Dominio.\n\nCertificado de Residencia, entregado por la Junta de Vecinos, o quien corresponda.\n\nCertificado de Avalúo con indicación de superficie.\n\nCopia de Cédula de Identidad del solicitante, por ambos lados. Certificado de Número,     \nexpedido por la Municipalidad correspondiente, en caso de inmuebles urbanos.\n\nDocumentos, ya sean copias u originales, que permitan acreditar de alguna   manera,   el   \norigen   (compraventa,   cesión   de   derechos, donación, testamento y otros); y la \nposesión material del usuario por más de 5 años (boletas, recibos, fotografías, pago de \nimpuesto territorial, etc.).\n\nResolución del SERVIU, Municipio respectivo u otro servicio público descentralizado   con   \npersonalidad   jurídica   y   patrimonio   propio, autorizando la regularización en los casos \nque corresponda. Formularios N° 1, 2, 3 y 4\n\nCertificado  de  Informaciones  Previas:  Emitido  por  la  Dirección  de Obras Públicas la \nMunicipalidad respectiva.\n\nCertificado de Litigios: Emitido por el Conservador de Bienes Raíces correspondiente.\n\nADICIONALES\n\nCertificado de nacimiento, matrimonio o defunción.\n\nReconocimiento de Posesión de otros copropietarios o coherederos en el caso de \nproceder.\n\nCertificado de Riesgos. Certificado de no Expropiación. Certificado de Ruralidad.\n\nCualquier otro antecedente documental o en cualquier medio adecuado, que colabore en \nformar convicción de los requerimientos del D.L. N° 2.695', 'Ilustre Municipalidad de Yerbas \nBuenas. Oficina de Vivienda', 'Av. Centenario N° 79', 'De lunes a viernes de 8:30 \na 17:18 horas', 'Juanita Pereira Oses', '1', '2024-10-04 22:24:51', 0, 1, '0', '2025-05-12 16:40:03', '2025-05-12 16:40:03', 'Asistente Social', '732620588', 'viviendayb@yahoo.es'),
(24818, 558, '9d3069dc-ed0f-40f8-b3cb-a8b8837fbb59', '9', NULL, 'Ayudas Técnicas de Salud y Salud \nComunitaria', '0', 'Se realiza postulaciones y compra de ayudas técnicas para usuarios que lo requieran según \nevaluación médica, otorgar asesoría y apoyo para la obtención de horas y exámenes médicos y \ncompra de medicamento, se realiza la postulación de credencial de discapacidad', 'Pertenecer a la comuna.\n\nTener RSH al día\n\nPresentar complicaciones de salud', 'Antecedentes  médicos.\n\nCredencial de discapacidad\n\nOrden  médica para examen.\n\nCédula de identidad', 'Ilustre Municipalidad de Yerbas Buenas. \nDirección de Servicios Generales', 'Calle Plaza N°17', 'Calle Plaza N°17.\nDe lunes a viernes de 8:30 \na 17:18 horas', 'Roberto Mellado Sepúlveda', '1', '2024-10-04 22:24:51', 0, 1, '0', '2025-05-12 16:40:03', '2025-05-12 16:40:03', 'Director Servicios \nGenerales', '732620500', 'roberto.mellado@gmail.com'),
(24819, 558, '9d3069dc-ed0f-40f8-b3cb-a8b8837fbb59', '24', NULL, 'Subsidio Único Familiar', '1', 'El subsidio familiar de la ley nº 18.020 es un beneficio de carácter asistencial, destinado a la \npersonas de escasos recursos, consiste en una prestación económica de monto igual para todos \nlos causantes (menores), excepto para causantes inválidos, entendiéndose que para los efectos \nde su otorgamiento, equivale a dos SUF (duplo)', 'Son causantes del subsidio, quienes vivan a expensas de la persona beneficiaria que: sean \nmenores (hasta los 18 años de edad), mujeres embarazadas, no ser beneficiaria del subsidio \nde la Madre', 'Certificado  de  Nacimiento  de  los  menores,  (Uso  Exclusivo para Asignación Familiar), Certificado \nControl Niño Sano de los  menores  de  6  años  (solicitarlo  en  el  Consultorio  en donde los controlan), \nCertificado de Alumno Regular de los mayores de 6 años, (solicitarlo en el Establecimiento donde \nestudian), Fotocopia Carnet Identidad (por ambos lados) del solicitante (madre, padre o tutor/a de los   \nmenores.), domicilio  en  la  comuna  de  Yerbas  Buenas,  pertenecer  al 60% de la población nacional \nsocioeconómicamente más vulnerable, según Registro Social de Hogares (RSH)', 'Dirección de Desarrollo  Comunitario. \nUnidad  de  Subsidios. Oficina SUF', 'Av. Centenario N° 79', 'Av. Centenario N° 79\nDe lunes a viernes de 8:30 \na 17:18 horas', 'Dinelly Vásquez Bruna', '1', '2024-10-04 22:24:51', 0, 1, '0', '2025-05-12 16:40:03', '2025-05-12 16:40:03', 'Administrativo SUF', '73-2620564', 'ubsidiosyasistencial@Gmail.com'),
(24820, 558, '9d3069dc-ed0f-40f8-b3cb-a8b8837fbb59', '19', NULL, 'Programa de Alcohol y Drogas', '0', 'Este  programa  busca  desarrollar  estrategias  para  la prevención, tratamiento, rehabilitación, \ncontrol de consumo de alcohol y otras drogas', 'Tener Registro Social de hogares dentro  del 40 % más vulnerable de la población', 'Cédula de identidad', 'Dirección Desarrollo Comunitario, \nPrograma Asistencial', 'Av. Centenario N° 79', 'Av. Centenario N° 79\nDe lunes a viernes de 8:30 \na 17:18 horas', 'Ignacia González Salgado', '1', '2024-10-04 22:24:51', 0, 1, '0', '2025-05-12 16:40:03', '2025-05-12 16:40:03', 'Trabajadora Social', '971667227', 'gonzalezsalgadoignacia@gmail.com'),
(24821, 558, '9d3069dc-ed0f-40f8-b3cb-a8b8837fbb59', '0', NULL, 'Servicio de Entrega de Almuerzo', '0', 'Servicio de entrega de almuerzo de lunes a viernes, orientado a responder la necesidad de \nalimentación, el cual se basa en una ración diaria, dirigido a personas con carencia económica tras \nprevia evaluación social', 'Tener Registro Social de hogares dentro  del 40% más vulnerable de la población', 'Cédula de identidad', 'Dirección Desarrollo Comunitario, \nPrograma Asistencial', 'Av. Centenario N° 79', 'Av. Centenario N° 79\nDe lunes a viernes de 8:30 \na 17:18 horas', 'Ignacia González Salgado', '1', '2024-10-04 22:24:51', 0, 1, '0', '2025-05-12 16:40:03', '2025-05-12 16:40:03', 'Trabajadora Social', '971667227', 'nzalezsalgadoignacia@gmail.com'),
(24822, 558, '9d3069dc-ed0f-40f8-b3cb-a8b8837fbb59', '24', NULL, 'Aporte Previsional Solidario de Invalidez \n(APSI)', '0', 'Es un beneficio del Estado perteneciente al Pilar Solidario del Sistema de Pensiones que \nincrementa las pensiones previsionales  de  Invalidez,  siempre  que  cumplan  los requisitos \nlegales', 'Tener entre 18 y menos de 65 años de edad  (hombres y mujeres).\n\nPertenecer al 60% más vulnerable de la población.\n\nRecibir una pensión de Invalidez, ya sea de AFP, Compañía de Seguros. IPS (Ex INP) de \nmonto inferior a la PBSI', 'Cédula de identidad vigente.\n\nCertificado Médico', 'Ilustre Municipalidad de Yerbas Buenas, \nDirección Desarrollo\nComunitario', 'Av. Centenario N° 79, \nYerbas Buenas', 'Av. Centenario N° 79, \nYerbas Buenas\nDe lunes a viernes de 8:30 \na 17:18 horas', 'María Cabrera Montecino', '1', '2024-10-04 22:24:51', 0, 1, '0', '2025-05-12 16:40:03', '2025-05-12 16:40:03', 'Secretaria Dideco', '732 620560', 'mcabrera_61@hotmail.com'),
(24823, 558, '9d3069dc-ed0f-40f8-b3cb-a8b8837fbb59', '24', NULL, 'Aporte Previsional Solidario de Vejez \n(APSV)', '0', 'Es un beneficio del Estado perteneciente al Pilar Solidario del Sistema de Pensiones que \nincrementa las pensiones previsionales de quienes tienen 65 años o más, siempre que cumplan \nlos requisitos legales', 'Tener  65 o más de edad (hombres y mujeres).\n\nPertenecer al 60% más vulnerable de la población.\n\nRecibir una pensión de vejez o sobrevivencia  menor a $ 467.894 (monto bruto), ya sea de \nAFP,  Compañía de Seguros, IPS (Ex INP), o sobrevivencia Accidente del Trabajo', 'Cédula de identidad vigente', 'Ilustre Municipalidad de Yerbas Buenas, \nDirección Desarrollo\nComunitario', 'Av. Centenario N° 79, \nYerbas Buenas', 'Av. Centenario N° 79, \nYerbas Buenas\nDe lunes a viernes de 8:30 \na 17:18 horas', 'María Cabrera Montecino', '1', '2024-10-04 22:24:51', 0, 1, '0', '2025-05-12 16:40:03', '2025-05-12 16:40:03', 'Secretaria Dideco', '732 620560', 'mcabrera_61@hotmail.com'),
(24824, 558, '9d3069dc-ed0f-40f8-b3cb-a8b8837fbb59', '24', NULL, 'Bono por Hijo', '1', 'Es   un   beneficio   del   Estado,   destinado   a   incrementar   la pensión de vejez o sobrevivencia \nde las Madres que hayan tenido hijos nacidos vivos o los que hayan adoptado y que cumplan los \nrequisitos legales', 'Se solicita a los 65 años de edad', 'Cédula de identidad vigente', 'Ilustre Municipalidad de Yerbas Buenas, \nDirección Desarrollo\nComunitario', 'Av. Centenario N° 79, \nYerbas Buenas', 'Av. Centenario N° 79, \nYerbas Buenas\nDe lunes a viernes de 8:30 \na 17:18 horas', 'María Cabrera Montecino', '1', '2024-10-04 22:24:51', 0, 1, '0', '2025-05-12 16:40:03', '2025-05-12 16:40:03', 'Secretaria Dideco', '732 620560', 'mcabrera_61@hotmail.com'),
(24825, 558, '9d3069dc-ed0f-40f8-b3cb-a8b8837fbb59', '24', NULL, 'Pensión Básica Solidaria de Invalidez', '1', 'Es un beneficio del Estado perteneciente al Pilar Solidario del Sistema  de  Pensiones  que  entrega  \nun  beneficio  económico para  las  personas  declaradas  en  situación  de  invalidez,  que no  \ntengan  derecho  a  pensión  en  algún  régimen  previsional que cumplan los requisitos legales', 'Haber  sido declarado en situación  de invalidez por las Comisiones Médicas definidas.\n\nPertenecer a un grupo familiar del 60% más vulnerable de la población de Chile.\n\nTener al menos 18 años de edad y ser menor de 65 años', 'Cédula de identidad vigente', 'Ilustre Municipalidad de Yerbas Buenas, \nDirección Desarrollo\nComunitario', 'Av. Centenario N° 79, \nYerbas Buenas', 'Av. Centenario N° 79, \nYerbas Buenas\nDe lunes a viernes de 8:30 \na 17:18 horas', 'María Cabrera Montecino', '1', '2024-10-04 22:24:51', 0, 1, '0', '2025-05-12 16:40:03', '2025-05-12 16:40:03', 'Secretaria Dideco', '732 620560', 'mcabrera_61@hotmail.com'),
(24826, 558, '9d3069dc-ed0f-40f8-b3cb-a8b8837fbb59', '24', NULL, 'Pensión Básica Solidaria de Vejez (PBSV)', '1', 'Es un beneficio del Estado para personas de 65 años o más, que no tengan  derecho a  pensión  en \nalgún  régimen previsional y que cumplan los requisitos legales', 'Haber cumplido 65 o más de edad (hombres y mujeres).\n\nPertenecer al 60% más vulnerable de la población, debe estar escrito en el Registro Social \nde Hogares.\n\nAcreditar Residencia en el Territorio Nacional', 'Cédula de identidad vigente', 'Ilustre Municipalidad de Yerbas Buenas, \nDirección Desarrollo\nComunitario', 'Av. Centenario N° 79, \nYerbas Buenas', 'Av. Centenario N° 79, \nYerbas Buenas\nDe lunes a viernes de 8:30 \na 17:18 horas', 'María Cabrera Montecino', '1', '2024-10-04 22:24:51', 0, 1, '0', '2025-05-12 16:40:03', '2025-05-12 16:40:03', 'Secretaria DIDECO', '732 620560', 'mcabrera_61@hotmail.com'),
(24827, 558, '9d3069dc-ed0f-40f8-b3cb-a8b8837fbb59', '24', NULL, 'Subsidio de Discapacidad Mental (SDM)', '1', 'Es  un  beneficio  del  Estado  para  personas  menores  de  18 años que es un aporte monetario \nmensual que se entrega a todos aquellos menores en situación de Discapacidad Mental que no \ntengan Previsión y que sean de escasos recursos', 'Ser menor de 18 años de edad\n\nQue tengan residencia continua en el país de a lo menos, tres años inmediatamente anteriores a la \nfecha de presentación de la solicitud.\n\nResolución aprobada por la Comisión de Medicina Preventiva de Invalidez (COMPIN).\n\nQue estén dentro del 20% mas vulnerable de la población, según la clasificación socioeconómica \ndel Registro Social de Hogares', 'Cédula de identidad vigente del postulante y de la madre o tutor.\n\nCertificado de nacimiento.\n\nCertificado de residencia (el postulante debe vivir en la comuna).\n\nFormulario del Decreto Ley (DL) Nº869 (emitido por el Médico Tratante.\n\nInforme Psicológico Intelectual', 'Ilustre Municipalidad de Yerbas Buenas, \nDirección Desarrollo\nComunitario', 'Av. Centenario N°79, \nYerbas Buenas', 'Av. Centenario N°79, \nYerbas Buenas\nDe lunes a viernes de 8:30 \na 17:18 horas', 'María Cabrera Montecino', '1', '2024-10-04 22:24:51', 0, 1, '0', '2025-05-12 16:40:03', '2025-05-12 16:40:03', 'Secretaria Dideco', '732 620560', 'mcabrera_61@hotmail.com'),
(24828, 558, '9d3069dc-ed0f-40f8-b3cb-a8b8837fbb59', '13', NULL, 'Colchón', '1', 'La Unidad Asistencial es la encargada de atención al público, basándose en identificar necesidades tras previa \nevaluación y entrevista al usuario.\nSe realiza la entrega de colchón, en situaciones de emergencia, como por ejemplo siniestros de viviendas y \ncuando el grupo familiar no cuenta con implementos básicos, se le apoya con un colchón, tras visita \ndomiciliaria', 'Tener Registro Social de Hogares', 'Cédula de identidad', 'Dirección Desarrollo Comunitario, Unidad \nAsistencial', 'Av. Centenario N° 79', 'Av. Centenario N° 79 \nDe lunes a viernes de 8:30 \na 17:18 horas', 'Ignacia González Salgado', '1', '2024-10-04 22:24:51', 0, 1, '0', '2025-05-12 16:40:03', '2025-05-12 16:40:03', 'Trabajadora Social', '971667227', 'onzalezsalgadoignacia@gmail.co'),
(24829, 558, '9d3069dc-ed0f-40f8-b3cb-a8b8837fbb59', '13', NULL, 'Frazadas', '1', 'La Unidad Asistencial es la encargada de atención al público, basándose en identificar necesidades tras \nprevia evaluación y entrevista al usuario. Se realiza la entrega de marqueza, en situaciones de emergencia, \ncomo por ejemplo siniestros de viviendas y cuando el grupo familiar no cuenta con implementos básicos, se \nle apoya con frazadas, tras visita domiciliaria, dependiendo de los integrantes familiares', 'Tener Registro Social de Hogares', 'Cédula de identidad', 'Dirección Desarrollo Comunitario, Unidad \nAsistencial', 'Av. Centenario N° 79', 'Av. Centenario N° 79 \nDe lunes a viernes de 8:30 \na 17:18 horas', 'Ignacia González Salgado', '1', '2024-10-04 22:24:51', 0, 1, '0', '2025-05-12 16:40:03', '2025-05-12 16:40:03', 'Trabajadora Social', '971667227', 'nzalezsalgadoignacia@gmail.com'),
(24830, 558, '9d3069dc-ed0f-40f8-b3cb-a8b8837fbb59', '0', NULL, 'Caja de mercadería', '1', 'La Unidad Asistencial es la encargada de atención al público, basándose en identificar \nnecesidades tras previa evaluación y entrevista al usuario, se realiza la entrega del insumo \nnecesario, de acuerdo a la problemática y/o necesidad, respetando la normativa vigente de los \ndecretos municipales 089. 090, decretos que amparan a las personas vulnerables', 'Tener Registro Social de Hogares', 'Cédula de identidad', 'Direccion Desarrollo Comunitario, Unidad \nAsistencial', 'Av. Centenario N° 79', 'Av. Centenario N° 79 \nDe lunes a viernes de 8:30 \na 17:18 horas', 'Ignacia González Salgado', '1', '2024-10-04 22:24:51', 0, 1, '0', '2025-05-12 16:40:03', '2025-05-12 16:40:03', 'Trabajadora Social', '971667227', 'gonzalezsalgadoignacia@gmail\n.com'),
(24831, 558, '9d3069dc-ed0f-40f8-b3cb-a8b8837fbb59', '16', NULL, 'Carbón', '1', 'La Unidad Asistencial es la encargada de atención al público, basándose en identificar \nnecesidades tras previa evaluación y entrevista al usuario. Se realiza la entrega de carbón cuando \nse presentan escenarios de velorios, o el grupo familiar no cuenta con medios para la calefacción \npropia', 'Tener Registro Social de Hogares', 'Cédula de identidad', 'Direccion Desarrollo Comunitario, Unidad \nAsistencial', 'Av. Centenario N° 79', 'Av. Centenario N° 79 \nDe lunes a viernes de 8:30 \na 17:18 horas', 'Ignacia González Salgado', '1', '2024-10-04 22:24:51', 0, 1, '0', '2025-05-12 16:40:03', '2025-05-12 16:40:03', 'Trabajadora Social', '971667227', 'onzalezsalgadoignacia@gmail.co\nm'),
(24832, 558, '9d3069dc-ed0f-40f8-b3cb-a8b8837fbb59', '1', NULL, 'Ensure', '1', 'La Unidad Asistencial es la encargada de atención al público, basándose en identificar \nnecesidades tras previa evaluación y entrevista al usuario. \nSe realiza la entrega del Ensure siempre y cuando el usuario presente receta médica, con las \nrespectivas indicaciones', 'Tener Registro Social de Hogares.\n Receta médica que indique el consumo por determinado tiempo', 'Cédula de identidad', 'Direccion Desarrollo Comunitario, Unidad \nAsistencial', 'Av. Centenario N° 79', 'Av. Centenario N° 79 \nDe lunes a viernes de 8:30 \na 17:18 horas', 'Ignacia González Salgado', '1', '2024-10-04 22:24:51', 0, 1, '0', '2025-05-12 16:40:03', '2025-05-12 16:40:03', 'Trabajadora Social', '971667227', 'gonzalezsalgadoignacia@gmail.\ncom'),
(24833, 558, '9d3069dc-ed0f-40f8-b3cb-a8b8837fbb59', '1', NULL, 'Glucerna', '1', 'La Unidad Asistencial es la encargada de atención al público, basándose en identificar \nnecesidades tras previa evaluación y entrevista al usuario.\nSe realiza la entrega de Glucerna siempre y cuando el usuario presente receta médica, con las \nrespectivas indicaciones', 'Tener Registro Social de Hogares.\n Receta médica que indique el consumo por determinado tiempo', 'Cédula de identidad', 'Direccion Desarrollo Comunitario, Unidad \nAsistencial', 'Av. Centenario N° 79', 'Av. Centenario N° 79 \nDe lunes a viernes de 8:30 \na 17:18 horas', 'Ignacia González Salgado', '1', '2024-10-04 22:24:51', 0, 1, '0', '2025-05-12 16:40:03', '2025-05-12 16:40:03', 'Trabajadora Social', '971667227', 'gonzalezsalgadoignacia@gmail.\ncom'),
(24834, 558, '9d3069dc-ed0f-40f8-b3cb-a8b8837fbb59', '13', NULL, 'Marqueza', '1', 'La Unidad Asistencial es la encargada de atención al público, basándose en identificar necesidades tras \nprevia evaluación y entrevista al usuario.\nSe realiza la entrega de marqueza, en situaciones de emergencia, como por ejemplo siniestros de viviendas \ny cuando el grupo familiar no cuenta con implementos básicos, se le apoya con una marqueza, tras visita \ndomiciliaria', 'Tener Registro Social de Hogares', 'Cédula de identidad', 'Direccion Desarrollo Comunitario, Unidad \nAsistencial', 'Av. Centenario N° 79', 'Av. Centenario N° 79 \nDe lunes a viernes de 8:30 \na 17:18 horas', 'Ignacia González Salgado', '1', '2024-10-04 22:24:51', 0, 1, '0', '2025-05-12 16:40:03', '2025-05-12 16:40:03', 'Trabajadora Social', '971667227', 'gonzalezsalgadoignacia@gmail.\ncom'),
(24835, 558, '9d3069dc-ed0f-40f8-b3cb-a8b8837fbb59', '2', NULL, 'Pañales Adulto', '1', 'La Unidad Asistencial es la encargada de atención al público, basándose en identificar necesidades \ntras previa evaluación del usuario, se realiza la entrega de los pañales, de acuerdo a la situación del \nenfermo o adulto mayor, respetando la normativa vigente de los decretos municipales 089 . 090, \ndecretos que amparan las personas vulnerables y que sufre de enfermedades catastróficas', 'Tener Registro Social de Hogares', 'Cédula de identidad', 'Direccion Desarrollo Comunitario, Unidad \nAsistencial', 'Av. Centenario N° 79', 'Av. Centenario N° 79\nDe lunes a viernes de 8:30 \na 17:18 horas', 'Ignacia González Salgado', '1', '2024-10-04 22:24:51', 0, 1, '0', '2025-05-12 16:40:03', '2025-05-12 16:40:03', 'Trabajadora Social', '971667227', 'gonzalezsalgadoignacia@gmail.\ncom'),
(24836, 558, '9d3069dc-ed0f-40f8-b3cb-a8b8837fbb59', '4', NULL, 'Devolución de pasajes', '1', 'La Unidad Asistencial es la encargada de atención al público, basándose en identificar \nnecesidades tras previa evaluación y entrevista al usuario.\nSe realizará una devolución económica, a usuarios que presente justificación por temas de salud \ny/o educación, tras previa entrevista', 'Tener Registro Social de Hogares', 'Cedula de identidad', 'Direccion Desarrollo Comunitario, Unidad \nAsistencial', 'Av. Centenario N° 79', 'Av. Centenario N° 79\nDe lunes a viernes de 8:30 \na 17:18 horas', 'Ignacia González Salgado', '1', '2024-10-04 22:24:51', 0, 1, '0', '2025-05-12 16:40:03', '2025-05-12 16:40:03', 'Trabajadora Social', '971667227', 'gonzalezsalgadoignacia@gmail.\ncom'),
(24837, 558, '9d3069dc-ed0f-40f8-b3cb-a8b8837fbb59', '23', NULL, 'Aporte de Pago de Servicio Funerario', '1', 'La Unidad Asistencial es la encargada de atención al público, basándose en identificar \nnecesidades tras previa evaluación y entrevista al usuario.\nSe realiza el apoyo de aporte económico, a la deuda del servicio funerario, según la necesidades y \ncarencias del grupo familiar del fallecido', 'Tener Registro Social de Hogares', 'Cédula de identidad', 'Direccion Desarrollo Comunitario, Unidad \nAsistencial', 'Av. Centenario N° 79', 'Av. Centenario N° 79 \nDe lunes a viernes de 8:30 \na 17:18 horas', 'Ignacia González Salgado', '1', '2024-10-04 22:24:51', 0, 1, '0', '2025-05-12 16:40:03', '2025-05-12 16:40:03', 'Trabajadora Social', '971667227', 'gonzalezsalgadoignacia@gmail.\ncom'),
(24838, 558, '9d3069dc-ed0f-40f8-b3cb-a8b8837fbb59', '6', NULL, 'Pago de Suministro Básicos (luz - agua)', '1', 'Unidad encargada de atención al público, basándose en identificar necesidades tras previa evaluación y \nentrevista al usuario. Se realiza un aporte económico o cancelación total a la deuda de suministro \nbásico, ya sea luz o agua, esto dependerá del monto reflejado en la boleta y/o la necesidad del grupo \nfamiliar, que se evidenciaría al momento de la entrevista y/o visita domiciliaria', 'Tener registro Social de hogares', 'Cédula de identidad', 'Direccion Desarrollo Comunitario, Unidad \nAsistencial', 'Av. Centenario N° 79', 'Av. Centenario N° 79 \nDe lunes a viernes de 8:30 \na 17:18 horas', 'Ignacia González Salgado', '1', '2024-10-04 22:24:51', 0, 1, '0', '2025-05-12 16:40:03', '2025-05-12 16:40:03', 'Trabajadora Social', '971667227', 'gonzalezsalgadoignacia@gmail.\ncom'),
(24839, 559, '9d3069dc-ed0f-40f8-b3cb-a8b8837fbb59', '23', NULL, 'Aporte Servicio Funerario', '1', 'El beneficio consiste en un aporte para las familias u organizaciones que se hacen cargo de\nun servicio funerario. Dicho aporte se cancela directamente a la funeraria, la cual deberá\nemitir la factura respectiva por el aporte aprobado por el municipio', 'Contar con Registro Social de Hogares en la comuna y hasta el 50% de menores ingresos\n\nNo percibir aporte estatal o cuota mortuoria\nSe podrá eximir de algunos de los requisitos ante la existencia de casos de personas que se \ndesconozca su residencia y/o procedencia y se encuentren en situación de abandono', '', '', '', '', '', '1', '2024-10-04 22:24:51', 0, 1, '0', '2025-05-12 16:40:03', '2025-05-12 16:40:03', '', '', ''),
(24840, 559, '9d3069dc-ed0f-40f8-b3cb-a8b8837fbb59', '23', NULL, 'Aporte Servicio Funerario', '1', '', '', 'Cédula de Identidad\n\nCertificado que indique no percibir aporte estatal o cuota mortuoria\n\nCertificado de residencia emitido por la Junta de Vecinos respectiva, cuando no cuente\ncon Registro Social de Hogares en la comuna\n\nInforme Socioeconómico emitido por una entidad pública\n\nCertificado de defunción\n\nCotización de la Funeraria que prestó los servicios', 'Ilustre Municipalidad de Yumbel\nPrograma de Ayudas Sociales', 'Cruz 1134', 'Lunes a Viernes\n09:00 a 13:30 hrs', 'Rosa Arriagada Pérez', '1', '2024-10-04 22:24:51', 0, 1, '0', '2025-05-12 16:40:03', '2025-05-12 16:40:03', 'Asistente Social', '(56-43) 287 5832', 'rarriagada@yumbel.cl'),
(24841, 559, '9d3069dc-ed0f-40f8-b3cb-a8b8837fbb59', '8', NULL, 'Vestuario', '1', 'Consiste en un aporte anual que no podrá superar las 3 UTM por solicitante y podrán demandar\nvestuario específico para dar cumplimiento a las necesidades de una entidad pública (como Escuela\nde Carabineros, Escuela de Gendarmería, colegios, recintos hospitalarios)', 'Contar con Registro Social de Hogares en la comuna y que no supere el 50% de menores\ningresos\n\nPertenecer a una entidad pública que requiera vestuario específico', 'Cédula de Identidad\n\nInforme Socioeconómico\n\nListado y cotización de prendas solicitadas por la entidad pública respectiva', 'Ilustre Municipalidad de Yumbel\nPrograma de Ayudas Sociales', 'Cruz 1134', 'Cruz 1134\nLunes a Viernes\n09:00 a 13:30 hrs', 'Rosa Arriagada Pérez', '1', '2024-10-04 22:24:51', 0, 1, '0', '2025-05-12 16:40:03', '2025-05-12 16:40:03', 'Asistente Social', '(56-43) 287 5832', 'rarriagada@yumbel.cl'),
(24842, 559, '9d3069dc-ed0f-40f8-b3cb-a8b8837fbb59', '5', NULL, 'Medicamentos', '1', 'Por medio de este beneficio se financiará medicamentos, especialmente en situaciones de enfermedad\npermanente. A quienes se encuentren dentro del 40% de menores ingresos, se podrá definir un aporte\nmensual, sujeto a disponibilidad presupuestaria. Quienes se encuentren sobre el 40% de menores\ningresos, podrán acceder a un aporte parcial, sujeto a disponibilidad presupuestaria', 'Contar con Registro Social de Hogares en la comuna y que no supere el 40% de menores ingresos\nSi el Registro Social de Hogares es superior al 40% deberá contar adicionalmente con un Informe\nsocioeconómico que exprese claramente la necesidad manifiesta que afecta a la familia', 'Cédula de Identidad\n\nInforme Socioeconómico emitido por un profesional del Hospital, CESFAM o posta donde\nse encuentre en control o tratamiento médico que explicite la imposibilidad de proveer el\nmedicamento y su relevancia\n\nBoleta original del gasto en caso de solicitar devolución', 'Ilustre Municipalidad de Yumbel\nPrograma de Ayudas Sociales', 'Cruz 1134', 'Cruz 1134\nLunes a Viernes\n09:00 a 13:30 hrs', 'Rosa Arriagada Pérez', '1', '2024-10-04 22:24:51', 0, 1, '0', '2025-05-12 16:40:03', '2025-05-12 16:40:03', 'Asistente Social', '(56-43) 287 5832', 'rarriagada@yumbel.cl'),
(24843, 559, '9d3069dc-ed0f-40f8-b3cb-a8b8837fbb59', '5', NULL, 'Aporte Económico ante Enfermedades \nCatastróficas', '1', 'Este beneficio consiste en la devolución y excepcionalmente financiamiento contra\nrendición del gasto efectuado por enfermedades permanentes de alto costo según el\npresupuesto familiar', 'Contar con Registro Social de Hogares en la comuna y que no supere el 40% de menores\ningresos\nSi el Registro Social de Hogares es superior al 40% deberá contar adicionalmente con un\nInforme socioeconómico que exprese claramente la necesidad manifiesta que afecta a la\nfamilia', '', '', '', '', '', '1', '2024-10-04 22:24:51', 0, 1, '0', '2025-05-12 16:40:03', '2025-05-12 16:40:03', '', '', ''),
(24844, 559, '9d3069dc-ed0f-40f8-b3cb-a8b8837fbb59', '5', NULL, 'Aporte Económico ante Enfermedades \nCatastróficas', '1', '', '', 'Cédula de Identidad\n\nInforme Socioeconómico emitido por un profesional del Hospital, CESFAM o posta donde\nse encuentre en control o tratamiento médico que explicite la imposibilidad de proveer lo\nsolicitado y su relevancia\n\nOrden médica según corresponda\n\nCertificados médicos u otros antecedentes de respaldo que den cuenta de la enfermedad\ny su gravedad\n\nLos documentos de respaldo del gasto realizado deben tener fecha hasta 60 días\ncorridos, y deben venir en formato original', 'Ilustre Municipalidad de Yumbel\nPrograma de Ayudas Sociales', 'Cruz 1134', 'Lunes a Viernes\n09:00 a 13:30 hrs', 'Rosa Arriagada Pérez', '1', '2024-10-04 22:24:51', 0, 1, '0', '2025-05-12 16:40:03', '2025-05-12 16:40:03', 'Asistente Social', '(56-43) 287 5832', 'rarriagada@yumbel.cl'),
(24845, 559, '9d3069dc-ed0f-40f8-b3cb-a8b8837fbb59', '4', NULL, 'Pasajes', '1', 'El beneficio consiste en la entrega de aporte para pasajes en casos de tratamientos médicos\ny hospitalizaciones fuera de la comuna. Éste aporte será proporcional a los ingresos\nfamiliares', 'Contar con Registro Social de Hogares en la comuna y que no supere el 50% de menores\ningresos', '', '', '', '', '', '1', '2024-10-04 22:24:51', 0, 1, '0', '2025-05-12 16:40:03', '2025-05-12 16:40:03', '', '', ''),
(24846, 559, '9d3069dc-ed0f-40f8-b3cb-a8b8837fbb59', '4', NULL, 'Pasajes', '1', '', '', 'Cédula de Identidad\n\nInforme Socioeconómico emitido por un profesional del Hospital, CESFAM o posta donde\nse encuentre en control o tratamiento médico, según el nivel de atención y especialización\nque requiere\n\nComprobante del recinto hospitalario que indique fecha del control, tratamiento u\nhospitalización\n\nPasajes o boletos generados del viaje realizado', 'Ilustre Municipalidad de Yumbel\nPrograma de Ayudas Sociales', 'Cruz 1134', 'Lunes a Viernes\n09:00 a 13:30 hrs', 'Rosa Arriagada Pérez', '1', '2024-10-04 22:24:51', 0, 1, '0', '2025-05-12 16:40:03', '2025-05-12 16:40:03', 'Asistente Social', '(56-43) 287 5832', 'rarriagada@yumbel.cl'),
(24847, 559, '9d3069dc-ed0f-40f8-b3cb-a8b8837fbb59', '0', NULL, 'Canastas Familiares', '1', 'Consiste en la entrega de alimentos básicos para mejorar las condiciones de una familia y/o\napoyar la economía familiar.\nLa misma familia\npodrá percibir el beneficio en un período de rotación de a lo menos 6\nmeses y sólo excepcionalmente podrá percibir el beneficio durante más meses en el año', 'Contar con Registro Social de Hogares en la comuna y que no superen el 40% de menores\ningresos.\n\nContar con una solicitud formal (audiencia, nota ingresada en oficina de partes,\nformulario de evaluación del Depto. Social, Informe Social)', '', '', '', '', '', '1', '2024-10-04 22:24:51', 0, 1, '0', '2025-05-12 16:40:03', '2025-05-12 16:40:03', '', '', ''),
(24848, 559, '9d3069dc-ed0f-40f8-b3cb-a8b8837fbb59', '0', NULL, 'Canastas Familiares', '1', '', '', 'Cédula de Identidad\n\nInforme socioeconómico justificando la necesidad manifiesta si cuenta con Registro\nSocial de Hogares sobre el 40% de menores ingresos\n\nCertificado de Cesantía, finiquito de trabajo, certificados médicos u otros documentos\nsegún las necesidades de cada caso, siendo obligatorios los que correspondan a cada\ncaso', 'Ilustre Municipalidad de Yumbel\nPrograma de Ayudas Sociales', 'Cruz 1134', 'Lunes a Viernes\n09:00 a 13:30 hrs', 'Rosa Arriagada Pérez', '1', '2024-10-04 22:24:51', 0, 1, '0', '2025-05-12 16:40:03', '2025-05-12 16:40:03', 'Asistente Social', '(56-43) 287 5832', 'rarriagada@yumbel.cl'),
(24849, 559, '9d3069dc-ed0f-40f8-b3cb-a8b8837fbb59', '16', NULL, 'Otras Ayudas Sociales', '1', 'Estas ayudas se orientarán a resolver problemas que afecten la calidad de vida personal y\nfamiliar en las áreas\nde salud y educación fundamentalmente y según el presupuesto\ndisponible, al mismo tiempo que apoyar a familias del Sistema de Protección Social Chile\nSolidario en áreas de habitabilidad, educación y salud a fin de complementar proyectos o\napoyar solicitudes que les permitan mejorar su calidad de vida y contribuir a aminorar su\ncondición de vulnerabilidad social', 'Contar con Registro Social de Hogares en la comuna y que no supere el 60% de menores\ningreso\n\nExcepcionalmente, se podrá beneficiar a una persona que supere el 60% de menores\ningresos, lo cual deberá acreditar mediante Informe Socioeconómico que indique\nexpresamente la necesidad manifiesta', '', '', '', '', '', '1', '2024-10-04 22:24:51', 0, 1, '0', '2025-05-12 16:40:03', '2025-05-12 16:40:03', '', '', ''),
(24850, 559, '9d3069dc-ed0f-40f8-b3cb-a8b8837fbb59', '16', NULL, 'Otras Ayudas Sociales', '1', '', '', 'Cédula de Identidad\n\nInforme Socioeconómico\n\nOtros antecedentes, según la problemática presentada', 'Ilustre Municipalidad de Yumbel\nPrograma de Ayudas Sociales', 'Cruz 1134', 'Lunes a Viernes\n09:00 a 13:30 hrs', 'Rosa Arriagada Pérez', '1', '2024-10-04 22:24:51', 0, 1, '0', '2025-05-12 16:40:03', '2025-05-12 16:40:03', 'Asistente Social', '(56-43) 287 5832', 'rarriagada@yumbel.cl'),
(24851, 559, '9d3069dc-ed0f-40f8-b3cb-a8b8837fbb59', '4', NULL, 'Devolución de Pasajes a Estudiantes de \nEnseñanza Superior', '1', 'Este beneficio se otorgará a estudiantes de enseñanza superior que estudien en las\nciudades de Concepción, Los Ángeles y Chillán y que vean afectada su continuidad de\nestudios por su situación socioeconómica o de vulnerabilidad social. El beneficio alcanzará\nun máximo del 60% de los gastos mensuales', 'Contar con Registro Social de Hogares en la comuna de Yumbel\n\nContar con un Ingreso per cápita que no supere el tercer quintil\n\nNo ser beneficiario de Beca de Residencia\n\nContar con una solicitud formal (audiencia, nota ingresada en Oficina de Partes)', '', '', '', '', '', '1', '2024-10-04 22:24:51', 0, 1, '0', '2025-05-12 16:40:03', '2025-05-12 16:40:03', '', '', ''),
(24852, 559, '9d3069dc-ed0f-40f8-b3cb-a8b8837fbb59', '4', NULL, 'Devolución de Pasajes a Estudiantes de \nEnseñanza Superior', '1', '', '', 'Cédula de Identidad\n\nDocumentos de respaldo que acrediten su situación socioeconómica\n\nPasajes o boletos generados de los viajes realizados\n\nCertificado de Alumno regular al momento de la presentación de la solicitud y una vez\nseleccionado deberá presentarlo semestralmente', 'Ilustre Municipalidad de Yumbel\nPrograma de Ayudas Sociales', 'Cruz 1134', 'Lunes a Viernes\n09:00 a 13:30 hrs', 'Rosa Arriagada Pérez', '1', '2024-10-04 22:24:51', 0, 1, '0', '2025-05-12 16:40:03', '2025-05-12 16:40:03', 'Asistente Social', '(56-43) 287 5832', 'rarriagada@yumbel.cl'),
(24853, 559, '9d3069dc-ed0f-40f8-b3cb-a8b8837fbb59', '13', NULL, 'Reparaciones', '1', 'Beneficio destinado a personas que requieran apoyo para reparar su vivienda ante carencias\nde recursos, vulnerabilidad social, necesidad manifiesta a partir del cumplimiento de\ncondiciones mínimas de habitabilidad', 'Contar con Registro Social de no superior al 40% de menores ingresos\n\nDebe ser propietario o con vivienda propia en terreno arrendado o cedido, sucesión o\nusufructo\n\nNo ser propietario de más de una vivienda, ya sea dentro o fuera de la comuna\n\nNo haber recibido ayuda social a través de este programa en los últimos 3 años en lo\nreferente a construcciones, reparaciones o módulos. Sólo se exceptuará casos afectados\npor siniestros o catástrofes', '', '', '', '', '', '1', '2024-10-04 22:24:51', 0, 1, '0', '2025-05-12 16:40:03', '2025-05-12 16:40:03', '', '', ''),
(24854, 559, '9d3069dc-ed0f-40f8-b3cb-a8b8837fbb59', '13', NULL, 'Reparaciones', '1', '', '', 'Cédula de Identidad\n\nEscritura de la propiedad o inscripción de dominio vigente\n\nEscritura pública cuando es usufructo o cesión de derechos\n\nDocumento notarial cuando es propia en terreno arrendado, indicando años de arriendo o\ncesión\n\nAcreditación de calidad de heredero en caso de sucesiones\n\nOtros documentos que acrediten situaciones de salud e ingresos o situación económica', 'Ilustre Municipalidad de Yumbel\nPrograma de Ayudas Sociales', 'Cruz 1134', 'Lunes a Viernes\n09:00 a 13:30 hrs', 'Maribel Sobarzo Burgos', '1', '2024-10-04 22:24:51', 0, 1, '0', '2025-05-12 16:40:03', '2025-05-12 16:40:03', 'Trabajadora Social', '(56-43) 287 5853', 'msobarzo@yumbel.cl'),
(24855, 559, '9d3069dc-ed0f-40f8-b3cb-a8b8837fbb59', '7', NULL, 'Módulos Construidos', '1', 'Este beneficio consiste en el aporte para la construcción de hasta 18mt2, destinado a las\nfamilias que cuentan con sitios cedidos o propios que requieran apoyo ante carencias de\nrecursos,\nvulnerabilidad\nsocial,\nnecesidad\nmanifiesta\na\npartir\ndel\ncumplimiento\nde\ncondiciones mínimas de habitabilidad', 'Contar con Registro Social de Hogares no superior al 40% de menores ingresos\n\nDebe ser propietario o con vivienda propia en terreno arrendado o cedido, sucesión o\nusufructo\n\nNo ser propietario de más de una vivienda, ya sea dentro o fuera de la comuna', '', '', '', '', '', '1', '2024-10-04 22:24:51', 0, 1, '0', '2025-05-12 16:40:03', '2025-05-12 16:40:03', '', '', ''),
(24856, 559, '9d3069dc-ed0f-40f8-b3cb-a8b8837fbb59', '7', NULL, 'Módulos Construidos', '1', '', '', 'Cédula de Identidad\n\nEscritura de la propiedad o inscripción de dominio vigente\n\nEscritura pública cuando es usufructo o cesión de derechos\n\nDocumento notarial cuando es propia en terreno arrendado, indicando años de arriendo o\ncesión\n\nAcreditación de calidad de heredero en caso de sucesiones\n\nEn situación de calle, debe contar autorización de uso de sitio\n\nDocumento de acredite el desalojo en caso de dicha condición\n\nOtros documentos que acrediten situaciones de salud e ingresos o situación económica y\nla imposibilidad de postular a vivienda, así como incapacidad para arrendar', 'Ilustre Municipalidad de Yumbel\nPrograma de Ayudas Sociales', 'Cruz 1134', 'Lunes a Viernes\n09:00 a 13:30 hrs', 'Maribel Sobarzo Burgos', '1', '2024-10-04 22:24:51', 0, 1, '0', '2025-05-12 16:40:03', '2025-05-12 16:40:03', 'Trabajadora Social', '(56-43) 287 5853', 'msobarzo@yumbel.cl'),
(24857, 559, '9d3069dc-ed0f-40f8-b3cb-a8b8837fbb59', '13', NULL, 'Módulos Prefabricados', '1', 'Este beneficio está destinado principalmente a familias que cuentan con sitios cedidos y\nque deben trasladarse permanentemente por contar con autorización de uso de sitio por\nplazos limitados. Además aquellos que se encuentran en situación de calle, de desalojo, de\nallegados, hacinamiento, problemas de salud de mayor complejidad o riesgo social', 'Contar con Registro Social de Hogares actualizado y en la comuna de Yumbel no superior\nal 40% de menores ingresos\n\nContar con autorización de uso de sitio y acreditar que cuenta con luz eléctrica y agua\n\nNo ser propietario de una vivienda\n\nNo haber recibido ayuda social a través de este programa en los últimos 3 años en lo\nreferente a construcciones, reparaciones o módulos. Sólo se exceptuará casos afectados\npor siniestros o catástrofes', '', '', '', '', '', '1', '2024-10-04 22:24:51', 0, 1, '0', '2025-05-12 16:40:03', '2025-05-12 16:40:03', '', '', '');
INSERT INTO `beneficio_servicios` (`id`, `catalogo_id`, `author_id`, `category_local`, `category_national`, `name`, `type`, `desc`, `reqs`, `docs`, `vendor`, `address`, `schedule`, `contact`, `state`, `date`, `oferta_nacional`, `active`, `flag`, `created_at`, `updated_at`, `contact_position`, `contact_phone`, `contact_email`) VALUES
(24858, 559, '9d3069dc-ed0f-40f8-b3cb-a8b8837fbb59', '13', NULL, 'Módulos Prefabricados', '1', '', '', 'Cédula de Identidad\n\nEscritura de la propiedad o inscripción de dominio vigente\n\nEscritura pública cuando es usufructo o cesión de derechos\n\nDocumento notarial cuando es propia en terreno arrendado indicando años de arriendo o\ncesión\n\nAcreditación de calidad de heredero en caso de sucesiones\n\nEn situación de calle, debe contar autorización de uso de sitio\n\nDocumento de acredite el desalojo en caso de dicha condición\n\nOtros documentos que acrediten situaciones de salud e ingresos o situación económica y\nla imposibilidad de postular a vivienda, así como incapacidad para arrendar', 'Ilustre Municipalidad de Yumbel\nPrograma de Ayudas Sociales', 'Cruz 1134', 'Lunes a Viernes\n09:00 a 13:30 hrs', 'Maribel Sobarzo Burgos', '1', '2024-10-04 22:24:51', 0, 1, '0', '2025-05-12 16:40:03', '2025-05-12 16:40:03', 'Trabajadora Social', '(56-43) 287 5853', 'msobarzo@yumbel.cl'),
(24859, 559, '9d3069dc-ed0f-40f8-b3cb-a8b8837fbb59', '12', NULL, 'Baños', '1', 'Beneficio destinado a las personas que no cuenten con un adecuado sistema de eliminación\nde excretas ante situaciones graves de salud o situaciones de riesgo social a partir del\ncumplimiento de condiciones mínimas de habitabilidad. Consiste en un aporte a la\nconstrucción e instalación de un baño', 'Contar con Registro Social de Hogares actualizado en la comuna de Yumbel no superior\nal 40% de menores ingresos\n\nContar con autorización de uso de sitio y acreditar que cuenta con luz eléctrica y agua\n\nNo ser propietario de una vivienda\n\nNo haber recibido ayuda social a través de este programa en los últimos 3 años en lo\nreferente a construcciones, reparaciones o módulos. Sólo se exceptuará casos afectados\npor siniestros o catástrofes\nEn Zonas Urbanas: contar con autorización de la entidad respectiva - contar con conexión a la \nred de alcantarillado existente - contar con los artefactos de la sala de baño y cañerías\nEn Zonas Rurales: para la construcción de una Fosa Séptica, contar con el ladrillo fiscal - para \nla construcción del baño debe contar con sala de baño y cañerías, debe contar con respaldos \nde salud que certifiquen el mérito del beneficio', '', '', '', '', '', '1', '2024-10-04 22:24:51', 0, 1, '0', '2025-05-12 16:40:03', '2025-05-12 16:40:03', '', '', ''),
(24860, 559, '9d3069dc-ed0f-40f8-b3cb-a8b8837fbb59', '12', NULL, 'Baños', '1', '', '', 'Cédula de Identidad\n\nEscritura de la propiedad o inscripción de dominio vigente\n\nOtros documentos que acrediten situaciones de salud e ingresos o situación económica', 'Ilustre Municipalidad de Yumbel\nPrograma de Ayudas Sociales', 'Cruz 1134', 'Lunes a Viernes\n09:00 a 13:30 hrs', 'Maribel Sobarzo Burgos', '1', '2024-10-04 22:24:51', 0, 1, '0', '2025-05-12 16:40:03', '2025-05-12 16:40:03', 'Trabajadora Social', '(56-43) 287 5853', 'msobarzo@yumbel.cl'),
(24861, 559, '9d3069dc-ed0f-40f8-b3cb-a8b8837fbb59', '13', NULL, 'Materiales de Construcción', '1', 'Destinado a las familias que cuentan con sitios cedidos o propios que requieran apoyo ante\nuna situación de riesgo social o se encuentre incumplida alguna condición mínima de\nhabitabilidad y que acrediten contar con mano de obra calificada', 'Contar con Registro Social de Hogares no superior al 40% de menores ingresos\n\nNo ser propietario de más de una vivienda\n\nDebe ser propietario o con vivienda propia en terreno arrendado o cedido, sucesión o\nusufructo\n\nNo haber recibido ayuda social a través de este programa en los últimos 3 años en lo\nreferente a construcciones, reparaciones o módulos. Sólo se exceptuará casos afectados\npor siniestros o catástrofes', '', '', '', '', '', '1', '2024-10-04 22:24:51', 0, 1, '0', '2025-05-12 16:40:03', '2025-05-12 16:40:03', '', '', ''),
(24862, 559, '9d3069dc-ed0f-40f8-b3cb-a8b8837fbb59', '13', NULL, 'Materiales de Construcción', '1', '', '', 'Cédula de Identidad\n\nEscritura de la propiedad o inscripción de dominio vigente\n\nEscritura pública cuando es usufructo o cesión de derechos\n\nDocumento notarial cuando es propia en terreno arrendado indicando años de arriendo o\ncesión\n\nAcreditación de calidad de heredero en caso de sucesiones\n\nEn situación de calle, debe contar autorización de uso de sitio\n\nDocumento de acredite el desalojo en caso de dicha condición\n\nOtros documentos que acrediten situaciones de salud e ingresos o situación económica', 'Ilustre Municipalidad de Yumbel\nPrograma de Ayudas Sociales', 'Cruz 1134', 'Lunes a Viernes\n09:00 a 13:30 hrs', 'Maribel Sobarzo Burgos', '1', '2024-10-04 22:24:51', 0, 1, '0', '2025-05-12 16:40:03', '2025-05-12 16:40:03', 'Trabajadora Social', '(56-43) 287 5853', 'msobarzo@yumbel.cl'),
(24863, 559, '9d3069dc-ed0f-40f8-b3cb-a8b8837fbb59', '13', NULL, 'Equipamiento de Camas', '1', 'El beneficio consiste en el aporte de todo o parte del equipamiento de cama (marquesa,\ncolchón o colchón clínico, sábanas, frazadas, cobertores) según la evaluación que se realice', 'Contar con Registro Social de Hogares no superior al 40% de menores ingresos\n\nDebe ser propietario o con vivienda propia en terreno arrendado o cedido, sucesión o usufructo\n\nNo haber recibido ayuda social a través de este programa en los últimos 3 años en lo referente a\nequipamiento de camas', 'Cédula de Identidad\n\nDocumentos que acrediten situaciones de salud o discapacidad\n\nDocumentos que acrediten ingresos\n\nDeclaración de gastos', 'Ilustre Municipalidad de Yumbel\nPrograma de Ayudas Sociales', 'Cruz 1134', 'Cruz 1134\nLunes a Viernes\n09:00 a 13:30 hrs', 'Maribel Sobarzo Burgos', '1', '2024-10-04 22:24:51', 0, 1, '0', '2025-05-12 16:40:03', '2025-05-12 16:40:03', 'Trabajadora Social', '(56-43) 287 5853', 'msobarzo@yumbel.cl'),
(24864, 559, '9d3069dc-ed0f-40f8-b3cb-a8b8837fbb59', '3', NULL, 'Devolución de Matrícula Estudiantes de \nEnseñanza Superior', '1', 'El beneficio consiste en un aporte económico a los estudiantes que ingresan o cursan la\nenseñanza superior. Dicho aporte se calculará de acuerdo al valor de la matrícula y los\nantecedentes establecidos en la Tabla de Evaluación', 'Estar matriculado en algún establecimiento de Educación Superior\n\nContar con Registro Social de Hogares\n\nContar con ingreso per cápita hasta el tercer quintil, según Encuesta CASEN vigente para\ncada año\n\nNo poseer Beca de Presidente de la República ni indígena\n\nNo ser beneficiario de Beca de Residencia Municipal\n\nSólo podrá postular una persona por familia', '', '', '', '', '', '1', '2024-10-04 22:24:51', 0, 1, '0', '2025-05-12 16:40:03', '2025-05-12 16:40:03', '', '', ''),
(24865, 559, '9d3069dc-ed0f-40f8-b3cb-a8b8837fbb59', '3', NULL, 'Devolución de Matrícula Estudiantes de \nEnseñanza Superior', '1', '', '', 'Cédula de Identidad\n\nComprobante de matrícula en original\n\nFotocopia Licencia Enseñanza Superior para estudiantes de 1° año E. superior\n\nRespecto de la vivienda: contrato o comprobante de arriendo o declaración jurada simple\ndel dueño de la vivienda. En caso de allegamiento o comprobante de pago mensual\n\nFotocopia de contrato de trabajo o documento que acredite su relación contractual,\ncertificado de nacimiento de hijos o certificado de estudios y matricula de hermanos\n\nDocumentos que acrediten situaciones de salud o discapacidad\n\nDocumentos que acrediten ingresos\n\nDeclaración de gastos', 'Ilustre Municipalidad de Yumbel\nPrograma de Ayudas Sociales', 'Cruz 1134', 'Lunes a Viernes\n09:00 a 13:30 hrs', 'Rosa Arriagada Pérez', '1', '2024-10-04 22:24:51', 0, 1, '0', '2025-05-12 16:40:03', '2025-05-12 16:40:03', 'Asistente Social', '(56-43) 287 5832', 'rarriagada@yumbel.cl'),
(24866, 559, '9d3069dc-ed0f-40f8-b3cb-a8b8837fbb59', '22', NULL, 'Ingreso/Cambio de domicilio en Registro \nSocial de Hogares', '0', 'El servicio consiste en la atención a solicitud de Ingreso al RSH de usuarios y su grupo\nfamiliar, que no cuentan con el instrumento en la comuna. Cambio de domicilio cuando el\nhogar ha realizado modificación en la dirección registrada en la plataforma', 'Residencia en la comuna', 'Copia de la Cédula de Identidad vigente\n\nDocumento que acredite residencia y que esté a nombre del solicitante', 'Programa de Estratificación Social', 'General Cruz 821', 'General Cruz 821\nLunes a Viernes\n08:00 a 13:30 y 14:15 a 17:15 hrs.\nViernes\n08:00 a 13:30 y 14:15 a 16:15 hrs', 'Rossana Figueroa Placencia', '1', '2024-10-04 22:24:51', 0, 1, '0', '2025-05-12 16:40:03', '2025-05-12 16:40:03', 'Encargada Comunal de \nFocalización', '(56-43) 287 5865', 'rfigueroa@yumbel.cl'),
(24867, 559, '9d3069dc-ed0f-40f8-b3cb-a8b8837fbb59', '22', NULL, 'Actualización del Registro Social de \nHogares', '0', 'La solicitud de actualización de información proveniente de auto reporte es el proceso\nmediante el cual, se informa al Registro Social de Hogares que la información contenida, si\nbien fue correcta, no se encuentra actualizada en la base de datos', 'Residencia en la comuna\n\nDebe ser realizado por el jefe de hogar o por el titular del dato', 'Copia de la Cédula de Identidad vigente', 'Programa de Estratificación Social', 'General Cruz 821', 'General Cruz 821\nLunes a Viernes\n08:00 a 13:30 y 14:15 a 17:15 hrs.\nViernes\n08:00 a 13:30 y 14:15 a 16:15 hrs', 'Rossana Figueroa Placencia', '1', '2024-10-04 22:24:51', 0, 1, '0', '2025-05-12 16:40:03', '2025-05-12 16:40:03', 'Encargada Comunal de \nFocalización', '(56-43) 287 5865', 'rfigueroa@yumbel.cl'),
(24868, 559, '9d3069dc-ed0f-40f8-b3cb-a8b8837fbb59', '22', NULL, 'Actualización Registros Administrativos', '0', 'Permite la actualización de datos provenientes de registros administrativos por variaciones\nde ingreso o reportar una situación de cesantía, sin perjuicio que la fuente de ingreso sea\ncomo trabajador dependiente o independiente', 'Residencia en la comuna', '', '', '', '', '', '1', '2024-10-04 22:24:51', 0, 1, '0', '2025-05-12 16:40:03', '2025-05-12 16:40:03', '', '', ''),
(24869, 559, '9d3069dc-ed0f-40f8-b3cb-a8b8837fbb59', '22', NULL, 'Actualización Registros Administrativos', '0', '', '', 'Cédula de Identidad vigente\n\nLiquidación de sueldo, o\n\nCertificado de cotizaciones con remuneración imponible, o\n\nFiniquito, carta de despido para trabajadores dependiente\n\nInforme emitido por SII, carpeta tributaria y/o resumen de boletas de honorarios para\ntrabajadores independientes', 'Programa de Estratificación Social', 'General Cruz 821', 'Lunes a Viernes\n08:00 a 13:30 y 14:15 a 17:15 hrs.\nViernes\n08:00 a 13:30 y 14:15 a 16:15 hrs', 'Rossana Figueroa Placencia', '1', '2024-10-04 22:24:51', 0, 1, '0', '2025-05-12 16:40:03', '2025-05-12 16:40:03', 'Encargada Comunal de \nFocalización', '(56-43) 287 5865', 'rfigueroa@yumbel.cl'),
(24870, 559, '9d3069dc-ed0f-40f8-b3cb-a8b8837fbb59', '22', NULL, 'Rectificación de Registro Social de Hogares', '0', 'El servicio se refiere a la rectificación de la información contenida en la base de datos del\nRSH y que el titular del datos considera está errónea', 'Residencia en la comuna', 'Copia de la Cédula de Identidad vigente\n\nCertificado de institución fuente de la información (SP, AC, SS, SII)\n\nCertificado de cotización con remuneración imponible\n\nInforme de ingresos emitido por SII\n\nCarpeta Tributaria y/o resumen de Boletas de Honorarios', 'Programa de Estratificación Social', 'General Cruz 821', 'General Cruz 821\nLunes a Viernes\n08:00 a 13:30 y 14:15 a 17:15 hrs.\nViernes\n08:00 a 13:30 y 14:15 a 16:15 hrs', 'Rossana Figueroa Placencia', '1', '2024-10-04 22:24:51', 0, 1, '0', '2025-05-12 16:40:03', '2025-05-12 16:40:03', 'Encargada Comunal de \nFocalización', '(56-43) 287 5865', 'rfigueroa@yumbel.cl'),
(24871, 559, '9d3069dc-ed0f-40f8-b3cb-a8b8837fbb59', '22', NULL, 'Complemento de Registro Social de \nHogares', '0', 'La solicitud de complemento permite adicionar información o antecedentes que no\ncontando en el RSH, pudiese incidir en la caracterización del hogar', 'Residencia en la comuna', 'Copia de la Cédula de Identidad vigente\n\nPago o recepción de pensión de alimentos\n\nPago o recepción de compensación económica\n\nBeca de establecimiento educacional\n\nCotización de salud\n\nBien raíz', 'Programa de Estratificación Social', 'General Cruz 821', 'General Cruz 821\nLunes a Viernes\n08:00 a 13:30 y 14:15 a 17:15 hrs.\nViernes\n08:00 a 13:30 y 14:15 a 16:15 hrs', 'Rossana Figueroa Placencia', '1', '2024-10-04 22:24:51', 0, 1, '0', '2025-05-12 16:40:03', '2025-05-12 16:40:03', 'Encargada Comunal de \nFocalización', '(56-43) 287 5865', 'rfigueroa@yumbel.cl'),
(24872, 559, '9d3069dc-ed0f-40f8-b3cb-a8b8837fbb59', '24', NULL, 'Subsidio Familiar', '1', 'Consiste en un aporte económico equivalente a la asignación familiar que se entrega por cada\ncarga familiar, a personas de escasos recursos que no tienen previsión, y se le otorga por la\nrazón de estar al cuidado de sus hijos', 'Tener Registro Social de Hogares y pertenecer hasta el 60% de menores ingresos o mayor\nvulnerabilidad\n\nNo estar afiliado a ningún sistema previsional', 'Copia Cédula de Identidad de la madre o tutor por ambos lados\n\nCertificado de nacimiento para asignación familiar\n\nCertificado control niño sano (menores de 6 años)\n\nCertificados de alumno regular (mayores de 6 años)', 'Programa de Estratificación Social', 'General Cruz 1134', 'General Cruz 1134\nLunes a Viernes\n08:00 a 13:30 hrs', 'Mónica Pinto Castillo', '1', '2024-10-04 22:24:51', 0, 1, '0', '2025-05-12 16:40:03', '2025-05-12 16:40:03', 'Encargada de Subsidios', '(56-43) 287 5829', 'subsidiosyumbel@gmail.com'),
(24873, 559, '9d3069dc-ed0f-40f8-b3cb-a8b8837fbb59', '24', NULL, 'Subsidio de Agua y Alcantarillado', '1', 'Beneficio que entrega el Estado, a través de las municipalidades y consiste en el pago de un\n% de su cuenta mensual de agua potable y alcantarillado con un límite mensual de 15 m3 de\nconsumo', 'Pago de su boleta de agua al día\n\nTener registro social de hogares en el domicilio que va a postular', 'Copia de la Cédula de Identidad por ambos lados del jefe Hogar\n\nÚltima boleta de consumo cancelada, con comprobante de pago', 'Programa de Estratificación Social', 'General Cruz 1134', 'General Cruz 1134\nLunes a Viernes\n08:00 a 13:30 hrs', 'Mónica Pinto Castillo', '1', '2024-10-04 22:24:51', 0, 1, '0', '2025-05-12 16:40:03', '2025-05-12 16:40:03', 'Encargada de Subsidios', '(56-43) 287 5829', 'subsidiosyumbel@gmail.com'),
(24874, 559, '9d3069dc-ed0f-40f8-b3cb-a8b8837fbb59', '24', NULL, 'Pensión Básica Solidaria de Vejez', '0', 'El servicio consiste en la gestión del aporte monetario mensual para personas de 65 años y\nmás que no tengan derecho a una pensión en algún régimen previsional', '65 años cumplidos\n\nRegistro Social de Hogares', 'Copia de la Cédula de Identidad por ambos lados', 'Programa Subsidios', 'General Cruz 1134', 'General Cruz 1134\nLunes a Viernes\n08:00 a 13:30 hrs', 'Mónica Pinto Castillo', '1', '2024-10-04 22:24:51', 0, 1, '0', '2025-05-12 16:40:03', '2025-05-12 16:40:03', 'Encargada de Subsidios', '(56-43) 287 5829', 'subsidiosyumbel@gmail.com'),
(24875, 559, '9d3069dc-ed0f-40f8-b3cb-a8b8837fbb59', '24', NULL, 'Pensión Básica Solidaria de Invalidez', '0', 'El servicio consiste en la gestión para el aporte monetario mensual para personas entre 18 y\nmenores de 65 años de edad declaradas con invalidez, a consecuencia de una enfermedad,\ny que no tienen derecho a pensión en algún otro régimen previsional', 'Haber sido declarado con invalidez por la comisión médica de la Superintendencia de Pensiones\n(Decreto ley Nn°3500 )\n\nEdad entre 18 y 64 años\n\nEstar en el registro Social de hogares y pertenecer a hogares del 60% de menor puntaje de\nfocalización', 'Copia de la Cédula de Identidad por ambos lados\n\nRegistro Social de Hogares\n\nCertificado Médico con diagnóstico', 'Programa Subsidios', 'General Cruz 1134', 'General Cruz 1134\nLunes a Viernes\n08:00 a 13:30 hrs', 'Mónica Pinto Castillo', '1', '2024-10-04 22:24:51', 0, 1, '0', '2025-05-12 16:40:03', '2025-05-12 16:40:03', 'Encargada de Subsidios', '(56-43) 287 5829', 'subsidiosyumbel@gmail.com'),
(24876, 559, '9d3069dc-ed0f-40f8-b3cb-a8b8837fbb59', '24', NULL, 'Subsidio de Discapacidad Mental', '0', 'El servicio consiste en la gestión del aporte monetario mensual que se entrega a menores de\n18 años con discapacidad mental, y pertenecientes a familias vulnerables o carentes de\nrecursos', 'Ser declarada con discapacidad mental por la comisión médica preventiva e invalidez (COMPIN)\n\nTener Registro Social de Hogares\n\nPertenecer al 20% de menores ingresos y mayor vulnerabilidad', 'Copia de la Cédula de Identidad de la madre\n\nCertificado de nacimiento del menor\n\nCertificado del grado deficiencia mental ley N°18600\n\nDiagnóstico Clínico para deficientes mentales ley N°18600\n\nInforme Psicológico deficiente mental', 'Programa Subsidios', 'General Cruz 1134', 'General Cruz 1134\nLunes a Viernes\n08:00 a 13:30 hrs', 'Mónica Pinto Castillo', '1', '2024-10-04 22:24:51', 0, 1, '0', '2025-05-12 16:40:03', '2025-05-12 16:40:03', 'Encargada de Subsidios', '(56-43) 287 5829', 'subsidiosyumbel@gmail.com'),
(24877, 560, '9d3069dc-ed0f-40f8-b3cb-a8b8837fbb59', '0', NULL, 'Canasta Familiar', '1', 'Entrega canasta básica de alimentos', 'Evaluación de Trabajador/a Social', 'Cédula de identidad vigente\n Registro Social de Hogares en la Comuna de Yungay', 'Dideco\nMunicipalidad de Yungay', 'Esmeralda 380 \nYungay', 'Lunes a Viernes\n8:15 a 13:30 Hrs', 'Pamela Jelves Acuña\nDirectora', '1', '2024-10-04 22:24:51', 0, 1, '0', '2025-05-12 16:40:03', '2025-05-12 16:40:03', 'Directora\nirección Desarrollo Comunitario', '42-2255624', 'didecoyungay@yungay.cl'),
(24878, 560, '9d3069dc-ed0f-40f8-b3cb-a8b8837fbb59', '1', NULL, 'Aporte Pañales para Niños, Niñas, \nAdultos y Adultas', '1', 'Entrega Pañales para familias con personas en situación de dependencia y para menores de edad. La\nperiodicidad de la entrega de la ayuda dependerá de la evaluación de Trabajador/a Social', 'Evaluación de Trabajador/a Social', 'Cédula de Identidad vigente\n Registro Social de Hogares en la Comuna de Yungay\n Certificado médico que acredite diagnóstico y necesidad de pañales', 'Dideco\nMunicipalidad de Yungay', 'Esmeralda 380 \nYungay', 'Lunes a Viernes\n8:15 a 13:30 Hrs', 'Pamela Jelves Acuña\nDirectora', '1', '2024-10-04 22:24:51', 0, 1, '0', '2025-05-12 16:40:03', '2025-05-12 16:40:03', 'Directora\nirección Desarrollo Comunitario', '42-2255624', 'didecoyungay@yungay.cl'),
(24879, 560, '9d3069dc-ed0f-40f8-b3cb-a8b8837fbb59', '16', NULL, 'Aportes Económicos', '1', 'Financiamiento total o parcial de necesidades de salud (Exámenes, medicamentos, consultas médicas,\nadquisición de lentes, hospitalizaciones, traslados, etc.), aporte pago servicios básicos, entre otras', 'Evaluación de Trabajador/a Social', 'Cédula de Identidad vigente\n Registro Social de Hogares en la Comuna de Yungay\n Ficha derivación (Si corresponde)\n Certificado médico y Cotización\n Boleta de servicio (que corresponde al aporte)', 'Dideco\nMunicipalidad de Yungay', 'Esmeralda 380 \nYungay', 'Yungay\nLunes a Viernes\n8:15 a 13:30 Hrs', 'Pamela Jelves Acuña\nDirectora', '1', '2024-10-04 22:24:51', 0, 1, '0', '2025-05-12 16:40:03', '2025-05-12 16:40:03', 'Directora\nrección Desarrollo Comunitario', '42-2255624', 'didecoyungay@yungay.cl'),
(24880, 560, '9d3069dc-ed0f-40f8-b3cb-a8b8837fbb59', '13', NULL, 'Materiales de Construcción', '1', 'Entrega de materiales de construcción de acuerdo con necesidades del grupo familiar (Planchas zinc,\nOSB, Internit, cemento, etc.), necesarios para mejorar condiciones habitacionales del grupo familiar', 'Evaluación de Trabajador/a Social', 'Cédula de Identidad vigente\n Registro Social de Hogares en la Comuna de Yungay\n Visita Domiciliaria por parte de Trabajador/a Social', 'Dideco\nMunicipalidad de Yungay', 'Esmeralda 380 \nYungay', 'Yungay\nLunes a Viernes\n8:15 a 13:30 Hrs', 'Pamela Jelves Acuña\nDirectora', '1', '2024-10-04 22:24:51', 0, 1, '0', '2025-05-12 16:40:03', '2025-05-12 16:40:03', 'Directora\nirección Desarrollo Comunitario', '42-2255624', 'didecoyungay@yungay.cl'),
(24881, 560, '9d3069dc-ed0f-40f8-b3cb-a8b8837fbb59', '13', NULL, 'Entrega ayuda social  en \ncamas, colchón, frazadas, sábanas, \ncobertor y almohadas', '1', 'Entrega camas con equipamiento, destinadas a casos de emergencia y/o entregas como ayudas\nsociales, previa evaluación Trabajador/a Social en terreno', 'Evaluación de Trabajador/a Social', 'Cédula de Identidad vigente\n Registro Social de Hogares en la Comuna de Yungay', 'Dideco\nMunicipalidad de Yungay', 'Esmeralda 380 \nYungay', 'Yungay\nLunes a Viernes\n8:15 a 13:30 Hrs', 'Pamela Jelves Acuña', '1', '2024-10-04 22:24:51', 0, 1, '0', '2025-05-12 16:40:03', '2025-05-12 16:40:03', 'Directora\nirección Desarrollo Comunitario', '42-2255624', 'didecoyungay@yungay.cl'),
(24882, 560, '9d3069dc-ed0f-40f8-b3cb-a8b8837fbb59', '13', NULL, 'Aporte Módulos Habitacionales', '1', 'Entrega de vivienda de Emergencia, a familias afectadas por situaciones de emergencia y7o por\nprecariedad habitacional; que afecta la calidad de vida de los usuarios. a visita domiciliaria de\nTrabajador Social', 'Visita Domiciliaria y posterior evaluación de Trabajador/a Social', 'Cédula de Identidad vigente\n Registro Social de Hogares en la Comuna de Yungay\n Documento que acredite dominio del terreno\n De no ser propietario del terreno, autorización de instalación de módulo habitacional ante \nnotario (Propietario)', 'Dideco\nMunicipalidad de Yungay', 'Esmeralda 380 \nYungay', 'Yungay\nLunes a Viernes\n8:15 a 13:30 Hrs', 'Pamela Jelves Acuña', '1', '2024-10-04 22:24:51', 0, 1, '0', '2025-05-12 16:40:03', '2025-05-12 16:40:03', 'Directora\nrección Desarrollo Comunitario', '42-2255624', 'didecoyungay@yungay.cl'),
(24883, 560, '9d3069dc-ed0f-40f8-b3cb-a8b8837fbb59', '2', NULL, 'Leches Especiales', '1', 'Entrega de leches especiales, de acuerdo con requerimiento nutricional del usuario\n(Pediasure, Ensure, Glucerna, Nan Etapas)', 'Certificado médico con indicación médica de leche requerida', 'Cédula de identidad vigente\n Registro Social de Hogares en la Comuna de Yungay\n Certificado con indicación médica de leche requerida', 'Dideco\nMunicipalidad de Yungay', 'Esmeralda 380 \nYungay', 'Lunes a Viernes\n8:15 a 13:30 Hrs', 'Pamela Jelves Acuña\nDirectora', '1', '2024-10-04 22:24:51', 0, 1, '0', '2025-05-12 16:40:03', '2025-05-12 16:40:03', 'Directora\nrección Desarrollo Comunitario', '42-2255624', 'didecoyungay@yungay.cl'),
(24884, 560, '9d3069dc-ed0f-40f8-b3cb-a8b8837fbb59', '10', NULL, 'Beca Educación Superior \nMunicipalidad de Yungay', '1', 'Aporte económico, para alumnos y alumnas de la comuna que acceden o cursan Educación\nSuperior', 'Postulación', 'Formulario Postulación\n Cédula de identidad vigente\n Registro Social de Hogares en la Comuna de Yungay\n Certificado alumno Regular o comprobante matricula\n Certificado notas año anterior (E. Media mínimo 5,8; E. Superior todos los ramos aprobados \ndel año anterior)', 'Dideco\nMunicipalidad de Yungay', 'Esmeralda 380\nYungay', 'Lunes a Viernes\n8:15 a 13:30 Hrs', 'Pamela Jelves Acuña', '1', '2024-10-04 22:24:51', 0, 1, '0', '2025-05-12 16:40:03', '2025-05-12 16:40:03', 'Directora\nirección Desarrollo Comunitario', '42-2255624', 'didecoyungay@yungay.cl'),
(24885, 561, '9d3069dc-ed0f-40f8-b3cb-a8b8837fbb59', '11', NULL, 'Compra de Medicamentos', '1', 'El beneficio consiste en la compra de medicamentos para vecinos de la comuna que\ncumplan con los requisitos de residencia y de necesidad económica', 'Contar con residencia en la comuna por un periodo mínimo de 6 meses\n\nTener Registro Social de Hogares en la comuna\n\nContar con Cédula de Identidad\n\nEntrevista con profesional asistente social que verifique cumplimiento de requisitos', 'Fotocopia de la Cédula de Identidad\n\nReceta médica en la cual se prescribe el medicamento\n\nCotización del medicamento\n\nDeclaración de ingresos y gastos\n\nInforme social emitido por profesional competente', 'Ilustre Municipalidad de Zapallar\nDirección de Desarrollo Comunitario', 'Januario Ovalle 147,\nZapallar\nJosé María Mercado 335,\nCatapilco', 'Lunes a Viernes\n08:30 a 14:00 y 15:00 a 17:30 hrs', 'Mayerlin Guzmán (Zapallar)\nConstanza Huerta (Catapilco)', '1', '2024-10-04 22:24:51', 0, 1, '0', '2025-05-12 16:40:03', '2025-05-12 16:40:03', 'Asistente Social', '(56-33) 229 5862 (Zapallar)\n(56-33) 228 5636 (Catapilco)', 'mguzman@munizapallar.cl\nchuerta@munizapallar.cl'),
(24886, 561, '9d3069dc-ed0f-40f8-b3cb-a8b8837fbb59', '11', NULL, 'Pago de Exámenes Médicos', '1', 'El beneficio consiste en el pago de exámenes médicos para vecinos de la comuna que\ncumplan con los requisitos de residencia y de necesidad económica', 'Contar con residencia en la comuna por un periodo mínimo de 6 meses acreditable\nmediante RSH u otro instrumento de validación que lo reemplace\n\nContar con Cédula de Identidad\n\nEntrevista con profesional asistente social que verifique cumplimiento de requisitos', 'Fotocopia de la Cédula de Identidad\n\nOrden Médica para realizar el examen\n\nCotización del examen\n\nPrograma médico si corresponde\n\nDeclaración de ingresos y gastos\n\nInforme social emitido por profesional competente', 'Ilustre Municipalidad de Zapallar\nDirección de Desarrollo Comunitario', 'Januario Ovalle 147,\nZapallar\nJosé María Mercado 335,\nCatapilco', 'Lunes a Viernes\n08:30 a 14:00 y 15:00 a 17:30 hrs', 'Mayerlin Guzmán (Zapallar)\nConstanza Huerta (Catapilco)', '1', '2024-10-04 22:24:51', 0, 1, '0', '2025-05-12 16:40:03', '2025-05-12 16:40:03', 'Asistente Social', '(56-33) 229 5862 (Zapallar)\n(56-33) 228 5636 (Catapilco)', 'mguzman@munizapallar.cl\nchuerta@munizapallar.cl'),
(24887, 561, '9d3069dc-ed0f-40f8-b3cb-a8b8837fbb59', '11', NULL, 'Compra de Insumos Médicos', '1', 'El beneficio consiste en la compra insumos médicos para vecinos de la comuna que\ncumplan con los requisitos de residencia y de necesidad económica', 'Contar con residencia en la comuna por un periodo mínimo de 6 meses acreditable\nmediante RSH u otro instrumento de validación que lo reemplace\n\nContar con Cédula de Identidad\n\nEntrevista con profesional asistente social que verifique cumplimiento de requisitos', 'Fotocopia de la Cédula de Identidad\n\nOrden Médica para realizar la compra del insumo\n\nCotización del insumo\n\nDeclaración de ingresos y gastos\n\nInforme social emitido por profesional competente', 'Ilustre Municipalidad de Zapallar\nDirección de Desarrollo Comunitario', 'Januario Ovalle 147,\nZapallar\nJosé María Mercado 335,\nCatapilco', 'Lunes a Viernes\n08:30 a 14:00 y 15:00 a 17:30 hrs', 'Mayerlin Guzmán (Zapallar)\nConstanza Huerta (Catapilco)', '1', '2024-10-04 22:24:51', 0, 1, '0', '2025-05-12 16:40:03', '2025-05-12 16:40:03', 'Asistente Social', '(56-33) 229 5862 (Zapallar)\n(56-33) 228 5636 (Catapilco)', 'mguzman@munizapallar.cl\nchuerta@munizapallar.cl'),
(24888, 561, '9d3069dc-ed0f-40f8-b3cb-a8b8837fbb59', '11', NULL, 'Compra de Ayudas Técnicas', '1', 'El beneficio consiste en la compra de ayudas técnicas para vecinos de la comuna que\ncumplan con los requisitos de residencia y de necesidad económica', 'Contar con residencia en la comuna por un periodo mínimo de 6 meses acreditable\nmediante RSH u otro instrumento de validación que lo reemplace\n\nContar con Cédula de Identidad\n\nEntrevista con profesional asistente social que verifique cumplimiento de requisitos', 'Fotocopia de la Cédula de Identidad\n\nOrden Médica si corresponde\n\nCotización de la ayuda técnica\n\nDeclaración de ingresos y gastos\n\nInforme social emitido por profesional competente', 'Ilustre Municipalidad de Zapallar\nDirección de Desarrollo Comunitario', 'Januario Ovalle 147,\nZapallar\nJosé María Mercado 335,\nCatapilco', 'Lunes a Viernes\n08:30 a 14:00 y 15:00 a 17:30 hrs', 'Mayerlin Guzmán (Zapallar)\nConstanza Huerta (Catapilco)', '1', '2024-10-04 22:24:51', 0, 1, '0', '2025-05-12 16:40:03', '2025-05-12 16:40:03', 'Asistente Social', '(56-33) 229 5862 (Zapallar)\n(56-33) 228 5636 (Catapilco)', 'mguzman@munizapallar.cl\nchuerta@munizapallar.cl'),
(24889, 561, '9d3069dc-ed0f-40f8-b3cb-a8b8837fbb59', '11', NULL, 'Pago de Deudas Hospitalarias', '1', 'El beneficio consiste en el pago de deudas hospitalarias para vecinos de la comuna que\ncumplan con los requisitos de residencia y de necesidad económica', 'Contar con residencia en la comuna por un periodo mínimo de 6 meses acreditable\nmediante RSH u otro instrumento de validación que lo reemplace\n\nContar con Cédula de Identidad\n\nEntrevista con profesional asistente social que verifique cumplimiento de requisitos', 'Fotocopia de la Cédula de Identidad\n\nCertificado de deuda hospitalaria emitido por la entidad médica\n\nDeclaración de ingresos y gastos\n\nInforme social emitido por profesional competente', 'Ilustre Municipalidad de Zapallar\nDirección de Desarrollo Comunitario', 'Januario Ovalle 147,\nZapallar\nJosé María Mercado 335,\nCatapilco', 'Lunes a Viernes\n08:30 a 14:00 y 15:00 a 17:30 hrs', 'Mayerlin Guzmán (Zapallar)\nConstanza Huerta (Catapilco)', '1', '2024-10-04 22:24:51', 0, 1, '0', '2025-05-12 16:40:03', '2025-05-12 16:40:03', 'Asistente Social', '(56-33) 229 5862 (Zapallar)\n(56-33) 228 5636 (Catapilco)', 'mguzman@munizapallar.cl\nchuerta@munizapallar.cl'),
(24890, 561, '9d3069dc-ed0f-40f8-b3cb-a8b8837fbb59', '23', NULL, 'Pago por Servicios Funerarios', '1', 'El beneficio consiste en el pago de deudas hospitalarias para vecinos de la comuna que\ncumplan con los requisitos de residencia y de necesidad económica', 'Contar con residencia en la comuna por un periodo mínimo de 6 meses acreditable\nmediante RSH u otro instrumento de validación que lo reemplace\n\nContar con la Cédula de Identidad\n\nEntrevista con profesional asistente social que verifique cumplimiento de requisitos', 'Fotocopia de la Cédula de Identidad\n\nCertificado de defunción del causante\n\nDeclaración de ingresos y gastos\n\nInforme social emitido por profesional competente', 'Ilustre Municipalidad de Zapallar\nDirección de Desarrollo Comunitario', 'Januario Ovalle 147,\nZapallar\nJosé María Mercado 335,\nCatapilco', 'Lunes a Viernes\n08:30 a 14:00 y 15:00 a 17:30 hrs', 'Mayerlin Guzmán (Zapallar)\nConstanza Huerta (Catapilco)', '1', '2024-10-04 22:24:51', 0, 1, '0', '2025-05-12 16:40:03', '2025-05-12 16:40:03', 'Asistente Social', '(56-33) 229 5862 (Zapallar)\n(56-33) 228 5636 (Catapilco)', 'mguzman@munizapallar.cl\nchuerta@munizapallar.cl'),
(24891, 561, '9d3069dc-ed0f-40f8-b3cb-a8b8837fbb59', '23', NULL, 'Comodato de Servicio de Sepultación', '1', 'El beneficio consiste en provisión del servicio de sepultación para vecinos de la comuna que\ncumplan con los requisitos de residencia y de necesidad económica', 'Contar con residencia en la comuna por un periodo mínimo de 6 meses acreditable\nmediante RSH u otro instrumento de validación que lo reemplace\n\nContar con Cédula de Identidad\n\nEntrevista con profesional asistente social que verifique cumplimiento de requisitos', 'Fotocopia de la Cédula de Identidad\n\nCertificado de defunción del causante\n\nDeclaración de ingresos y gastos\n\nInforme social emitido por profesional competente', 'Ilustre Municipalidad de Zapallar\nDirección de Desarrollo Comunitario', 'Januario Ovalle 147,\nZapallar\nJosé María Mercado 335,\nCatapilco', 'Lunes a Viernes\n08:30 a 14:00 y 15:00 a 17:30 hrs', 'Mayerlin Guzmán (Zapallar)\nConstanza Huerta (Catapilco)', '1', '2024-10-04 22:24:51', 0, 1, '0', '2025-05-12 16:40:03', '2025-05-12 16:40:03', 'Asistente Social', '(56-33) 229 5862 (Zapallar)\n(56-33) 228 5636 (Catapilco)', 'mguzman@munizapallar.cl\nchuerta@munizapallar.cl'),
(24892, 561, '9d3069dc-ed0f-40f8-b3cb-a8b8837fbb59', '12', NULL, 'Pago de Servicios Básicos', '1', 'El beneficio consiste en el pago de servicios básicos para vecinos de la comuna que\ncumplan con los requisitos de residencia y de necesidad económica', 'Contar con residencia en la comuna por un periodo mínimo de 6 meses acreditable\nmediante RSH u otro instrumento de validación que lo reemplace\n\nContar con Cédula de Identidad\n\nEntrevista con profesional asistente social que verifique cumplimiento de requisitos', 'Fotocopia de la Cédula de Identidad\n\nBoleta del servicio\n\nDeclaración de ingresos y gastos\n\nInforme social emitido por profesional competente', 'Ilustre Municipalidad de Zapallar\nDirección de Desarrollo Comunitario', 'Januario Ovalle 147,\nZapallar\nJosé María Mercado 335,\nCatapilco', 'Lunes a Viernes\n08:30 a 14:00 y 15:00 a 17:30 hrs', 'Mayerlin Guzmán (Zapallar)\nConstanza Huerta (Catapilco)', '1', '2024-10-04 22:24:51', 0, 1, '0', '2025-05-12 16:40:03', '2025-05-12 16:40:03', 'Asistente Social', '(56-33) 229 5862 (Zapallar)\n(56-33) 228 5636 (Catapilco)', 'mguzman@munizapallar.cl\nchuerta@munizapallar.cl'),
(24893, 561, '9d3069dc-ed0f-40f8-b3cb-a8b8837fbb59', '13', NULL, 'Compra de Materiales de Construcción', '1', 'El beneficio consiste en la compra de materiales de construcción para vecinos de la comuna\nque cumplan con los requisitos de residencia y de necesidad económica', 'Contar con residencia en la comuna por un periodo mínimo de 6 meses acreditable\nmediante RSH u otro instrumento de validación que lo reemplace\n\nContar con Cédula de Identidad\n\nEntrevista con profesional asistente social que verifique cumplimiento de requisitos', 'Fotocopia de la Cédula de Identidad\n\nInforme técnico emitido por la Dirección de Medio Ambiente, Aseo y Ornato\n\nCotización de materiales\n\nDeclaración de ingresos y gastos\n\nInforme social emitido por profesional competente', 'Ilustre Municipalidad de Zapallar\nDirección de Desarrollo Comunitario', 'Januario Ovalle 147,\nZapallar\nJosé María Mercado 335,\nCatapilco', 'Lunes a Viernes\n08:30 a 14:00 y 15:00 a 17:30 hrs', 'Mayerlin Guzmán (Zapallar)\nConstanza Huerta (Catapilco)', '1', '2024-10-04 22:24:51', 0, 1, '0', '2025-05-12 16:40:03', '2025-05-12 16:40:03', 'Asistente Social', '(56-33) 229 5862 (Zapallar)\n(56-33) 228 5636 (Catapilco)', 'mguzman@munizapallar.cl\nchuerta@munizapallar.cl'),
(24894, 561, '9d3069dc-ed0f-40f8-b3cb-a8b8837fbb59', '13', NULL, 'Pago de Arriendo', '1', 'El beneficio consiste en el pago de arriendo para vecinos de la comuna que cumplan con los\nrequisitos de residencia y de necesidad económica', 'Contar con residencia en la comuna por un periodo mínimo de 6 meses acreditable\nmediante RSH u otro instrumento de validación que lo reemplace\n\nContar con Cédula de Identidad\n\nEntrevista con profesional asistente social que verifique cumplimiento de requisitos', 'Fotocopia de la Cédula de Identidad del arrendador y arrendatario\n\nContrato de arriendo firmado por ambos\n\nDeclaración de ingresos y gastos\n\nInforme social emitido por profesional competente', 'Ilustre Municipalidad de Zapallar\nDirección de Desarrollo Comunitario', 'Januario Ovalle 147,\nZapallar\nJosé María Mercado 335,\nCatapilco', 'Lunes a Viernes\n08:30 a 14:00 y 15:00 a 17:30 hrs', 'Mayerlin Guzmán (Zapallar)\nConstanza Huerta (Catapilco)', '1', '2024-10-04 22:24:51', 0, 1, '0', '2025-05-12 16:40:03', '2025-05-12 16:40:03', 'Asistente Social', '(56-33) 229 5862 (Zapallar)\n(56-33) 228 5636 (Catapilco)', 'mguzman@munizapallar.cl\nchuerta@munizapallar.cl'),
(24895, 561, '9d3069dc-ed0f-40f8-b3cb-a8b8837fbb59', '13', NULL, 'Compra de Mediagua', '1', 'El beneficio consiste en la compra de una mediagua para vecinos de la comuna que\ncumplan con los requisitos de residencia, dominio y necesidad económica', 'Contar con residencia en la comuna por un periodo mínimo de 6 meses acreditable\nmediante RSH u otro instrumento de validación que lo reemplace\n\nContar con Cédula de Identidad\n\nEntrevista con profesional asistente social que verifique cumplimiento de requisitos', 'Fotocopia de la Cédula de Identidad\n\nDocumento\nque\nacredite\nuso\nde\nterreno.\n(Propietario,\narrendatario,\ncomodatario,\nprecarista, etc.)\n\nDeclaración de ingresos y gastos\n\nInforme social emitido por profesional competente', 'Ilustre Municipalidad de Zapallar\nDirección de Desarrollo Comunitario', 'Januario Ovalle 147,\nZapallar\nJosé María Mercado 335,\nCatapilco', 'Lunes a Viernes\n08:30 a 14:00 y 15:00 a 17:30 hrs', 'Mayerlin Guzmán (Zapallar)\nConstanza Huerta (Catapilco)', '1', '2024-10-04 22:24:51', 0, 1, '0', '2025-05-12 16:40:03', '2025-05-12 16:40:03', 'Asistente Social', '(56-33) 229 5862 (Zapallar)\n(56-33) 228 5636 (Catapilco)', 'mguzman@munizapallar.cl\nchuerta@munizapallar.cl'),
(24896, 561, '9d3069dc-ed0f-40f8-b3cb-a8b8837fbb59', '13', NULL, 'Aporte al Ahorro para Postular a Vivienda \nDefinitiva', '1', 'El beneficio consiste en un aporte al ahorro para la postulación a vivienda definitiva para\nvecinos de la comuna que cumplan con los requisitos de residencia, ahorro y de necesidad\neconómica', 'Contar con residencia en la comuna por un periodo mínimo de 6 meses acreditable\nmediante RSH u otro instrumento de validación que lo reemplace\n\nContar con Cédula de Identidad\n\nEntrevista con profesional asistente social que verifique cumplimiento de requisitos', 'Fotocopia de la Cédula de Identidad\n\nContar con libreta de ahorro para la vivienda\n\nDeclaración de ingresos y gastos\n\nInforme social emitido por profesional competente', 'Ilustre Municipalidad de Zapallar\nDirección de Desarrollo Comunitario', 'Januario Ovalle 147,\nZapallar\nJosé María Mercado 335,\nCatapilco', 'Lunes a Viernes\n08:30 a 14:00 y 15:00 a 17:30 hrs', 'Mayerlin Guzmán (Zapallar)\nConstanza Huerta (Catapilco)', '1', '2024-10-04 22:24:51', 0, 1, '0', '2025-05-12 16:40:03', '2025-05-12 16:40:03', 'Asistente Social', '(56-33) 229 5862 (Zapallar)\n(56-33) 228 5636 (Catapilco)', 'mguzman@munizapallar.cl\nchuerta@munizapallar.cl'),
(24897, 561, '9d3069dc-ed0f-40f8-b3cb-a8b8837fbb59', '0', NULL, 'Cajas de Alimentos', '1', 'El beneficio consiste en la entrega de ayuda social directa en stock, en este caso una caja de\nalimentos, siempre y cuando él o la profesional Asistente Social determine en su opinión\ntécnica y contra la firma de un acta de entrega', 'Contar con residencia en la comuna por un periodo mínimo de 6 meses acreditable\nmediante RSH u otro instrumento de validación que lo reemplace\n\nContar con Cédula de Identidad\n\nEntrevista con profesional asistente social que verifique cumplimiento de requisitos', 'Fotocopia de la Cédula de Identidad', 'Ilustre Municipalidad de Zapallar\nDirección de Desarrollo Comunitario', 'Januario Ovalle 147,\nZapallar\nJosé María Mercado 335,\nCatapilco', 'Lunes a Viernes\n08:30 a 14:00 y 15:00 a 17:30 hrs', 'Mayerlin Guzmán (Zapallar)\nConstanza Huerta (Catapilco)', '1', '2024-10-04 22:24:51', 0, 1, '0', '2025-05-12 16:40:03', '2025-05-12 16:40:03', 'Asistente Social', '(56-33) 229 5862 (Zapallar)\n(56-33) 228 5636 (Catapilco)', 'mguzman@munizapallar.cl\nchuerta@munizapallar.cl'),
(24898, 561, '9d3069dc-ed0f-40f8-b3cb-a8b8837fbb59', '2', NULL, 'Pañales de Adultos y Niños', '1', 'El beneficio consiste en la entrega de ayuda social directa en stock, en este caso pañales de\nadultos y/o niños, siempre y cuando él o la profesional Asistente Social determine en su\nopinión técnica y contra la firma de un acta de entrega', 'Contar con residencia en la comuna por un periodo mínimo de 6 meses acreditable\nmediante RSH u otro instrumento de validación que lo reemplace\n\nContar con Cédula de Identidad\n\nEntrevista con profesional asistente social que verifique cumplimiento de requisitos', 'Fotocopia de la Cédula de Identidad', 'Ilustre Municipalidad de Zapallar\nDirección de Desarrollo Comunitario', 'Januario Ovalle 147,\nZapallar\nJosé María Mercado 335,\nCatapilco', 'Lunes a Viernes\n08:30 a 14:00 y 15:00 a 17:30 hrs', 'Mayerlin Guzmán (Zapallar)\nConstanza Huerta (Catapilco)', '1', '2024-10-04 22:24:51', 0, 1, '0', '2025-05-12 16:40:03', '2025-05-12 16:40:03', 'Asistente Social', '(56-33) 229 5862 (Zapallar)\n(56-33) 228 5636 (Catapilco)', 'mguzman@munizapallar.cl\nchuerta@munizapallar.cl'),
(24899, 561, '9d3069dc-ed0f-40f8-b3cb-a8b8837fbb59', '1', NULL, 'Suplementos Alimenticios', '1', 'El beneficio consiste en la entrega de ayuda social directa en stock, en este caso\nsuplementos alimenticios, siempre y cuando él o la profesional Asistente Social determine\nen su opinión técnica y contra la firma de un acta de entrega', 'Contar con residencia en la comuna por un periodo mínimo de 6 meses acreditable\nmediante RSH u otro instrumento de validación que lo reemplace\n\nContar con Cédula de Identidad\n\nEntrevista con profesional asistente social que verifique cumplimiento de requisitos', 'Fotocopia de la Cédula de Identidad', 'Ilustre Municipalidad de Zapallar\nDirección de Desarrollo Comunitario', 'Januario Ovalle 147,\nZapallar\nJosé María Mercado 335,\nCatapilco', 'Lunes a Viernes\n08:30 a 14:00 y 15:00 a 17:30 hrs', 'Mayerlin Guzmán (Zapallar)\nConstanza Huerta (Catapilco)', '1', '2024-10-04 22:24:51', 0, 1, '0', '2025-05-12 16:40:03', '2025-05-12 16:40:03', 'Asistente Social', '(56-33) 229 5862 (Zapallar)\n(56-33) 228 5636 (Catapilco)', 'mguzman@munizapallar.cl\nchuerta@munizapallar.cl'),
(24900, 561, '9d3069dc-ed0f-40f8-b3cb-a8b8837fbb59', '13', NULL, 'Estufas', '1', 'El beneficio consiste en la entrega de ayuda social directa en stock, en este caso estufas,\nsiempre y cuando él o la profesional Asistente Social determine en su opinión técnica y\ncontra la firma de un acta de entrega', 'Contar con residencia en la comuna por un periodo mínimo de 6 meses acreditable\nmediante RSH u otro instrumento de validación que lo reemplace\n\nContar con Cédula de Identidad\n\nEntrevista con profesional asistente social que verifique cumplimiento de requisitos', 'Fotocopia de la Cédula de Identidad', 'Ilustre Municipalidad de Zapallar\nDirección de Desarrollo Comunitario', 'Januario Ovalle 147,\nZapallar\nJosé María Mercado 335,\nCatapilco', 'Lunes a Viernes\n08:30 a 14:00 y 15:00 a 17:30 hrs', 'Mayerlin Guzmán (Zapallar)\nConstanza Huerta (Catapilco)', '1', '2024-10-04 22:24:51', 0, 1, '0', '2025-05-12 16:40:03', '2025-05-12 16:40:03', 'Asistente Social', '(56-33) 229 5862 (Zapallar)\n(56-33) 228 5636 (Catapilco)', 'mguzman@munizapallar.cl\nchuerta@munizapallar.cl'),
(24901, 561, '9d3069dc-ed0f-40f8-b3cb-a8b8837fbb59', '12', NULL, 'Carga de Gas / Cilindro', '1', 'El beneficio consiste en la entrega de ayuda social directa en stock, en este caso carga de\ngas y/o cilindro, siempre y cuando él o la profesional Asistente Social determine en su\nopinión técnica y contra la firma de un acta de entrega', 'Contar con residencia en la comuna por un periodo mínimo de 6 meses acreditable\nmediante RSH u otro instrumento de validación que lo reemplace\n\nContar con Cédula de Identidad\n\nEntrevista con profesional asistente social que verifique cumplimiento de requisitos', 'Fotocopia de la Cédula de Identidad', 'Ilustre Municipalidad de Zapallar\nDirección de Desarrollo Comunitario', 'Januario Ovalle 147,\nZapallar\nJosé María Mercado 335,\nCatapilco', 'Lunes a Viernes\n08:30 a 14:00 y 15:00 a 17:30 hrs', 'Mayerlin Guzmán (Zapallar)\nConstanza Huerta (Catapilco)', '1', '2024-10-04 22:24:51', 0, 1, '0', '2025-05-12 16:40:03', '2025-05-12 16:40:03', 'Asistente Social', '(56-33) 229 5862 (Zapallar)\n(56-33) 228 5636 (Catapilco)', 'mguzman@munizapallar.cl\nchuerta@munizapallar.cl'),
(24902, 561, '9d3069dc-ed0f-40f8-b3cb-a8b8837fbb59', '13', NULL, 'Contenedores de Agua', '1', 'El beneficio consiste en la entrega de ayuda social directa en stock, en este caso\ncontenedores de agua, siempre y cuando él o la profesional Asistente Social determine en su\nopinión técnica y contra la firma de un acta de entrega', 'Contar con residencia en la comuna por un periodo mínimo de 6 meses acreditable\nmediante RSH u otro instrumento de validación que lo reemplace\n\nContar con Cédula de Identidad\n\nEntrevista con profesional asistente social que verifique cumplimiento de requisitos', 'Fotocopia de la Cédula de Identidad', 'Ilustre Municipalidad de Zapallar\nDirección de Desarrollo Comunitario', 'Januario Ovalle 147,\nZapallar\nJosé María Mercado 335,\nCatapilco', 'Lunes a Viernes\n08:30 a 14:00 y 15:00 a 17:30 hrs', 'Mayerlin Guzmán (Zapallar)\nConstanza Huerta (Catapilco)', '1', '2024-10-04 22:24:51', 0, 1, '0', '2025-05-12 16:40:03', '2025-05-12 16:40:03', 'Asistente Social', '(56-33) 229 5862 (Zapallar)\n(56-33) 228 5636 (Catapilco)', 'mguzman@munizapallar.cl\nchuerta@munizapallar.cl'),
(24903, 561, '9d3069dc-ed0f-40f8-b3cb-a8b8837fbb59', '12', NULL, 'Gratuidad para el Acceso al Agua Potable', '1', 'El beneficio consiste en la entrega de ayuda social directa, en este caso gratuidad para el\nacceso al agua potable, siempre y cuando él o la profesional Asistente Social determine en\nsu opinión técnica y contra la firma de un acta de entrega', 'Contar con residencia en la comuna por un periodo mínimo de 6 meses acreditable\nmediante RSH u otro instrumento de validación que lo reemplace\n\nContar con Cédula de Identidad\n\nEntrevista con profesional asistente social que verifique cumplimiento de requisitos', 'Fotocopia de la Cédula de Identidad', 'Ilustre Municipalidad de Zapallar\nDirección de Desarrollo Comunitario', 'Januario Ovalle 147,\nZapallar\nJosé María Mercado 335,\nCatapilco', 'Lunes a Viernes\n08:30 a 14:00 y 15:00 a 17:30 hrs', 'Mayerlin Guzmán (Zapallar)\nConstanza Huerta (Catapilco)', '1', '2024-10-04 22:24:51', 0, 1, '0', '2025-05-12 16:40:03', '2025-05-12 16:40:03', 'Asistente Social', '(56-33) 229 5862 (Zapallar)\n(56-33) 228 5636 (Catapilco)', 'mguzman@munizapallar.cl\nchuerta@munizapallar.cl'),
(24904, 561, '9d3069dc-ed0f-40f8-b3cb-a8b8837fbb59', '24', NULL, 'Aporte Previsional Solidario de Invalidez \n(APSI)\nLey N° 20.255', '1', 'Es un beneficio en dinero que el Estado entrega mensualmente, a personas que reciben una\nPensión Previsional de Invalidez, por su incapacidad física o mental, lo cual le impide\ndesarrollar un trabajo', 'Tener entre 18 y hasta 65 años de edad (hombres y mujeres)\n\nReciban una Pensión base mensual inferior a $ 141.374 pesos (monto de la Pensión\nBásica Solidaria actual)\n\nSean declaradas Inválidas por la Comisión Médica o reciban una Pensión de Invalidez\n\nNo ser imponente de la Dirección de Carabineros de Chile (DIPRECA) y la Caja de\nPrevisión de la Defensa Nacional (CAPEDRENA), ni reciban pensiones de sobrevivencia, ya\nsea en calidad de titular o como beneficiario\n\nIntegrar un grupo familiar perteneciente al 60% más pobre de la población, determinado\npor el Puntaje de Focalización Previsional, entregado por el Registro Social de Hogares\n(RSH)', 'Cédula de Identidad\n\nPoder Notarial si el trámite lo realiza el apoderado apoderada del titular\n\nCopia del dictamen de Invalidez, emitido por la Comisión Médica, en caso de contar con él', 'Ilustre Municipalidad de Zapallar\nDirección de Desarrollo Comunitario\nDepartamento Social', 'Januario Ovalle 147,\nZapallar\nJosé María Mercado 335,\nCatapilco', 'Lunes a Viernes\n08:30 a 14:00 y 15:00 a 17:30 hrs', 'Mayerlin Guzmán (Zapallar)\nConstanza Huerta (Catapilco)', '1', '2024-10-04 22:24:51', 0, 1, '0', '2025-05-12 16:40:03', '2025-05-12 16:40:03', 'Asistente Social', '(56-33) 229 5862 (Zapallar)\n(56-33) 228 5636 (Catapilco)', 'mguzman@munizapallar.cl\nchuerta@munizapallar.cl'),
(24905, 561, '9d3069dc-ed0f-40f8-b3cb-a8b8837fbb59', '24', NULL, 'Aporte Previsional Solidario de Vejez\n(APSV)', '1', 'Es un aporte mensual en dinero que otorga el estado y que complementa las pensiones de\nVejez o sobrevivencia más bajas.\nEl Aporte Previsional Solidario de Vejez, dependerá del monto de la Pensión base, que posea\ncada beneficiario y su valor se recalcula cada vez que se reajusta el valor de la Pensión\nBásica Solidaria. (reajustable en el mes de julio de cada año)', 'Tener 65 años o más (hombres y mujeres)\n\nTener una pensión base igual o menor a la Pensión Máxima con Aporte Solidario (PMAS)\nestablecida cada año\n\nNo ser imponente ni pensionado de la Dirección de Previsión de Carabineros de Chile\n(DIPRECA) o de la Caja de Previsión de la Defensa Nacional (CAPREDENA)\n\nContar con Registro Social de Hogares y pertenecer al 60% de las familias más\nvulnerables, de acuerdo al Instrumento Técnico de Focalización y que es determinado por\nel Instituto de Previsión Social una vez ingresada la solicitud\n\nAcreditar residencia en el territorio nacional por un lapso de 20 años, a partir de los 20\naños de edad; y haber residido en Chile al menos 4 de los últimos 5 años anteriores a la\nsolicitud', 'Cédula de Identidad', 'Ilustre Municipalidad de Zapallar\nDirección de Desarrollo Comunitario\nDepartamento Social', 'Januario Ovalle 147,\nZapallar\nJosé María Mercado 335,\nCatapilco', 'Lunes a Viernes\n08:30 a 14:00 y 15:00 a 17:30 hrs', 'Mayerlin Guzmán (Zapallar)\nConstanza Huerta (Catapilco)', '1', '2024-10-04 22:24:51', 0, 1, '0', '2025-05-12 16:40:03', '2025-05-12 16:40:03', 'Asistente Social', '(56-33) 229 5862 (Zapallar)\n(56-33) 228 5636 (Catapilco)', 'mguzman@munizapallar.cl\nchuerta@munizapallar.cl');
INSERT INTO `beneficio_servicios` (`id`, `catalogo_id`, `author_id`, `category_local`, `category_national`, `name`, `type`, `desc`, `reqs`, `docs`, `vendor`, `address`, `schedule`, `contact`, `state`, `date`, `oferta_nacional`, `active`, `flag`, `created_at`, `updated_at`, `contact_position`, `contact_phone`, `contact_email`) VALUES
(24906, 561, '9d3069dc-ed0f-40f8-b3cb-a8b8837fbb59', '24', NULL, 'Pensión Básica Solidaria de Invalidez\n(PBSI)', '1', 'Es un beneficio económico que otorga el estado a todas aquellas personas que no tengan\nderecho a pensión el algún régimen previsional y que cumplan con los requisitos que\nestablece la ley', 'Tener al menos 18 años de edad y ser menor de 65 años\n\nHaber sido declarado con invalidez por las Comisiones Médicas definidas en el sistema\nde AFP\n\nNo tener pensión en ningún régimen previsional, ni como titular ni como beneficiario de\npensión de sobrevivencia\n\nHaber residido en Chile al menos 5 de los últimos 6 años inmediatamente anteriores a la\nfecha de solicitud del beneficio\n\nContar con Registro Social de Hogares y pertenecer al 60% más vulnerable', 'Cédula de Identidad', 'Ilustre Municipalidad de Zapallar\nDirección de Desarrollo Comunitario\nDepartamento Social', 'Januario Ovalle 147,\nZapallar\nJosé María Mercado 335,\nCatapilco', 'Lunes a Viernes\n08:30 a 14:00 y 15:00 a 17:30 hrs', 'Mayerlin Guzmán (Zapallar)\nConstanza Huerta (Catapilco)', '1', '2024-10-04 22:24:51', 0, 1, '0', '2025-05-12 16:40:03', '2025-05-12 16:40:03', 'Asistente Social', '(56-33) 229 5862 (Zapallar)\n(56-33) 228 5636 (Catapilco)', 'mguzman@munizapallar.cl\nchuerta@munizapallar.cl'),
(24907, 561, '9d3069dc-ed0f-40f8-b3cb-a8b8837fbb59', '24', NULL, 'Pensión Básica Solidaria de Vejez\n(PBSV)\nLey N° 20.255', '1', 'Es un beneficio económico que otorga el estado a todas aquellas personas que no tengan\nderecho a pensión en algún régimen previsional y que cumplan con los requisitos que\nestablece la ley.\nLas Pensiones Básicas Solidarias se reajustan anualmente en el mes de julio, de acuerdo al\nIPC.\nTodos los beneficiarios de Pensión Básica Solidaria, tendrán acceso a Modalidad de Libre\nElección en FONASA, de esta forma, además de la atención médica gratuita en hospitales y\nconsultorios', 'No tener pensión en ningún régimen previsional, ni como titular ni como beneficiario de\npensión de sobrevivencia\n\nTener cumplidos los 65 años de edad\n\nContar con Registro Social de Hogares y pertenecer a un hogar calificado hasta el 60% de\nmayor vulnerabilidad\n\nAcreditar residencia en el territorio nacional por un lapso de 20 años, a partir de los 20\naños de edad; y haber residido en Chile al menos 4 de los últimos 5 años anteriores a la\nsolicitud\n\nPertenecer al 60% de las familias más pobres, de acuerdo al Instrumento Técnico de\nFocalización (ITF)\n\nDeberán poseer un puntaje menor o igual a 1.206 de este instrumento ITF', 'Cédula de Identidad', 'Ilustre Municipalidad de Zapallar\nDirección de Desarrollo Comunitario\nDepartamento Social', 'Januario Ovalle 147,\nZapallar\nJosé María Mercado 335,\nCatapilco', 'Lunes a Viernes\n08:30 a 14:00 y 15:00 a 17:30 hrs', 'Mayerlin Guzmán (Zapallar)\nConstanza Huerta (Catapilco)', '1', '2024-10-04 22:24:51', 0, 1, '0', '2025-05-12 16:40:03', '2025-05-12 16:40:03', 'Asistente Social', '(56-33) 229 5862 (Zapallar)\n(56-33) 228 5636 (Catapilco)', 'mguzman@munizapallar.cl\nchuerta@munizapallar.cl'),
(24908, 561, '9d3069dc-ed0f-40f8-b3cb-a8b8837fbb59', '24', NULL, 'Subsidio al Recién Nacido\n(SUF Recién Nacido)', '1', 'El beneficio consiste en el subsidio económico otorgado por el Estado a hijos recién nacidos,\ncuya madre haya recibido el beneficio de Subsidio Maternal.\nPeriodo de postulación hasta el 3er mes de nacido del Recién Nacido, debiendo estar antes\ningresado en el Registro Social de Hogares.\nBeneficio dura 3 años', 'Ser parte del Registro Social de Hogares y pertenecer al 60% de mayor vulnerabilidad\n\nNo estar afiliado a ningún régimen previsional', 'Certificado de Nacimiento del menor\n\nCarne de Control Niño Sano', 'Ilustre Municipalidad de Zapallar\nDirección de Desarrollo Comunitario\nDepartamento Social', 'Januario Ovalle 147,\nZapallar\nJosé María Mercado 335,\nCatapilco', 'Lunes a Viernes\n08:30 a 14:00 y 15:00 a 17:30 hrs', 'Mayerlin Guzmán (Zapallar)\nConstanza Huerta (Catapilco)', '1', '2024-10-04 22:24:51', 0, 1, '0', '2025-05-12 16:40:03', '2025-05-12 16:40:03', 'Asistente Social', '(56-33) 229 5862 (Zapallar)\n(56-33) 228 5636 (Catapilco)', 'mguzman@munizapallar.cl\nchuerta@munizapallar.cl'),
(24909, 561, '9d3069dc-ed0f-40f8-b3cb-a8b8837fbb59', '24', NULL, 'Subsidio Discapacidad Mental\n(SDM)\nDL. N°18.600', '1', 'El Subsidio para personas con discapacidad mental es dirigido a menores hasta los 18 años\nde edad, carentes de recursos. Consiste en un apoyo económico mensual, de monto igual\npara todos los beneficiarios, el dinero es entregado a las personas que los tienen a su cargo\ny es otorgado por el Estado', 'Estar inscrito en el Registro Social de Hogares y pertenecer a un hogar calificado hasta el\n20% de mayor vulnerabilidad social\n\nHaber sido declarado con discapacidad mental por la COMPIN, correspondiente a su\ndomicilio\n\nNo ser carga familiar en sistema previsional ni ser beneficiario de otro subsidio\n\nSer menor de 18 años\n\nTener una residencia continúa en el país, por lo menos, tres años inmediatamente\nanteriores a la fecha de presentación de la solicitud', 'Certificado de nacimiento de él o la menor\n\nCédula de Identidad del postulante y de la madre/padre o tutor\n\nFormularios del D.L. N° 869 y D.L.\nN° 18.600, que son entregados por el funcionario\nresponsable del municipio y completados tanto por el Médico o Especialista y Psicólogo\nrespectivamente', 'Ilustre Municipalidad de Zapallar\nDirección de Desarrollo Comunitario\nDepartamento Social', 'Januario Ovalle 147,\nZapallar\nJosé María Mercado 335,\nCatapilco', 'Lunes a Viernes\n08:30 a 14:00 y 15:00 a 17:30 hrs', 'Mayerlin Guzmán (Zapallar)\nConstanza Huerta (Catapilco)', '1', '2024-10-04 22:24:51', 0, 1, '0', '2025-05-12 16:40:03', '2025-05-12 16:40:03', 'Asistente Social', '(56-33) 229 5862 (Zapallar)\n(56-33) 228 5636 (Catapilco)', 'mguzman@munizapallar.cl\nchuerta@munizapallar.cl'),
(24910, 561, '9d3069dc-ed0f-40f8-b3cb-a8b8837fbb59', '24', NULL, 'Subsidio Maternal', '1', 'Es un aporte monetario que se otorga a todas a aquellas mujeres gestantes a contar del 5°\nmes de embarazo, sin previsión y que no sean beneficiarias de Subsidio de la Madre.\nEl monto actual es de $ 118.395 pesos, que corresponde al valor de un Subsidio Familiar\nmensual, por los 9 meses de embarazo, el cual se reajusta año a año', 'Contar con Registro Social de Hogares\n\nPertenecer a un hogar calificado hasta el 60% de mayor vulnerabilidad', 'Certificado de embarazo, emitido desde el 5° mes de gestación, por médico o matrona de\nla red de Servicio Público\n\nCédula de Identidad vigente\n\nMujeres extranjeras que cuenten con residencia\n\nUna vez nacido/a y antes de cumplir 3 meses, deberá ser incorporado en el Registro\nSocial de Hogares, para posteriormente realizar postulación como Recién Nacido', 'Ilustre Municipalidad de Zapallar\nDirección de Desarrollo Comunitario\nDepartamento Social', 'Januario Ovalle 147,\nZapallar\nJosé María Mercado 335,\nCatapilco', 'Lunes a Viernes\n08:30 a 14:00 y 15:00 a 17:30 hrs', 'Mayerlin Guzmán (Zapallar)\nConstanza Huerta (Catapilco)', '1', '2024-10-04 22:24:51', 0, 1, '0', '2025-05-12 16:40:03', '2025-05-12 16:40:03', 'Asistente Social', '(56-33) 229 5862 (Zapallar)\n(56-33) 228 5636 (Catapilco)', 'mguzman@munizapallar.cl\nchuerta@munizapallar.cl'),
(24911, 561, '9d3069dc-ed0f-40f8-b3cb-a8b8837fbb59', '24', NULL, 'Subsidio Único Familiar a la Madre\n(SUF)\nLey N° 18.020', '1', 'Es un Subsidio económico otorgado por el Estado a la Madres de hijos causantes de\nSubsidio Único Familiar, carentes de recursos y sin previsión social.\nValor mensual actual es de $ 13.155 pesos, se reajusta en forma anual de acuerdo a la\nvariación del índice de precios al consumidor (IPC).\nSe pueden realizar las postulaciones durante todo el año.\nBeneficio dura 3 años, un mes antes del vencimiento puede volver a postular', 'Estar inscrito en el Registro Social de Hogares\n\nPertenecer a un hogar calificado hasta el 60% de menores ingresos', 'Fotocopia de la Cédula de Identidad', 'Ilustre Municipalidad de Zapallar\nDirección de Desarrollo Comunitario\nDepartamento Social', 'Januario Ovalle 147,\nZapallar\nJosé María Mercado 335,\nCatapilco', 'Lunes a Viernes\n08:30 a 14:00 y 15:00 a 17:30 hrs', 'Mayerlin Guzmán (Zapallar)\nConstanza Huerta (Catapilco)', '1', '2024-10-04 22:24:51', 0, 1, '0', '2025-05-12 16:40:03', '2025-05-12 16:40:03', 'Asistente Social', '(56-33) 229 5862 (Zapallar)\n(56-33) 228 5636 (Catapilco)', 'mguzman@munizapallar.cl\nchuerta@munizapallar.cl'),
(24912, 561, '9d3069dc-ed0f-40f8-b3cb-a8b8837fbb59', '24', NULL, 'Subsidio Único Familiar Duplo\n(SUF)', '1', 'Es un aporte monetario mensual otorgado por el estado, destinado a personas con algún\nporcentaje de invalidez y/o discapacidad mental, carentes de recursos, que no pueden\nacceder a la Asignación Familiar, porque no son trabajadores afiliados a un sistema\nprevisional. Es el equivalente a un Subsidio doble de $ 26.310 pesos. Mensual (actual), se\nreajusta anualmente de acuerdo a la variación experimentada por el IPC. Tienen derecho a\nprestaciones médicas, preventivas, curativas y odontológicas gratuitas en todos los\nservicios de salud.\nEl beneficio tiene una duración de 3 años, un mes antes del vencimiento puede volver a\npostular, si cumple requisito', 'Estar inscrito en el Registro Social de Hogares\n\nPertenecer a un hogar calificado hasta el 60% de menores ingresos\n\nResolución de COMPIN, que acredite invalidez', 'Certificado de nacimiento de él o la menor\n\nFotocopia del carné de control de niño sano, al día, de los menores de 6 años\n\nCertificado de alumno regular de los mayores de 6 años\n\nTratándose de menores y cuando corresponda, se deberá acreditar la calidad de\nguardador o cuidador', 'Ilustre Municipalidad de Zapallar\nDirección de Desarrollo Comunitario\nDepartamento Social', 'Januario Ovalle 147,\nZapallar\nJosé María Mercado 335,\nCatapilco', 'Lunes a Viernes\n08:30 a 14:00 y 15:00 a 17:30 hrs', 'Mayerlin Guzmán (Zapallar)\nConstanza Huerta (Catapilco)', '1', '2024-10-04 22:24:51', 0, 1, '0', '2025-05-12 16:40:03', '2025-05-12 16:40:03', 'Asistente Social', '(56-33) 229 5862 (Zapallar)\n(56-33) 228 5636 (Catapilco)', 'mguzman@munizapallar.cl\nchuerta@munizapallar.cl'),
(24913, 561, '9d3069dc-ed0f-40f8-b3cb-a8b8837fbb59', '24', NULL, 'Subsidio Único Familiar\n(SUF)\nLey N°18.020', '1', 'El beneficio del Subsidio Único Familiar es una ayuda monetaria mensual que entrega el\nEstado, a todas las personas carentes de recursos, que no pueden acceder a la Asignación\nFamiliar, porque no son trabajadores afiliados a un sistema previsional. Es pagado por cada\ncarga familiar, monto actual del beneficio mensual es de $ 13.155 pesos. Se reajusta\nanualmente de acuerdo a la variación experimentada por el IPC.\nDerecho a prestaciones médicas preventivas, curativas y odontológicas gratuitas, en todos\nlos servicios de salud.\nTiene una duración de 3 años, un mes antes del vencimiento puede volver a postular, si\ncumple requisito', 'Estar inscrito en el Registro Social de Hogares\n\nPertenecer a un hogar calificado hasta el 60% de menores ingresos', 'Certificado de nacimiento de él o la menor\n\nFotocopia del carné de control de niño sano, al día, de los menores de 6 años\n\nCertificado de alumno regular de los mayores de 6 años\n\nTratándose de menores y cuando corresponda, se deberá acreditar la calidad de\nguardador o cuidador', 'Ilustre Municipalidad de Zapallar\nDirección de Desarrollo Comunitario\nDepartamento Social', 'Januario Ovalle 147,\nZapallar\nJosé María Mercado 335,\nCatapilco', 'Lunes a Viernes\n08:30 a 14:00 y 15:00 a 17:30 hrs', 'Mayerlin Guzmán (Zapallar)\nConstanza Huerta (Catapilco)', '1', '2024-10-04 22:24:51', 0, 1, '0', '2025-05-12 16:40:03', '2025-05-12 16:40:03', 'Asistente Social', '(56-33) 229 5862 (Zapallar)\n(56-33) 228 5636 (Catapilco)', 'mguzman@munizapallar.cl\nchuerta@munizapallar.cl'),
(24914, 561, '9d3069dc-ed0f-40f8-b3cb-a8b8837fbb59', '22', NULL, 'Ingreso al Registro Social de Hogares', '0', 'Este tipo de solicitud es efectuada por aquellos hogares que requieren ser incorporados al\nRegistro Social de Hogares, y que no cuentan con información, o aquellos que requieran\ncrear nuevo registro atendiendo cambios de composición familiar', 'Cédula de Identidad (Vigente)', 'Copia de la Cédula de Identidad por ambos lados\n\nCertificado de residencia\n\nBoleta servicio agua y luz', 'Ilustre Municipalidad de Zapallar\nDirección de Desarrollo Comunitario\nDepartamento Social', 'Januario Ovalle 147,\nZapallar\nJosé María Mercado 335,\nCatapilco', 'Lunes a Viernes\n08:30 a 14:00 y 15:00 a 17:30 hrs', 'Mayerlin Guzmán (Zapallar)\nConstanza Huerta (Catapilco)', '1', '2024-10-04 22:24:51', 0, 1, '0', '2025-05-12 16:40:03', '2025-05-12 16:40:03', 'Asistente Social', '(56-33) 229 5862 (Zapallar)\n(56-33) 228 5636 (Catapilco)', 'mguzman@munizapallar.cl\nchuerta@munizapallar.cl'),
(24915, 561, '9d3069dc-ed0f-40f8-b3cb-a8b8837fbb59', '22', NULL, 'Actualización del Registro Social de \nHogares', '0', 'La solicitud de actualización de información proveniente de autor reporte es el proceso\nmediante el cual, se informa al Registro Social de Hogares que la información presentada si\nbien es correcta, no se encuentra actualizada.\nLas actualizaciones que se pueden realizar son las siguientes: Cambio de domicilio,\nincorporaciones, desvinculaciones, módulo de educación, módulo de salud, módulo de\nocupación e ingreso y cambio de Jefe de Hogar', 'Cédula de Identidad (Vigente)', 'Copia de la Cédula de Identidad por ambos lados\n\nCertificado de nacimiento con las subscripciones que correspondan, en caso de proceder\n(menor de 18 años)\n\nCertificado de residencia\n\nCertificado de Cotizaciones 12 últimos meses\n\nOtros documentos de acuerdo a la solicitud', 'Ilustre Municipalidad de Zapallar\nDirección de Desarrollo Comunitario', 'Januario Ovalle 147,\nZapallar\nJosé María Mercado 335,\nCatapilco', 'Lunes a Viernes\n08:30 a 14:00 y 15:00 a 17:30 hrs', 'Mayerlin Guzmán (Zapallar)\nConstanza Huerta (Catapilco)', '1', '2024-10-04 22:24:51', 0, 1, '0', '2025-05-12 16:40:03', '2025-05-12 16:40:03', 'Asistente Social', '(56-33) 229 5862 (Zapallar)\n(56-33) 228 5636 (Catapilco)', 'mguzman@munizapallar.cl\nchuerta@munizapallar.cl'),
(24916, 561, '9d3069dc-ed0f-40f8-b3cb-a8b8837fbb59', '22', NULL, 'Actualización de Registros Administrativos', '0', 'Permite la actualización de datos provenientes de registros administrativos por variaciones\nde ingreso o reportar una situación de cesantía, sin perjuicio que la fuente de ingreso sea\ncomo trabajador dependiente o independiente', 'Cédula de Identidad (Vigente)', 'Copia de la Cédula de Identidad por ambos lados\nTrabajador dependiente:\n\nLiquidaciones de sueldo, o\n\nCertificado de remuneraciones imponibles\n\nFiniquito o carta de término de relación laboral, o\n\nCarta de renuncia firmada ante ministro de fe y recepcionada por el empleador, o\nTrabajador de independiente:\n\nResumen de boletas de honorarios\n\nCertificado de remuneraciones imponibles (fuente del dato SS o SP)\n\nCarpeta Tributaria (SII)', 'Ilustre Municipalidad de Zapallar\nDirección de Desarrollo Comunitario', 'Januario Ovalle 147,\nZapallar\nJosé María Mercado 335,\nCatapilco', 'Lunes a Viernes\n08:30 a 14:00 y 15:00 a 17:30 hrs', 'Mayerlin Guzmán (Zapallar)\nConstanza Huerta (Catapilco)', '1', '2024-10-04 22:24:51', 0, 1, '0', '2025-05-12 16:40:03', '2025-05-12 16:40:03', 'Asistente Social', '(56-33) 229 5862 (Zapallar)\n(56-33) 228 5636 (Catapilco)', 'mguzman@munizapallar.cl\nchuerta@munizapallar.cl'),
(24917, 561, '9d3069dc-ed0f-40f8-b3cb-a8b8837fbb59', '22', NULL, 'Rectificación del Registro Social de \nHogares', '0', 'La solicitud de rectificación de información proveniente de registro administrativo es el\nproceso mediante el cual, el titular del dato administrativo solicita la revisión de su\ninformación contenida en el RSH dado que considera que ésta se encuentra errónea', 'Cédula de Identidad (Vigente)', 'Copia de la Cédula de Identidad por ambos lados\n\nCertificado de institución fuente de la información (SP, AC, SS, SII)\n\nCertificado de remuneración imponible (cotizaciones)\n\nInforme de Ingresos emitido por SII\n\nCarpeta tributaria', 'Ilustre Municipalidad de Zapallar\nDirección de Desarrollo Comunitario', 'Januario Ovalle 147,\nZapallar\nJosé María Mercado 335,\nCatapilco', 'Lunes a Viernes\n08:30 a 14:00 y 15:00 a 17:30 hrs', 'Mayerlin Guzmán (Zapallar)\nConstanza Huerta (Catapilco)', '1', '2024-10-04 22:24:51', 0, 1, '0', '2025-05-12 16:40:03', '2025-05-12 16:40:03', 'Asistente Social', '(56-33) 229 5862 (Zapallar)\n(56-33) 228 5636 (Catapilco)', 'mguzman@munizapallar.cl\nchuerta@munizapallar.cl'),
(24918, 561, '9d3069dc-ed0f-40f8-b3cb-a8b8837fbb59', '22', NULL, 'Complemento del Registro Social de \nHogares', '0', 'La solicitud de complemento permite adicionar información o antecedentes, que no\ncontando en el registro social de hogares pueda incidir en la caracterización del hogar', 'Cédula de Identidad (Vigente)', 'Copia de la Cédula de Identidad por ambos lados\n\nPago o recepción de Pensión de Alimentos\n\nPago o recepción de compensación económica\n\nBeca de Establecimiento Educacional\n\nCotización de Salud\n\nBien raíz', 'Ilustre Municipalidad de Zapallar\nDirección de Desarrollo Comunitario', 'Januario Ovalle 147,\nZapallar\nJosé María Mercado 335,\nCatapilco', 'Lunes a Viernes\n08:30 a 14:00 y 15:00 a 17:30 hrs', 'Mayerlin Guzmán (Zapallar)\nConstanza Huerta (Catapilco)', '1', '2024-10-04 22:24:51', 0, 1, '0', '2025-05-12 16:40:03', '2025-05-12 16:40:03', 'Asistente Social', '(56-33) 229 5862 (Zapallar)\n(56-33) 228 5636 (Catapilco)', 'mguzman@munizapallar.cl\nchuerta@munizapallar.cl'),
(24919, 562, '9d3069dc-ed0f-40f8-b3cb-a8b8837fbb59', '2', NULL, 'Pañales para Adultos o Niños (as)', '1', 'Este beneficio consiste en la entrega de 02 paquete de pañales según talla por usuario\nsolicitante', 'Persona con diagnóstico de “Incontinencia Urinaria o Mixta” y/o en calidad de postrado\n(en caso de adultos)\n\nAcreditar vulnerabilidad según RSH (40%)\n\nContar con control de niño/a al día.(en caso de niños)\n\nVerificar realidad social (Desempleo/Endeudamiento etc.) (encaso de niños)', 'Certificado Emitido por Enfermera de CECOSF Chacay o CESFAM de Ñiquén (en caso de\nadultos)\n\nRegistro Social de Hogares\n\nCarnet de Control Médico del niño/a', 'Ilustre Municipalidad de Ñiquén\nDepartamento Social', 'Estado 188,\nSan Gregorio', 'Lunes a Viernes\n08:30 a 13:30 hrs', 'Elizabeth Narváez Sepúlveda', '1', '2024-10-04 22:24:51', 0, 1, '0', '2025-05-12 16:40:03', '2025-05-12 16:40:03', 'Asistente Social', '(56-42) 220 3911', 'narvaezsepulveda1990@g\nmail.com'),
(24920, 562, '9d3069dc-ed0f-40f8-b3cb-a8b8837fbb59', '1', NULL, 'Leches', '1', 'Este beneficio consiste en la entrega de 01 tarro de leche Ensure, Glucerna o Nidal Etapa\nNiño por usuario solicitante', 'En el caso de Adultos que requieran Ensure\n\nUsuarios con Diagnostico de “Desnutrición” “Cáncer” entre otras enfermedades\n\nEn el caso de Adultos que requieran Glucerna\n\nPersona con diagnóstico de “Desnutrición”; “Cáncer” “Diabetes Mellitus”\nEn el caso de Niño\n\nAcreditar vulnerabilidad según RSH (40%)\n\nContar control de niño al día\n\nVerificar realidad social (Desempleo/Endeudamiento etc.)', 'En caso de Adultos\n\nCertificado Emitido por Enfermera o Nutricionista de CECOSF Chacay o CESFAM de\nÑiquén\nEn caso de Niños\n\nRegistro Social de Hogares.(40%)\n\nCarnet de Control Médico del niñ@\n\nReceta de pediatra o matrona indicando el requerimiento de la leche', 'Ilustre Municipalidad de Ñiquén\nDepartamento Social', 'Estado 188,\nSan Gregorio', 'Lunes a Viernes\n08:30 a 13:30 hrs', 'Elizabeth Narváez Sepúlveda', '1', '2024-10-04 22:24:51', 0, 1, '0', '2025-05-12 16:40:03', '2025-05-12 16:40:03', 'Asistente Social', '(56-42) 220 3911', 'narvaezsepulveda1990@g\nmail.com'),
(24921, 562, '9d3069dc-ed0f-40f8-b3cb-a8b8837fbb59', '21', NULL, 'Devolución de Pasajes', '1', 'Este beneficio consiste en la entrega de un aporte monetario hasta el 50% de lo gastado en\ntraslados para consultas médicas', 'Diagnóstico de enfermedad que requiera tratamiento presencial en un centro Médico', 'Certificado Médico que indique el tratamiento (Se entrega Formulario)\n\nHorario de atención médica para el tratamiento\n\nFormulario de devolución de pasajes timbrado con pasajes adheridos en hoja posterior', 'Ilustre Municipalidad de Ñiquén\nDepartamento Social', 'Estado 188,\nSan Gregorio', 'Lunes a Viernes\n08:30 a 13:30 hrs', 'Elizabeth Narváez Sepúlveda', '1', '2024-10-04 22:24:51', 0, 1, '0', '2025-05-12 16:40:03', '2025-05-12 16:40:03', 'Asistente Social', '(56-42) 220 3911', 'narvaezsepulveda1990@g\nmail.com'),
(24922, 562, '9d3069dc-ed0f-40f8-b3cb-a8b8837fbb59', '11', NULL, 'Medicamentos', '1', 'Este beneficio consiste en la entrega de un medicamento (caja/jarabe/gotas) según\nrequerimiento del solicitante', 'Acreditar enfermedad que requiere de la receta\n\nAcreditar vulnerabilidad según RSH (40%-50%)', 'Receta médica donde se indique el medicamento\n\nRegistro Social de Hogares (40%-50%)', 'Ilustre Municipalidad de Ñiquén\nDepartamento Social', 'Estado 188,\nSan Gregorio', 'Estado 188,\nSan Gregorio\nLunes a Viernes\n08:30 a 13:30 hrs', 'Elizabeth Narváez Sepúlveda', '1', '2024-10-04 22:24:51', 0, 1, '0', '2025-05-12 16:40:03', '2025-05-12 16:40:03', 'Asistente Social', '(56-42) 220 3911', 'narvaezsepulveda1990@g\nmail.com'),
(24923, 562, '9d3069dc-ed0f-40f8-b3cb-a8b8837fbb59', '5', NULL, 'Aporte Económico para Compra de \nMedicamento de Alto Valor', '1', 'Este beneficio consiste en la entrega de un aporte monetario para que el usuario solicitante\npueda acceder a comprar un medicamento que tiene un alto valor. Se considera solo un %\ndel valor total de medicamento', 'Acreditar vulnerabilidad según Registro Social de Hogares (40%-50%)\n\nEncontrarse en tratamiento médico donde se indica el uso del medicamento', 'Registro Social de Hogares (40%-50%)\n\nReceta del medicamento\n\nCotización del producto a nombre del solicitante, o boleta de compra del medicamento', 'Ilustre Municipalidad de Ñiquén\nDepartamento Social', 'Estado 188,\nSan Gregorio', 'Estado 188,\nSan Gregorio\nLunes a Viernes\n08:30 a 13:30 hrs', 'Elizabeth Narváez Sepúlveda', '1', '2024-10-04 22:24:51', 0, 1, '0', '2025-05-12 16:40:03', '2025-05-12 16:40:03', 'Asistente Social', '(56-42) 220 3911', 'narvaezsepulveda1990@g\nmail.com'),
(24924, 562, '9d3069dc-ed0f-40f8-b3cb-a8b8837fbb59', '13', NULL, 'Materiales de Construcción', '1', 'Este beneficio consiste en la entrega de materiales de construcción a familias solicitantes,\nAyuda entrega dependiendo el stock y solicitudes post visita domiciliaria', 'Acreditar inicio de obra (solo construcción)\n\nAcreditar vulnerabilidad según RSH (40%-50%)', 'Registro Social de Hogares', 'Ilustre Municipalidad de Ñiquén\nDepartamento Social', 'Estado 188,\nSan Gregorio', 'Estado 188,\nSan Gregorio\nLunes a Viernes\n08:30 a 13:30 hrs', 'Elizabeth Narváez Sepúlveda', '1', '2024-10-04 22:24:51', 0, 1, '0', '2025-05-12 16:40:03', '2025-05-12 16:40:03', 'Asistente Social', '(56-42) 220 3911', 'narvaezsepulveda1990@g\nmail.com'),
(24925, 562, '9d3069dc-ed0f-40f8-b3cb-a8b8837fbb59', '13', NULL, 'Materiales de Áridos', '1', 'Se facilita camión y entrega a domicilio 1 o ½ camionada de Arena, Gravilla o Ripio', 'Acreditar inicio de obra (solo construcción)\n\nAcreditar vulnerabilidad según RSH (40%-50%)', 'Registro Social de Hogares', 'Ilustre Municipalidad de Ñiquén\nDepartamento Social', 'Estado 188,\nSan Gregorio', 'Estado 188,\nSan Gregorio\nLunes a Viernes\n08:30 a 13:30 hrs', 'Elizabeth Narváez Sepúlveda', '1', '2024-10-04 22:24:51', 0, 1, '0', '2025-05-12 16:40:03', '2025-05-12 16:40:03', 'Asistente Social', '(56-42) 220 3911', 'narvaezsepulveda1990@g\nmail.com'),
(24926, 562, '9d3069dc-ed0f-40f8-b3cb-a8b8837fbb59', '13', NULL, 'Ropa de Cama', '1', 'Este beneficio consiste en la entrega de una cama y ropa de cama por familia solicitante', 'Acreditar vulnerabilidad según Registro Social de Hogares (40%)\n\nVerificar realidad social (Desempleo/Endeudamiento etc.)\n\nCondiciones de hacinamiento', 'Registro Social de Hogares', 'Ilustre Municipalidad de Ñiquén\nDepartamento Social', 'Estado 188,\nSan Gregorio', 'Estado 188,\nSan Gregorio\nLunes a Viernes\n08:30 a 13:30 hrs', 'Elizabeth Narváez Sepúlveda', '1', '2024-10-04 22:24:51', 0, 1, '0', '2025-05-12 16:40:03', '2025-05-12 16:40:03', 'Asistente Social', '(56-42) 220 3911', 'narvaezsepulveda1990@g\nmail.com'),
(24927, 562, '9d3069dc-ed0f-40f8-b3cb-a8b8837fbb59', '0', NULL, 'Canastas Familiares', '1', 'Este beneficio consiste en la entrega una caja de mercadería, por familia', 'Acreditar vulnerabilidad según Registro Social de Hogares (40%)\n\nVerificar realidad social (Desempleo/endeudamiento etc.)', 'Registro Social de Hogares (40%)\n\nFiniquito de trabajo (si corresponde)', 'Ilustre Municipalidad de Ñiquén\nDepartamento Social', 'Estado 188,\nSan Gregorio', 'Estado 188,\nSan Gregorio\nLunes a Viernes\n08:30 a 13:30 hrs', 'Elizabeth Narváez Sepúlveda', '1', '2024-10-04 22:24:51', 0, 1, '0', '2025-05-12 16:40:03', '2025-05-12 16:40:03', 'Asistente Social', '(56-42) 220 3911', 'narvaezsepulveda1990@g\nmail.com'),
(24928, 562, '9d3069dc-ed0f-40f8-b3cb-a8b8837fbb59', '23', NULL, 'Aporte Económico para Gastos Funerarios', '1', 'Se entrega un aporte monetario para el pago de servicios funerarios. Solo se considera un %\ndel valor total del servicio', 'Acreditar vulnerabilidad según Registro Social (40%)\n\nVerificar realidad social\n\nContar con deuda por concepto de servicio funerario, no cubierto por cuota mortuoria', 'Registro Social de Hogares (40%)\n\nCertificado de defunción\n\nBoleta de pago de servicios funerarios, o cuenta a pagar', 'Ilustre Municipalidad de Ñiquén\nDepartamento Social', 'Estado 188,\nSan Gregorio', 'Estado 188,\nSan Gregorio\nLunes a Viernes\n08:30 a 13:30 hrs', 'Elizabeth Narváez Sepúlveda', '1', '2024-10-04 22:24:51', 0, 1, '0', '2025-05-12 16:40:03', '2025-05-12 16:40:03', 'Asistente Social', '(56-42) 220 3911', 'narvaezsepulveda1990@g\nmail.com'),
(24929, 562, '9d3069dc-ed0f-40f8-b3cb-a8b8837fbb59', '22', NULL, 'Pago Servicio Funerario', '1', 'Se realiza un pago directo con funeraria (proveedor) correspondiente a la diferencia de la\ncuota mortuoria', 'Acreditar vulnerabilidad según Registro Social (40%)', 'Registro Social de Hogares (40%)\n\nCotización del valor del servicio no cubierto por cuota mortuoria\n\nCertificado de Defunción', 'Ilustre Municipalidad de Ñiquén\nDepartamento Social', 'Estado 188,\nSan Gregorio', 'Estado 188,\nSan Gregorio\nLunes a Viernes\n08:30 a 17:20 hrs', 'Elizabeth Narváez Sepúlveda', '1', '2024-10-04 22:24:51', 0, 1, '0', '2025-05-12 16:40:03', '2025-05-12 16:40:03', 'Asistente Social', '(56-42) 220 3911', 'narvaezsepulveda1990@g\nmail.com'),
(24930, 562, '9d3069dc-ed0f-40f8-b3cb-a8b8837fbb59', '5', NULL, 'Aporte Económico para el Pago de \nExámenes Médicos', '1', 'Se entrega un aporte monetario para el pago de exámenes de alto valor (Servicio Público y/o\nPrivado). Se considera un % del valor total de la cuenta', 'Acreditar vulnerabilidad según Registro Social de Hogares (40%-50%)\n\nTener orden de examen médico', 'Registro Social de Hogares (40%-50%)\n\nBoleta de Pago de Examen o Cotización a nombre del solicitante con compromiso de\npago', 'Ilustre Municipalidad de Ñiquén\nDepartamento Social', 'Estado 188,\nSan Gregorio', 'Estado 188,\nSan Gregorio\nLunes a Viernes\n08:30 a 13:20 hrs', 'Elizabeth Narváez Sepúlveda', '1', '2024-10-04 22:24:51', 0, 1, '0', '2025-05-12 16:40:03', '2025-05-12 16:40:03', 'Asistente Social', '(56-42) 220 3911', 'narvaezsepulveda1990@g\nmail.com'),
(24931, 562, '9d3069dc-ed0f-40f8-b3cb-a8b8837fbb59', '5', NULL, 'Aporte Económico para el Pago de Cuenta \nHospitalaria', '1', 'Se entrega un aporte monetario para el pago de la cuenta Hospitalaria (Servicio Público y/o\nPrivado). Se considera un % del valor total de la cuenta', 'Acreditar vulnerabilidad según Registro Social de Hogares (40%-50%)\n\nTener una cuenta en centro médico por concepto de hospitalización', 'Registro Social de Hogares (40%-50%)\n\nCuenta a pagar del servicio hospitalario', 'Ilustre Municipalidad de Ñiquén\nDepartamento Social', 'Estado 188,\nSan Gregorio', 'Estado 188,\nSan Gregorio\nLunes a Viernes\n08:30 a 13:30 hrs', 'Elizabeth Narváez Sepúlveda', '1', '2024-10-04 22:24:51', 0, 1, '0', '2025-05-12 16:40:03', '2025-05-12 16:40:03', 'Asistente Social', '(56-42) 220 3911', 'narvaezsepulveda1990@g\nmail.com'),
(24932, 562, '9d3069dc-ed0f-40f8-b3cb-a8b8837fbb59', '3', NULL, 'Aporte Económico para el Pago de \nUniformes Escolares', '1', 'Se entrega un aporte monetario para el pago monetario para la compra de uniformes\nescolares. Se considera solo un % del valor total de la cuenta', 'Acreditar vulnerabilidad según Registro Social de Hogares (40%)\n\nVerificar realidad social (desempleo/ endeudamiento, etc.)', 'Registro Social de Hogares (40%)\n\nCertificado de alumno regular\n\nBoleta de pago', 'Ilustre Municipalidad de Ñiquén\nDepartamento Social', 'Estado 188,\nSan Gregorio', 'Estado 188,\nSan Gregorio\nLunes a Viernes\n08:30 a 13:30 hrs', 'Elizabeth Narváez Sepúlveda', '1', '2024-10-04 22:24:51', 0, 1, '0', '2025-05-12 16:40:03', '2025-05-12 16:40:03', 'Asistente Social', '(56-42) 220 3911', 'narvaezsepulveda1990@g\nmail.com'),
(24933, 562, '9d3069dc-ed0f-40f8-b3cb-a8b8837fbb59', '3', NULL, 'Aporte Económico para Gastos en Estudios \nSuperiores', '1', 'Se entrega aporte monetario para el pago de aranceles, mensualidades, prácticas\nprofesionales superiores de alumnos de estudios superiores. Se considera solo un % del\nvalor total de la cuota', 'Acreditar vulnerabilidad según Registro Social de Hogares (40%-50%)\n\nEstar matriculado cursando estudios de Educación Superior\n\nNo contar con beca de Gratuidad\n\nNo contar con beca Municipal', 'Registro Social de Hogares. (40%-50%)\n\nCertificado de alumno regular\n\nContrato de matrícula y pago de arancel\n\nCertificado de pago de práctica profesional (si es el caso)', 'Ilustre Municipalidad de Ñiquén\nDepartamento Social', 'Estado 188,\nSan Gregorio', 'Estado 188,\nSan Gregorio\nLunes a Viernes\n08:30 a 13:30 hrs', 'Elizabeth Narváez Sepúlveda', '1', '2024-10-04 22:24:51', 0, 1, '0', '2025-05-12 16:40:03', '2025-05-12 16:40:03', 'Asistente Social', '(56-42) 220 3911', 'narvaezsepulveda1990@g\nmail.com'),
(24934, 562, '9d3069dc-ed0f-40f8-b3cb-a8b8837fbb59', '16', NULL, 'Aporte Económico para el Pago de \n“Derechos Municipales”', '1', 'Se entrega un aporte monetario para el pago de derechos municipales, Se considera un % del\nvalor total del servicios, solo una vez por usuario solicitante', 'Acreditar vulnerabilidad según Registro Social de Hogares (40%)\n\nTener cuenta de vencimiento por pagos de derechos municipales\n\nVerificar realidad social (desempleo/endeudamiento etc)', 'Registro Social de Hogares\n\nCuenta a pagar por el servicio', 'Ilustre Municipalidad de Ñiquén\nDepartamento Social', 'Estado 188,\nSan Gregorio', 'Estado 188,\nSan Gregorio\nLunes a Viernes\n08:30 a 13:30 hrs', 'Elizabeth Narváez Sepúlveda', '1', '2024-10-04 22:24:51', 0, 1, '0', '2025-05-12 16:40:03', '2025-05-12 16:40:03', 'Asistente Social', '(56-42) 220 3911', 'narvaezsepulveda1990@g\nmail.com'),
(24935, 562, '9d3069dc-ed0f-40f8-b3cb-a8b8837fbb59', '7', NULL, 'Aporte Económico para el Pago de \nFumigación', '1', 'Se entrega un aporte monetario a fin de pagar el servicio de fumigación de un hogar. Se\nconsidera solo un % del valor total del servicio solo una vez por familia', 'Acreditar vulnerabilidad según Registro Social de Hogares (40%)\n\nVerificar realidad social (Desempleo/endeudamiento etc.)', 'Registro Social de Hogares (40%)\n\nBoleta del pago del servicio a nombre del solicitante', 'Ilustre Municipalidad de Ñiquén\nDepartamento Social', 'Estado 188,\nSan Gregorio', 'Estado 188,\nSan Gregorio\nLunes a Viernes\n08:30 a 13:30 hrs', 'Elizabeth Narváez Sepúlveda', '1', '2024-10-04 22:24:51', 0, 1, '0', '2025-05-12 16:40:03', '2025-05-12 16:40:03', 'Asistente Social', '(56-42) 220 3911', 'narvaezsepulveda1990@g\nmail.com'),
(24936, 562, '9d3069dc-ed0f-40f8-b3cb-a8b8837fbb59', '7', NULL, 'Aporte Económico para el Pago de Arriendo', '1', 'Se entrega un aporte monetario para el pago de arriendo de una vivienda. Se considera solo\nun % del valor mensual, entregado solo una vez por familia', 'Acreditar vulnerabilidad según Registro Social de Hogares (40%)\n\nEncontrarse viviendo en calidad de arrendatario con contrato vigente\n\nVerificar realidad social (Desempleo/Endeudamiento etc.)\n\nNo contar con el subsidio de arriendo Regular y/o Especial', 'Registro Social de Hogares (40%)\n\nContrato de arriendo vigente y legalizado\n\nCertificado de Finiquito (en caso de que corresponda)', 'Ilustre Municipalidad de Ñiquén\nDepartamento Social', 'Estado 188,\nSan Gregorio', 'Estado 188,\nSan Gregorio\nLunes a Viernes\n08:30 a 13:30 hrs', 'Elizabeth Narváez Sepúlveda', '1', '2024-10-04 22:24:51', 0, 1, '0', '2025-05-12 16:40:03', '2025-05-12 16:40:03', 'Asistente Social', '(56-42) 220 3911', 'narvaezsepulveda1990@g\nmail.com'),
(24937, 562, '9d3069dc-ed0f-40f8-b3cb-a8b8837fbb59', '6', NULL, 'Aporte Económico para Pago de Servicios \nBásicos', '1', 'Se entrega un aporte monetario para el pago de servicio básico de Agua potable o Luz, se\nconsidera solo un % del valor total de la cuenta. Entregado solo una vez por familia', 'Acreditar vulnerabilidad según Registro Social de Hogares (40%/50%)\n\nVerificar Realidad Social (Desempleo/Endeudamiento etc)\n\nTener una cuenta vencida del pago del servicio', 'Registro Social de Hogares (40%-50%)\n\nCuenta vencida del servicio', 'Ilustre Municipalidad de Ñiquén\nDepartamento Social', 'Estado 188,\nSan Gregorio', 'Estado 188,\nSan Gregorio\nLunes a Viernes\n08:30 a 13:30 hrs', 'Elizabeth Narváez Sepúlveda', '1', '2024-10-04 22:24:51', 0, 1, '0', '2025-05-12 16:40:03', '2025-05-12 16:40:03', 'Asistente Social', '(56-42) 220 3911', 'narvaezsepulveda1990@g\nmail.com'),
(24938, 562, '9d3069dc-ed0f-40f8-b3cb-a8b8837fbb59', '16', NULL, 'Certificado Social para Descuento en \nLimpieza de Fosa', '0', 'Se entrega certificado social para descuento según realidad social y % en RSH, considerando\nlimpieza por fosa de 1.000 lts', 'Acreditar vulnerabilidad según Registro Social de Hogares (hasta 60%)\n\nVerificar realidad social (Desempleo/Endeudamiento etc.)', 'Registro Social de Hogares', 'Ilustre Municipalidad de Ñiquén\nDepartamento Social', 'Estado 188,\nSan Gregorio', 'Estado 188,\nSan Gregorio\nLunes a Viernes\n08:30 a 13:30 hrs', 'Elizabeth Narváez Sepúlveda', '1', '2024-10-04 22:24:51', 0, 1, '0', '2025-05-12 16:40:03', '2025-05-12 16:40:03', 'Asistente Social', '(56-42) 220 3911', 'narvaezsepulveda1990@g\nmail.com'),
(24939, 562, '9d3069dc-ed0f-40f8-b3cb-a8b8837fbb59', '15', NULL, 'Informe Social para Becas Estatales', '0', 'Se elabora un Informe para la rectificación socioeconómica, cuando estudiantes se\nencuentran postulando a becas Estatales', 'Haber completado el FUAS en la fecha establecida\n\nEstar estudiando o postulando a estudiar una carrera en IP o Universidad', 'Registro Social de Hogares\n\nCopia del formulario FUAS\n\nContrato de Matricula o Alumno Regular\n\nBoletas de pago de Servicios Básicos o cualquier gasto que desea acreditar', 'Ilustre Municipalidad de Ñiquén\nDepartamento Social', 'Estado 188,\nSan Gregorio', 'Estado 188,\nSan Gregorio\nLunes a Viernes\n08:30 a 13:30 hrs', 'Elizabeth Narváez Sepúlveda', '1', '2024-10-04 22:24:51', 0, 1, '0', '2025-05-12 16:40:03', '2025-05-12 16:40:03', 'Asistente Social', '(56-42) 220 3911', 'narvaezsepulveda1990@g\nmail.com'),
(24940, 562, '9d3069dc-ed0f-40f8-b3cb-a8b8837fbb59', '15', NULL, 'Informe Social para Disminución de Cuota \nde Créditos', '0', 'Se elabora Informe Social para solicitar a la entidad prestadora una rebaja en la cuota del\ncrédito solicitado', 'Acreditar vulnerabilidad según Registro Social de Hogares (40%-50%)\n\nContar con un crédito\n\nVerificar realidad social (Desempleo/Endeudamiento etc)', 'Registro Social de Hogares (40%-50%)\n\nCédula de Identidad\n\nContrato de crédito solicitado\n\nFiniquito de trabajo (si corresponde)', 'Ilustre Municipalidad de Ñiquén\nDepartamento Social', 'Estado 188,\nSan Gregorio', 'Estado 188,\nSan Gregorio\nLunes a Viernes\n08:30 a 13:30 hrs', 'Elizabeth Narváez Sepúlveda', '1', '2024-10-04 22:24:51', 0, 1, '0', '2025-05-12 16:40:03', '2025-05-12 16:40:03', 'Asistente Social', '(56-42) 220 3911', 'narvaezsepulveda1990@g\nmail.com'),
(24941, 562, '9d3069dc-ed0f-40f8-b3cb-a8b8837fbb59', '15', NULL, 'Informe Social para Exclusión del Servicio \nMilitar Obligatorio', '0', 'Se realiza un Informe Social solicitando eximir al solicitante de realizar Servicio Militar', 'Haber sido llamado de la Institución\n\nAcreditar realidad social (Cuidador de adulto mayor o persona dependiente/ Principal\nFuente de Ingreso/Estudio)', 'Cédula de Identidad\n\nRegistro Social de Hogares\n\nContrato de trabajo (si corresponde)\n\nCertificado médico de la persona dependiente (si corresponde)\n\nContrato de matrícula o certificado de alumno regular (si corresponde)', 'Ilustre Municipalidad de Ñiquén\nDepartamento Social', 'Estado 188,\nSan Gregorio', 'Estado 188,\nSan Gregorio\nLunes a Viernes\n08:30 a 13:30 hrs', 'Elizabeth Narváez Sepúlveda', '1', '2024-10-04 22:24:51', 0, 1, '0', '2025-05-12 16:40:03', '2025-05-12 16:40:03', 'Asistente Social', '(56-42) 220 3911', 'narvaezsepulveda1990@g\nmail.com'),
(24942, 562, '9d3069dc-ed0f-40f8-b3cb-a8b8837fbb59', '15', NULL, 'Informe Social para Pago de Cementerio \nMunicipal', '0', 'Se elabora un informe solicitando al Departamento de Obras, un descuento del valor total de\nla sepultura', 'Acreditar vulnerabilidad según Registro Social de Hogares (40%)', 'Registro Social de Hogares (40%)\n\nAcreditar realidad social (Principal Fuente de Ingreso etc./familia unipersonal etc.)', 'Ilustre Municipalidad de Ñiquén\nDepartamento Social', 'Estado 188,\nSan Gregorio', 'Estado 188,\nSan Gregorio\nLunes a Viernes\n08:30 a 13:30 hrs', 'Elizabeth Narváez Sepúlveda', '1', '2024-10-04 22:24:51', 0, 1, '0', '2025-05-12 16:40:03', '2025-05-12 16:40:03', 'Asistente Social', '(56-42) 220 3911', 'narvaezsepulveda1990@g\nmail.com'),
(24943, 562, '9d3069dc-ed0f-40f8-b3cb-a8b8837fbb59', '15', NULL, 'Informe Social para Tribunal de Familia', '0', 'Se elabora un informe social para tribunales una vez que se oficia la causa informando de\nlas partes involucradas', 'Debe traer oficio de Tribunales de Familia\n\nContar con una causa pendiente por pago de pensión de alimentos', 'Cédula de Identidad\n\nRegistro Social de Hogares\n\nCotizaciones. y/o liquidación de sueldo', 'Ilustre Municipalidad de Ñiquén\nDepartamento Social', 'Estado 188,\nSan Gregorio', 'Estado 188,\nSan Gregorio\nLunes a Viernes\n08:30 a 13:30 hrs', 'Elizabeth Narváez Sepúlveda', '1', '2024-10-04 22:24:51', 0, 1, '0', '2025-05-12 16:40:03', '2025-05-12 16:40:03', 'Asistente Social', '(56-42) 220 3911', 'narvaezsepulveda1990@g\nmail.com'),
(24944, 562, '9d3069dc-ed0f-40f8-b3cb-a8b8837fbb59', '15', NULL, 'Informe Social de Infracción', '0', 'Se elabora un informe social para juzgado de policía local una vez que se oficia al\ncompareciente', 'Tener Residencia en la Comuna\n\nAcreditar vulnerabilidad según Registro Social de Hogares 40%)\n\nTener una infracción a pagar, vigente', 'Cédula de Identidad\n\nHoja de infracción\n\nRegistro Social de Hogares (40%)\n\nHoja de vida del conductor (en caso que corresponda)', 'Ilustre Municipalidad de Ñiquén\nDepartamento Social', 'Estado 188,\nSan Gregorio', 'Estado 188,\nSan Gregorio\nLunes a Viernes\n08:30 a 13:30 hrs', 'Roxana Guzmán Manríquez', '1', '2024-10-04 22:24:51', 0, 1, '0', '2025-05-12 16:40:03', '2025-05-12 16:40:03', 'Asistente Social', '(56-42) 220 3910', 'roxanaserviciosocial@hot\nmail.com'),
(24945, 562, '9d3069dc-ed0f-40f8-b3cb-a8b8837fbb59', '3', NULL, 'Beca Municipal', '1', 'Se entrega un aporte monetario una vez al año a estudiantes que se encuentran cursando\nestudios superiores o alguna carrera de fuerzas armadas', 'Ser residente de la comuna\n\nAcreditar vulnerabilidad según Registro Social de Hogares (40%)\n\nNo tener vigente beca de Gratuidad}\n\nHaber obtenido un promedio de notas igual o superior a 5.5 durante el último año cursado\n\nContar con cuenta de Banco Estado Cuenta Rut\n\nHaber rendido aporte monetario del año anterior en los plazos establecidos (en caso de\nrenovantes)', 'Registro Social de Hogares (40%)\n\nCertificado de Notas del último año cursado\n\nCertificado de Alumno regular y/o Contrato de matrícula\n\nCopia de tarjeta Cuenta Rut por ambos lados\n\nCopia de la Cédula de Identidad por ambos lados', 'Ilustre Municipalidad de Ñiquén\nDepartamento Social', 'Estado 188,\nSan Gregorio', 'Lunes a Viernes\n08:30 a 13:30 hrs', 'Esmirna Sepúlveda Valenzuela', '1', '2024-10-04 22:24:51', 0, 1, '0', '2025-05-12 16:40:03', '2025-05-12 16:40:03', 'Trabajadora Social', '(56-42) 220 3959', 'sepulveda.esmirna@gmail.com'),
(24946, 562, '9d3069dc-ed0f-40f8-b3cb-a8b8837fbb59', '16', NULL, 'Poder para Pago de Pensión', '0', 'En conjunto con Notaria se realiza una carta de Poder para pago de Pensión posterior se\nrealiza una visita domiciliaria grabada en la cual se procede a la firma del documento, se\nrectifica y se entrega el receptor para que cobre el beneficio', 'Tener una pensión vigente\n\nNo poder ir a pagarse de manera presencial\n\nTener a alguien de confianza que dese realizar el trámite por el usuario', 'Cédula de Identidad de persona que recibe la pensión\n\nCédula de Identidad del receptor del beneficio', 'Ilustre Municipalidad de Ñiquén\nDepartamento Social', 'Estado 188,\nSan Gregorio', 'Estado 188,\nSan Gregorio\nLunes a Viernes\n08:30 a 13:30 hrs', 'Esmirna Sepúlveda Valenzuela', '1', '2024-10-04 22:24:51', 0, 1, '0', '2025-05-12 16:40:03', '2025-05-12 16:40:03', 'Trabajadora Social', '(56-42) 220 3959', 'sepulveda.esmirna@gmail.com'),
(24947, 562, '9d3069dc-ed0f-40f8-b3cb-a8b8837fbb59', '24', NULL, 'Subsidio Único Familiar\n(SUF)', '0', 'Se postula a mujeres embarazadas, Padres o Madres y/o niños menores de 18 años, que no\ncuentan con un contrato laboral', 'Acreditar vulnerabilidad según Registro Social de Hogares (40%-60%)\n\nContar con matricula vigente en un establecimiento educacional (niños mayores de 6\naños)\n\nContar con controles médicos vigentes (Control del niño Sano) (niños menores de 6 años)\n\nTener más de 5 meses gestación', 'Registro Social de Hogares (40%-60%)\n\nCertificado de Alumno Regular (en caso que corresponda)\n\nCarnet de Control del Niño Sano (en caso que corresponda)\n\nCertificado emitido por Matrona', 'Ilustre Municipalidad de Ñiquén\nDepartamento Social', 'Estado 188,\nSan Gregorio', 'Lunes a Viernes\n08:30 a 13:30 hrs', 'Johana Jeldres Soto', '1', '2024-10-04 22:24:51', 0, 1, '0', '2025-05-12 16:40:03', '2025-05-12 16:40:03', 'Encargada\nSubsidio Único Familiar', '(56-42) 220 3914', 'johanyjeldres@gmail.com'),
(24948, 562, '9d3069dc-ed0f-40f8-b3cb-a8b8837fbb59', '24', NULL, 'Subsidio de Agua Potable\n(SAP)', '0', 'Se realiza un descuento del total a pagar en su cuenta del agua potable. Una vez adjudicado\nel subsidio tiene una duración de 3 años', 'Tener al día el pago de la cuenta del agua\n\nAcreditar vulnerabilidad según Registro Social de Hogares (40%)', 'Fotocopia de la Cédula de Identidad del Jefe de Hogar\n\nRegistro Social de Hogares (40%)\n\nBoleta pagada del último mes en curso', 'Ilustre Municipalidad de Ñiquén\nDepartamento Social', 'Estado 188,\nSan Gregorio', 'Estado 188,\nSan Gregorio\nLunes a Viernes\n08:30 a 13:30 hrs', 'Sandra Tilleria', '1', '2024-10-04 22:24:51', 0, 1, '0', '2025-05-12 16:40:03', '2025-05-12 16:40:03', 'Asistente Social', '(56-42) 220 3910', 'tillepcgladys@hotmail.com'),
(24949, 562, '9d3069dc-ed0f-40f8-b3cb-a8b8837fbb59', '24', NULL, 'Subsidio al Duplo', '0', 'Aporte Monetario que otorga el Estado a través del Municipio de Asignación familiar doble,\npara los menores con discapacidad física', 'Ser menor de 18 años\n\nPresentar discapacidad física\n\nAcreditar vulnerabilidad según Registro Social de Hogares (menor a 60%)', 'Fotocopia de la Cédula de Identidad de la Madre o Tutor (a) del niño (a)\n\nFotocopia de la Cédula de Identidad del niño (a)\n\nCertificado de Nacimiento (a)\n\nCertificado de Alumno regular del niño (a)', 'Ilustre Municipalidad de Ñiquén\nDepartamento Social', 'Estado 188,\nSan Gregorio', 'Estado 188,\nSan Gregorio\nLunes a Viernes\n08:30 a 13:30 hrs', 'Sandra Tilleria', '1', '2024-10-04 22:24:51', 0, 1, '0', '2025-05-12 16:40:03', '2025-05-12 16:40:03', 'Asistente Social', '(56-42) 220 3910', 'tillepcgladys@hotmail.com'),
(24950, 562, '9d3069dc-ed0f-40f8-b3cb-a8b8837fbb59', '24', NULL, 'Subsidio de Discapacidad Mental', '0', 'Aporte monetario que entrega el Estado, de manera mensual, a aquellas personas con\ndiscapacidad mental, menores de 18 años de edad y carentes de recursos económicos', 'Persona menor de 18 años con discapacidad mental\n\nAcreditar vulnerabilidad según Registro Social de Hogares (20%)\n\nResidencia continua en el país\n\nResolución Aprobada por la COMPIN\n\nNo tener Previsión Social\n\nNo estar recibiendo algún tipo de subsdio', 'Fotocopia de la Cédula de Identidad\n\nFotocopia de la Cédula de Identidad de la madre o tutor legal\n\nCertificado de nacimiento del niño (a)\n\nFormulario Completado por Médico Tratante, según Ley N° 18.600', 'Ilustre Municipalidad de Ñiquén\nDepartamento Social', 'Estado 188,\nSan Gregorio', 'Lunes a Viernes\n08:30 a 13:30 hrs', 'Sandra Tilleria', '1', '2024-10-04 22:24:51', 0, 1, '0', '2025-05-12 16:40:03', '2025-05-12 16:40:03', 'Asistente Social', '(56-42) 220 3910', 'tillepcgladys@hotmail.com'),
(24951, 562, '9d3069dc-ed0f-40f8-b3cb-a8b8837fbb59', '24', NULL, 'Pensión Básica Solidaria de Invalidez\n(PBSI)', '0', 'Se postula a PBSI a usuarios que tienen alguna enfermedad que les impide ejercer sus\nlabores y que no estén afiliados a un sistema de previsión social privada', 'Contar con Registro Social de Hogares\n\nNo estar afiliado a alguna entidad AFP\n\nContar con alguna enfermedad de carácter crónico\n\nTener entre 18 y 64 años\n\nNo ser imponente de Dipreca o Capredena o beneficiario de pensión de supervivencia', 'Cédula de Identidad vigente\n\nRegistro Social de Hogares (40%-60%)\n\nCertificado Médico que acredite enfermedad. (indicando tiempo de tratamiento', 'Ilustre Municipalidad de Ñiquén\nDepartamento Social', 'Estado 188,\nSan Gregorio', 'Lunes a Viernes\n08:30 a 13:30 hrs', 'Elizabeth Narváez Sepúlveda', '1', '2024-10-04 22:24:51', 0, 1, '0', '2025-05-12 16:40:03', '2025-05-12 16:40:03', 'Asistente Social', '(56-42) 220 3911', 'narvaezsepulveda1990@gmail.\ncom'),
(24952, 562, '9d3069dc-ed0f-40f8-b3cb-a8b8837fbb59', '24', NULL, 'Aporte Previsional Solidario de Invalidez\n(APSI)', '0', 'Se postula a APSI a usuarios que desean complementar el dinero de su pensión de invalidez\nvigente', 'Contar con Registro Social de Hogares\n\nContar con alguna enfermedad de carácter crónico\n\nTener entre 18 y 64 años\n\nNo ser imponente de Dipreca o Capredena o beneficiario de pensión de supervivencia\n\nReciban Pensión mensual con un monto inferior a la PBS', 'Cédula de Identidad vigente\n\nRegistro Social de Hogares (40%-60%)\n\nCertificado Médico que acredite enfermedad. (indicando tiempo de tratamiento', 'Ilustre Municipalidad de Ñiquén\nDepartamento Social', 'Estado 188,\nSan Gregorio', 'Lunes a Viernes\n08:30 a 13:30 hrs', 'Elizabeth Narváez Sepúlveda', '1', '2024-10-04 22:24:51', 0, 1, '0', '2025-05-12 16:40:03', '2025-05-12 16:40:03', 'Asistente Social', '(56-42) 220 3911', 'narvaezsepulveda1990@gmail.\ncom'),
(24953, 562, '9d3069dc-ed0f-40f8-b3cb-a8b8837fbb59', '23', NULL, 'Pensión Básica Solidaria de Vejez\n(PBSV)', '0', 'Se postula a PBSV a usuarios mayores de 65 años que no encuentren afiliados a ningún\nsistema de previsión social Privada', 'Contar con Registro Social de Hogares\n\nTener entre 65 años en adelante\n\nNo ser imponente de Dipreca o Capredena o beneficiario de pensión de supervivencia', 'Cédula de Identidad vigente\n\nRegistro Social de Hogares (40%-60%)', 'Ilustre Municipalidad de Ñiquén\nDepartamento Social', 'Estado 188,\nSan Gregorio', 'Estado 188,\nSan Gregorio\nLunes a Viernes\n08:30 a 13:30 hrs', 'Elizabeth Narváez Sepúlveda', '1', '2024-10-04 22:24:51', 0, 1, '0', '2025-05-12 16:40:03', '2025-05-12 16:40:03', 'Asistente Social', '(56-42) 220 3911', 'narvaezsepulveda1990@g\nmail.com'),
(24954, 562, '9d3069dc-ed0f-40f8-b3cb-a8b8837fbb59', '24', NULL, 'Aporte Previsional Solidario de Vejez\n(APSV)', '0', 'Se postula a APSV a usuarios que desean complementar el dinero de su pensión de Vejez\nvigente', 'Contar con Registro Social de Hogares\n\nTener entre 65 años en adelante\n\nNo ser imponente de Dipreca o Capredena o beneficiario de pensión de supervivencia\n\nReciban Pensión mensual con un monto inferior a la PBS', 'Cédula de Identidad vigente\n\nRegistro Social de Hogares (40%-60%)', 'Ilustre Municipalidad de Ñiquén\nDepartamento Social', 'Estado 188,\nSan Gregorio', 'Estado 188,\nSan Gregorio\nLunes a Viernes\n08:30 a 13:30 hrs', 'Elizabeth Narváez Sepúlveda', '1', '2024-10-04 22:24:51', 0, 1, '0', '2025-05-12 16:40:03', '2025-05-12 16:40:03', 'Asistente Social', '(56-42) 220 3911', 'narvaezsepulveda1990@g\nmail.com');
INSERT INTO `beneficio_servicios` (`id`, `catalogo_id`, `author_id`, `category_local`, `category_national`, `name`, `type`, `desc`, `reqs`, `docs`, `vendor`, `address`, `schedule`, `contact`, `state`, `date`, `oferta_nacional`, `active`, `flag`, `created_at`, `updated_at`, `contact_position`, `contact_phone`, `contact_email`) VALUES
(24955, 562, '9d3069dc-ed0f-40f8-b3cb-a8b8837fbb59', '22', NULL, 'Solicitud de Ingreso al Registro Social de Hogares\n(RSH)', '0', 'Se realiza una solicitud de ingreso a persona y/o familia para que sea parte del sistema RSH\ncon el fin de apoyar a los procesos de selección de beneficiarios', 'Contar con Cédula de Identidad vigente o Tener Visa Permanente', 'Cédula de Identidad de todos los mayores de edad\n\nCertificado de Nacimiento de los menores de edad\n\nOrden judicial de cuidado del niño (en caso que corresponda)\n\nCertificado de residencia (emitido por la junta de vecinos o notaria)\n\nBoleta de luz\n\nBoleta de Agua\n\nContrato de arriendo (en caso que corresponda)\n\nContrato de trabajo (en caso que corresponda)', 'Ilustre Municipalidad de Ñiquén\nDepartamento Social', 'Estado 188,\nSan Gregorio', 'Lunes a Viernes\n08:30 a 13:30 hrs', 'Elizabeth Narváez Sepúlveda', '1', '2024-10-04 22:24:51', 0, 1, '0', '2025-05-12 16:40:03', '2025-05-12 16:40:03', 'Asistente Social', '(56-42) 220 3911', 'narvaezsepulveda1990@gmail.\ncom'),
(24956, 562, '9d3069dc-ed0f-40f8-b3cb-a8b8837fbb59', '22', NULL, 'Incorporación Nuevo Integrante', '0', 'Se realiza una incorporación de una persona al núcleo familiar existente en la cartola', 'Estar pernoctando dentro de la misma vivienda del núcleo familiar en la cual se desea\nincorporar', 'Cédula de Identidad (de quien desea realizar la incorporación)\n\nCédula de Identidad (del jede de hogar)\n\nCédula de Identidad (de quien se desea incorporar mayor de 18 años)\n\nCertificado de nacimiento (si es menor de edad)\n\nOrden Judicial relacionado al cuidado personal (en caso que corresponda)', 'Ilustre Municipalidad de Ñiquén\nDepartamento Social', 'Estado 188,\nSan Gregorio', 'Lunes a Viernes\n08:30 a 13:30 hrs', 'Elizabeth Narváez Sepúlveda', '1', '2024-10-04 22:24:51', 0, 1, '0', '2025-05-12 16:40:03', '2025-05-12 16:40:03', 'Asistente Social', '(56-42) 220 3911', 'narvaezsepulveda1990@gmail.\ncom'),
(24957, 562, '9d3069dc-ed0f-40f8-b3cb-a8b8837fbb59', '22', NULL, 'Desvinculación de Integrante del RSH', '0', 'Se realiza trámite para desvincular de la cartola al integrante (s) que ya no pernocta en la\nvivienda del núcleo familiar', 'Ser el jefe de hogar o persona mayor de 18 años que este dentro del núcleo familiar', 'Cédula de Identidad (Mayor de edad)\n\nCédula de Identidad del Jefe de Hogar', 'Ilustre Municipalidad de Ñiquén\nDepartamento Social', 'Estado 188,\nSan Gregorio', 'Estado 188,\nSan Gregorio\nLunes a Viernes\n08:30 a 13:30 hrs', 'Elizabeth Narváez Sepúlveda', '1', '2024-10-04 22:24:51', 0, 1, '0', '2025-05-12 16:40:03', '2025-05-12 16:40:03', 'Asistente Social', '(56-42) 220 3911', 'narvaezsepulveda1990@g\nmail.com'),
(24958, 562, '9d3069dc-ed0f-40f8-b3cb-a8b8837fbb59', '22', NULL, 'Actualización del Módulo Trabajador \nDependiente del RSH', '0', 'Se genera una solicitud para cambiar el estado de la persona con respecto a su situación\nlaboral actual', 'Contar con Cédula de Identidad vigente o visa permanente\n\nTener alguna modificación laboral', 'Cédula de Identidad\n\nLas últimas 12 cotizaciones\n\nFiniquito Laboral', 'Ilustre Municipalidad de Ñiquén\nDepartamento Social', 'Estado 188,\nSan Gregorio', 'Estado 188,\nSan Gregorio\nLunes a Viernes\n08:30 a 13:30 hrs', 'Elizabeth Narváez Sepúlveda', '1', '2024-10-04 22:24:51', 0, 1, '0', '2025-05-12 16:40:03', '2025-05-12 16:40:03', 'Asistente Social', '(56-42) 220 3911', 'narvaezsepulveda1990@g\nmail.com'),
(24959, 562, '9d3069dc-ed0f-40f8-b3cb-a8b8837fbb59', '22', NULL, 'Cambio de Domicilio en RSH', '0', 'Se realiza el trámite a las familias que se encuentren viviendo en un lugar de residencia\ndistinto al que habían declarado en su registro anterior', 'Estar pernoctando en residencia distinta a la registrado en la cartola', 'Cédula de Identidad vigente del jefe de hogar\n\nContrato de arriendo (en caso que corresponda).\n\nCertificado de residencia emitido por la junta de vecinos o notaria)', 'Ilustre Municipalidad de Ñiquén\nDepartamento Social', 'Estado 188,\nSan Gregorio', 'Estado 188,\nSan Gregorio\nLunes a Viernes\n08:30 a 13:30 hrs', 'Elizabeth Narváez Sepúlveda', '1', '2024-10-04 22:24:51', 0, 1, '0', '2025-05-12 16:40:03', '2025-05-12 16:40:03', 'Asistente Social', '(56-42) 220 3911', 'narvaezsepulveda1990@g\nmail.com'),
(24960, 562, '9d3069dc-ed0f-40f8-b3cb-a8b8837fbb59', '22', NULL, 'Complemento de Pensión de Alimentos en \nRegistro Social de Hogares', '0', 'Se realiza el trámite a petición del demandado para que se genere el aporte entregado a la\nparte correspondiente', 'Tener una demanda por concepto de “alimentos” con resolución jurídica', 'Cédula de Identidad vigente\n\nSentencia Judicial (decretada y firmada)\n\nComprobante de trasferencias o depósitos realizados a la parte favorecida', 'Ilustre Municipalidad de Ñiquén\nDepartamento Social', 'Estado 188,\nSan Gregorio', 'Estado 188,\nSan Gregorio\nLunes a Viernes\n08:30 a 13:30 hrs', 'Elizabeth Narváez Sepúlveda', '1', '2024-10-04 22:24:51', 0, 1, '0', '2025-05-12 16:40:03', '2025-05-12 16:40:03', 'Asistente Social', '(56-42) 220 3911', 'narvaezsepulveda1990@g\nmail.com'),
(24961, 562, '9d3069dc-ed0f-40f8-b3cb-a8b8837fbb59', '22', NULL, 'Cambio de Jefe de Hogar en el Registro \nSocial de Hogares', '0', 'Se realiza el trámite para que otro integrante del núcleo familiar asuma como jefe de hogar, esto\npuede ocurrir cuando el designado se encuentra trabajando o por otros motivos fuera del hogar de\nmanera momentánea y no pueda acceder a realizar trámites cuando se le requiere', 'Estar incluido dentro del núcleo familiar de la cartola', 'Cédula de Identidad vigente de todos los miembros del hogar mayores de 18 años', 'Ilustre Municipalidad de Ñiquén\nDepartamento Social', 'Estado 188,\nSan Gregorio', 'Estado 188,\nSan Gregorio\nLunes a Viernes\n08:30 a 13:30 hrs', 'Elizabeth Narváez Sepúlveda', '1', '2024-10-04 22:24:51', 0, 1, '0', '2025-05-12 16:40:03', '2025-05-12 16:40:03', 'Asistente Social', '(56-42) 220 3911', 'narvaezsepulveda1990@g\nmail.com'),
(24962, 562, '9d3069dc-ed0f-40f8-b3cb-a8b8837fbb59', '22', NULL, 'Desvinculación del Jefe de Hogar', '0', 'Se realiza el tramite cuando quien estaba asignado con la jefatura del núcleo familiar ya no\nreside junto a este', 'Estar incluido dentro del núcleo familiar de la cartola', 'Cédula de Identidad vigente de todos los miembros del hogar mayores de 18 años', 'Ilustre Municipalidad de Ñiquén\nDepartamento Social', 'Estado 188,\nSan Gregorio', 'Estado 188,\nSan Gregorio\nLunes a Viernes\n08:30 a 13:30 hrs', 'Elizabeth Narváez Sepúlveda', '1', '2024-10-04 22:24:51', 0, 1, '0', '2025-05-12 16:40:03', '2025-05-12 16:40:03', 'Asistente Social', '(56-42) 220 3911', 'narvaezsepulveda1990@g\nmail.com'),
(24963, 563, '9d3069dc-ed0f-40f8-b3cb-a8b8837fbb59', '12', NULL, 'Alimentos / Vales de gas', '1', 'Este beneficio se entrega en forma de caja de alimentos o como sistema que permita al/la beneficiario/a la adquisición de \nalimentos en locales, puntos o proveedores establecidos y/o vales de gas. \nEl beneficio a otorgar puede ser de 1 a 6 cajas como máximo al año, según evaluación social, teniendo en consideración el \nnúmero de integrantes del grupo familiar, tipo de vivienda y el número de construcciones al interior del mismo domicilio', '- Cédula de identidad vigente.\n- Ficha de Registro Social de Hogares vigente en nuestra comuna.\n- 60% de vulnerabilidad como máximo en el Registro Social de Hogares', '- Cédula de identidad vigente.\n- Ficha de Registro Social de Hogares.\n- Comprobante de pago de pensión o últimas liquidaciones de sueldo (si corresponde)', 'Ilustre Municipalidad de Ñuñoa, a través del \nDepartamento de Asistencia Social', 'Av. Irarrázaval 2434 \nPrimer Piso, Ñuñoa', 'Av. Irarrázaval 2434 \nPrimer Piso, Ñuñoa. \nLunes a viernes de 9:00 a \n14:00 hrs', 'Lorena Jara Gimpels', '1', '2024-10-04 22:24:51', 0, 1, '0', '2025-05-12 16:40:03', '2025-05-12 16:40:03', 'Jefa Dpto. Servicio Social', '(56 2) 3322 2330', 'ljara@nunoa.cl'),
(24964, 563, '9d3069dc-ed0f-40f8-b3cb-a8b8837fbb59', '5', NULL, 'Medicamentos e insumos médicos', '1', 'Con este beneficio se realiza un aporte que permita la adquisición total o parcial de el o los\nmedicamentos requeridos en farmacia con tope máximo de 3 UTM (medicamentos que no\nsean cubiertos por la red o sistema público de salud). Es importante destacar que este\nbeneficio es una ayuda, y no contempla la cobertura de ningún tratamiento.\nEn casos de cuadros de gravedad o riesgo vital, en la cual supere el monto máximo\nmencionado anteriormente, se debe justificar en detalle con informe médico la ampliación\ndel beneficio por la cual se le debe otorgar el medicamento', '- Cédula de identidad vigente.\n- Ficha de Registro Social de Hogares vigente en nuestra comuna.\n- 60% de vulnerabilidad como máximo en el Registro Social de Hogares', '- Receta médica con diagnóstico y fecha no superior a los 6 meses.\n- Cotización de farmacia en convenio o en su defecto una cotización de farmacia distinta en \ncaso de tener que utilizar otro medio de pago', 'Ilustre Municipalidad de Ñuñoa, a través del \nDepartamento de Asistencia Social', 'Av. Irarrázaval 2434 \nPrimer Piso, Ñuñoa', 'Lunes a viernes de 9:00 a \n14:00 hrs', 'Lorena Jara Gimpels', '1', '2024-10-04 22:24:51', 0, 1, '0', '2025-05-12 16:40:03', '2025-05-12 16:40:03', 'Jefa Dpto. Servicio Social', '(56 2) 3322 2330', 'ljara@nunoa.cl'),
(24965, 563, '9d3069dc-ed0f-40f8-b3cb-a8b8837fbb59', '5', NULL, 'Exámenes médicos', '1', 'Con este beneficio se realizará un aporte, que permita el pago total o parcial de las prestaciones\nnecesarias para la realización del análisis médico. El valor de este aporte tendrá un monto máximo de\n3 UTM. Considerará tanto imágenes, radiografías, ecografías y laparoscópicas, entre otras; y de\nlaboratorio, tales como exámenes de sangre, orina y otros', '- Cédula de identidad vigente.\n- Ficha de Registro Social de Hogares vigente en nuestra comuna.\n- 60% de vulnerabilidad como máximo en el Registro Social de Hogares', '- Comprobante de pago de pensión o últimas liquidaciones de sueldo (si corresponde).\n- Orden médica con diagnóstico y fecha no superior a 6 meses.  \n- Dos cotizaciones del requerimiento en distintas instituciones que presten servicios en modalidad \nlibre elección y que sean nivel 1 y 2.  \n- En caso de ser exámenes de alta complejidad que solo sean realizados en instituciones nivel 3, se \npodrá adjuntar solo una cotización de dicha institución con especificación médica', 'Ilustre Municipalidad de Ñuñoa, a través del \nDepartamento de Asistencia Social', 'Av. Irarrázaval 2434 \nPrimer Piso, Ñuñoa', 'Av. Irarrázaval 2434 \nPrimer Piso, Ñuñoa. \nLunes a viernes de 9:00 a \n14:00 hrs', 'Lorena Jara Gimpels', '1', '2024-10-04 22:24:51', 0, 1, '0', '2025-05-12 16:40:03', '2025-05-12 16:40:03', 'Jefa Dpto. Servicio Social', '(56 2) 3322 2330', 'ljara@nunoa.cl'),
(24966, 563, '9d3069dc-ed0f-40f8-b3cb-a8b8837fbb59', '20', NULL, 'Pañales para menores de edad', '1', 'Con este beneficio se otorga ayuda de pañales a mayores de 2 años, siempre y cuando tengan un\nrequerimiento médico por alguna patología en la cual su uso sea necesario. La ayuda se otorgará por un\nperiodo máximo de 3 meses.\nEn cuanto a niños menores de 2 años, sin patología médica, se evaluará la condición social y se otorgará\nbeneficio por 1 mes. El valor de este aporte tendrá un monto máximo de 1 UTM', '- Cédula de identidad vigente.\n- Ficha de Registro Social de Hogares vigente en nuestra comuna.\n- 60% de vulnerabilidad como máximo en el Registro Social de Hogares', '- Comprobante de pago de pensión o últimas liquidaciones de sueldo (si corresponde).\n- Orden médica con diagnóstico y fecha no superior a 6 meses en caso de indicación médica. \n- Copia de último control sano al día, en casos donde no se tenga patología. \n- Dos cotizaciones del requerimiento en distintas instituciones', 'Ilustre Municipalidad de Ñuñoa, a través del \nDepartamento de Asistencia Social', 'Av. Irarrázaval 2434 \nPrimer Piso, Ñuñoa', 'Av. Irarrázaval 2434 \nPrimer Piso, Ñuñoa.\nLunes a viernes de 9:00 a \n14:00 hrs', 'Lorena Jara Gimpels', '1', '2024-10-04 22:24:51', 0, 1, '0', '2025-05-12 16:40:03', '2025-05-12 16:40:03', 'Jefa Dpto. Servicio Social', '(56 2) 3322 2330', 'ljara@nunoa.cl'),
(24967, 563, '9d3069dc-ed0f-40f8-b3cb-a8b8837fbb59', '11', NULL, 'Oxígeno medicinal domiciliario', '1', 'Este beneficio consiste en la facilitación de tanque de oxígeno medicinal domiciliario, de \nacuerdo al requerimiento y prescripción médica. \nBeneficio entregado vía convenio existente o compra en observancia a la legislación que \nnorma las compras públicas', '- Cédula de identidad vigente.\n- Ficha de Registro Social de Hogares vigente en nuestra comuna.\n- 60% de vulnerabilidad como máximo en el Registro Social de Hogares', '- Comprobante de pago de pensión o últimas liquidaciones de sueldo (si corresponde).\n- Receta médica que indique prescripción.\nEl beneficio se otorgará mientras se gestione la solicitud en el hospital correspondiente, si \ndicha institución no otorga este beneficio, el/la usuario/a o solicitante deberá presentar un \ndocumento que indique que la institución no otorga dicho beneficio. Presentando este \ndocumento se podrá otorgar de forma anual dicha asistencia. La ayuda será evaluada por \nel/la Trabajador/a Social que realizó la solicitud. ITS deberá requerir evaluación anual para \nsu renovación', 'Ilustre Municipalidad de Ñuñoa, a través del \nDepartamento de Asistencia Social', 'Av. Irarrázaval 2434 \nPrimer Piso, Ñuñoa', 'Lunes a viernes de 9:00 a \n14:00 hrs', 'Lorena Jara Gimpels', '1', '2024-10-04 22:24:51', 0, 1, '0', '2025-05-12 16:40:03', '2025-05-12 16:40:03', 'Jefa Dpto. Servicio Social', '(56 2) 3322 2330', 'ljara@nunoa.cl'),
(24968, 563, '9d3069dc-ed0f-40f8-b3cb-a8b8837fbb59', '5', NULL, 'Lentes ópticos', '1', 'Es un apoyo que permite el pago total o parcial de la elaboración de lentes ópticos prescritos por \nespecialista. El valor de este aporte tendrá un monto máximo de 3 UTM', '- Cédula de identidad vigente.\n- Ficha de Registro Social de Hogares vigente en nuestra comuna.\n-60% de vulnerabilidad como máximo en el Registro Social de Hogares', '- Comprobante de pago de pensión o últimas liquidaciones de sueldo (si corresponde). \n- Receta médica oftalmológica con diagnóstico y fecha no superior a 6 meses.\n- Dos cotizaciones formales de distinta institución', 'Ilustre Municipalidad de Ñuñoa, a través del \nDepartamento de Asistencia Social', 'Av. Irarrázaval 2434 \nPrimer Piso, Ñuñoa', 'Av. Irarrázaval 2434 \nPrimer Piso, Ñuñoa. \nLunes a viernes de 9:00 a \n14:00 hrs', 'Lorena Jara Gimpels', '1', '2024-10-04 22:24:51', 0, 1, '0', '2025-05-12 16:40:03', '2025-05-12 16:40:03', 'Jefa Dpto. Servicio Social', '(56 2) 3322 2330', 'ljara@nunoa.cl'),
(24969, 563, '9d3069dc-ed0f-40f8-b3cb-a8b8837fbb59', '13', NULL, 'Elementos de cama', '1', 'Es un beneficio de entrega de camas y/o camarotes tipo litera, colchones y frazadas, todos \nde un cuerpo o plaza', '- Cédula de identidad vigente.\n- Ficha de Registro Social de Hogares vigente en nuestra comuna.\n- 60% de vulnerabilidad como máximo en el Registro Social de Hogares. \n- Evaluación social in situ de la necesidad', '-\nCédula de identidad vigente.\n-\nFicha de Registro Social de Hogares.\n-\nComprobante de pago de pensión o últimas liquidaciones de sueldo (si corresponde)', 'Ilustre Municipalidad de Ñuñoa, a través del \nDepartamento de Asistencia Social', 'Av. Irarrázaval 2434 \nPrimer Piso, Ñuñoa', 'Av. Irarrázaval 2434 \nPrimer Piso, Ñuñoa.\nLunes a viernes de 9:00 a 14:00 \nhrs', 'Lorena Jara Gimpels', '1', '2024-10-04 22:24:51', 0, 1, '0', '2025-05-12 16:40:03', '2025-05-12 16:40:03', 'Jefa Dpto. Servicio Social', '(56 2) 3322 2330', 'ljara@nunoa.cl'),
(24970, 563, '9d3069dc-ed0f-40f8-b3cb-a8b8837fbb59', '6', NULL, 'Apoyo en pagos de servicios básicos', '1', 'Con este beneficio podrá apoyarse en el pago de la cuota inicial del convenio de los servicios\nbásicos domiciliarios, tales como agua potable, electricidad o gas. Pero no podrá exceder las\n3 UTM, como máximo, y si el/la beneficiario/a ya recibió el beneficio una primera vez y no se\ndio cumplimiento al convenio ya pactado, no se entregará una segunda vez el beneficio', '- Cédula de identidad vigente.\n- Ficha de Registro Social de Hogares vigente en nuestra comuna.\n- 60% de vulnerabilidad como máximo en el Registro Social de Hogares', '- Comprobante de pago de pensión o últimas liquidaciones de sueldo (si corresponde).\n- Boleta de servicio vigente del último mes.\n- Simulación de convenio emitido por empresa de servicio básico.\n- Documento que acredite la calidad en la cual habita la vivienda. Escritura pública y/o\ndocumento del conservador de bienes raíces en el caso de los propietarios o contrato de\narriendo notarial para el caso de los arrendatarios.\n- Poder simple de parte del propietario de la vivienda, junto a la cedula de identidad de este,\nque autorice al arrendatario a realizar dicho convenio', 'Ilustre Municipalidad de Ñuñoa, a través del \nDepartamento de Asistencia Social', 'Av. Irarrázaval 2434 \nPrimer Piso, Ñuñoa', 'Lunes a viernes de 9:00 a \n14:00 hrs', 'Lorena Jara Gimpels', '1', '2024-10-04 22:24:51', 0, 1, '0', '2025-05-12 16:40:03', '2025-05-12 16:40:03', 'Jefa Dpto. Servicio Social', '(56 2) 3322 2330', 'ljara@nunoa.cl'),
(24971, 563, '9d3069dc-ed0f-40f8-b3cb-a8b8837fbb59', '7', NULL, 'Apoyo en el pago de arriendo habitacional', '1', 'Con este beneficio, podrá apoyarse, en caso de emergencia o catástrofe (ya sea incendio o\nemergencia sanitaria, terremoto u otros), con el pago del mes de garantía y la primera cuota del\nmes de arriendo, pero el aporte máximo mensual no podrá exceder las 10 Unidades de Fomento\n(10 UF)', '- Cédula de identidad vigente.\n- Ficha de Registro Social de Hogares vigente en nuestra comuna.\n- 60% de vulnerabilidad como máximo en el Registro Social de Hogares. \n- Estar declarado como emergencia bajo decreto alcaldicio', '- Comprobante de pago de pensión o últimas liquidaciones de sueldo (si corresponde).\n- Documento que acredite la calidad en la cual habita la vivienda. \n- Documento que acredite la condición de catástrofe de la vivienda', 'Ilustre Municipalidad de Ñuñoa, a través del \nDepartamento de Asistencia Social', 'Av. Irarrázaval 2434 \nPrimer Piso, Ñuñoa', 'Av. Irarrázaval 2434 \nPrimer Piso, Ñuñoa.\nLunes a viernes de 9:00 a \n14:00 hrs', 'Lorena Jara Gimpels', '1', '2024-10-04 22:24:51', 0, 1, '0', '2025-05-12 16:40:03', '2025-05-12 16:40:03', 'Jefa Dpto. Servicio Social', '(56 2) 3322 2330', 'ljara@nunoa.cl'),
(24972, 563, '9d3069dc-ed0f-40f8-b3cb-a8b8837fbb59', '23', NULL, 'Servicio Funerario', '1', 'Este beneficio contempla el pago de servicio funerario básico para personas fallecidas que no \ncuenten con cuota mortuoria en el sistema previsional o en estado de necesidad manifiesta y/o \nindigencia. En caso de requerir lugar de sepultación, se podrá acceder al beneficio de pago de \nsepultación en tierra en cementerio general', '- Cédula de identidad vigente.\n- Ficha de Registro Social de Hogares vigente en nuestra comuna.\n- No contar con cuota Mortuoria', '- Documento que acredite fallecimiento de la persona. \n- Certificado de defunción.\n- Cédula de identidad', 'Ilustre Municipalidad de Ñuñoa, a través \ndel Departamento de Asistencia Social', 'Av. Irarrázaval 2434 \nPrimer Piso, Ñuñoa', 'Av. Irarrázaval 2434 \nPrimer Piso, Ñuñoa. \nLunes a viernes de 9:00 \na 14:00 hrs', 'Lorena Jara Gimpels', '1', '2024-10-04 22:24:51', 0, 1, '0', '2025-05-12 16:40:03', '2025-05-12 16:40:03', 'Jefa Dpto. Servicio Social', '(56 2) 3322 2330', 'ljara@nunoa.cl'),
(24973, 563, '9d3069dc-ed0f-40f8-b3cb-a8b8837fbb59', '5', NULL, 'Catres clínicos', '1', 'Con este beneficio se realizará un co-aporte, que permita cubrir parte de un catre clínico para\npersonas mayores de 60 años. El valor de este aporte tendrá un monto máximo de 3 UTM.\nTambién se podría realizar el arriendo de un catre clínico, con un máximo de tres meses o por un\nmonto máximo de 3 UTM. Lo que sea de mayor conveniencia para el usuario', '- Cédula de identidad vigente.\n- Ficha de Registro Social de Hogares vigente en nuestra comuna.\n- 60% de vulnerabilidad como máximo en el Registro Social de Hogares', '- Comprobante de pago de pensión o últimas liquidaciones de sueldo.\n- Orden médica con solicitud de catre clínico y fecha no superior a 6 meses.\n- Dos cotizaciones del requerimiento en distintas instituciones que vendan insumos médicos.\n- Dos cotizaciones de arriendos de catres clínicos', 'Ilustre Municipalidad de Ñuñoa, a través del \nDepartamento de Asistencia Social', 'Av. Irarrázaval 2434 \nPrimer Piso, Ñuñoa', 'Av. Irarrázaval 2434 \nPrimer Piso, Ñuñoa\nLunes a viernes de 9:00 a \n14:00 hrs', 'Lorena Jara Gimpels', '1', '2024-10-04 22:24:51', 0, 1, '0', '2025-05-12 16:40:03', '2025-05-12 16:40:03', 'Jefa Dpto. Servicio Social', '(56 2) 3322 2330', 'ljara@nunoa.cl'),
(24974, 563, '9d3069dc-ed0f-40f8-b3cb-a8b8837fbb59', '16', NULL, 'Exención de pago por derechos de aseo \ndomiciliario', '1', 'Beneficio regulado por la Ordenanza Municipal N° 24 “Sobre determinación de la tarifa por el\nservicio de aseo”', '- La propiedad no debe cancelar contribuciones, o en su defecto la cuota de contribución debe ser igual o\nmenor a la cuota de aseo para poder acceder al beneficio.\n- Contar con Registro Social de Hogares en el domicilio a postular.\n- Cédula de identidad de la persona a postular', '- Documento formal con rol de propiedad.  \n- Cédula de identidad', 'Ilustre Municipalidad de Ñuñoa, a través del \nDepartamento de Asistencia Social', 'Av. Irarrázaval 2434 \nPrimer Piso, Ñuñoa', 'Av. Irarrázaval 2434 \nPrimer Piso, Ñuñoa. \nLunes a viernes de 9:00 a \n14:00 hrs', 'Lorena Jara Gimpels', '1', '2024-10-04 22:24:51', 0, 1, '0', '2025-05-12 16:40:03', '2025-05-12 16:40:03', 'Jefa Dpto. Servicio Social', '(56 2) 3322 2330', 'ljara@nunoa.cl'),
(24975, 563, '9d3069dc-ed0f-40f8-b3cb-a8b8837fbb59', '16', NULL, 'Regalo de navidad', '1', 'Este beneficio busca apoyar a niños y niñas cuyas familias se encuentren en condición de\nnecesidad manifiesta y/o indigencia, encontrándose en compleja situación, para cubrir la\nnecesidad de la tradicional celebración de fin de año', '- Edad entre 0 a 10 años.\n- Ficha de Registro Social de Hogares vigente en nuestra comuna.\n- 60% de vulnerabilidad como máximo en el Registro Social de Hogares', '- Postulación online', 'Ilustre Municipalidad de Ñuñoa, a través del \nDepartamento de Asistencia Social', 'Av. Irarrázaval 2434 \nPrimer Piso, Ñuñoa', 'Av. Irarrázaval 2434 \nPrimer Piso, Ñuñoa. \nLunes a viernes de 9:00 a \n14:00 hrs', 'Lorena Jara Gimpels', '1', '2024-10-04 22:24:51', 0, 1, '0', '2025-05-12 16:40:03', '2025-05-12 16:40:03', 'Jefa Dpto. Servicio Social', '(56 2) 3322 2330', 'ljara@nunoa.cl'),
(24976, 563, '9d3069dc-ed0f-40f8-b3cb-a8b8837fbb59', '10', NULL, 'Gift card de apoyo escolar', '1', 'Este beneficio procura apoyar a las familias sostenedoras de estudiantes de la educación obligatoria,\nen la adquisición de calzado y vestuario que permita asistir a los establecimientos educacionales.\nTambién a las familias sostenedoras de estudiantes de la educación obligatoria, técnica o superior,\nen la adquisición de útiles que faciliten su proceso educacional', '- Ficha de Registro Social de Hogares vigente en nuestra comuna.\n- 60% de vulnerabilidad como máximo en el Registro Social de Hogares.\n- Certificado de alumno regular', '- Postulación online', 'Ilustre Municipalidad de Ñuñoa, a través del \nDepartamento de Asistencia Social', 'Av. Irarrázaval 2434 \nPrimer Piso, Ñuñoa', 'Av. Irarrázaval 2434 \nPrimer Piso, Ñuñoa. \nLunes a viernes de 9:00 a \n14:00 hrs', 'Lorena Jara Gimpels', '1', '2024-10-04 22:24:51', 0, 1, '0', '2025-05-12 16:40:03', '2025-05-12 16:40:03', 'Jefa Dpto. Servicio Social', '(56 2) 3322 2330', 'ljara@nunoa.cl'),
(24977, 563, '9d3069dc-ed0f-40f8-b3cb-a8b8837fbb59', '3', NULL, 'Beca del pago de matrícula de la educación \nsuperior (reembolso de la matrícula)', '1', 'Servicio\nregulado\npor\nla\nOrdenanza\nMunicipal\nN°33\ny\nsus\nmodificaciones\n“Sobre\notorgamiento de becas para la educación superior”', 'Regulada por la Ordenanza Municipal N°33 y sus modificaciones “Sobre otorgamiento de\nbecas para la educación superior”', 'Regulada por la Ordenanza Municipal N°33 y sus modificaciones “Sobre otorgamiento de \nbecas para la educación superior”', 'Ilustre Municipalidad de Ñuñoa, a través del \nDepartamento de Asistencia Social', 'Av. Irarrázaval 2434 \nPrimer Piso, Ñuñoa', 'Av. Irarrázaval 2434 \nPrimer Piso, Ñuñoa. \nLunes a viernes de 9:00 a \n14:00 hrs', 'Lorena Jara Gimpels', '1', '2024-10-04 22:24:51', 0, 1, '0', '2025-05-12 16:40:03', '2025-05-12 16:40:03', 'Jefa Dpto. Servicio Social', '(56 2) 3322 2330', 'ljara@nunoa.cl'),
(24978, 563, '9d3069dc-ed0f-40f8-b3cb-a8b8837fbb59', '5', NULL, 'Apoyo para pacientes con dependencia \nsevera', '1', 'Este beneficio busca apoyar a las familias sostenedoras de personas que se encuentren en \nestado de postración debido a enfermedad o condición médica prescrita', '- Cédula de identidad vigente.\n- Ficha de Registro Social de Hogares vigente en nuestra comuna.\n- 60% de vulnerabilidad como máximo en el Registro Social de Hogares', '- Comprobante de pago de pensión o últimas liquidaciones de sueldo. (Si corresponde).\n- Receta médica con diagnóstico y fecha no superior a los 6 meses.\n- Certificado médico que indique calidad de paciente dependiente severo', 'Ilustre Municipalidad de Ñuñoa, a través del \nDepartamento de Asistencia Social', 'Av. Irarrázaval 2434 \nPrimer Piso, Ñuñoa', 'Av. Irarrázaval 2434 \nPrimer Piso, Ñuñoa. \nLunes a viernes de 9:00 a \n14:00 hrs', 'Lorena Jara Gimpels', '1', '2024-10-04 22:24:51', 0, 1, '0', '2025-05-12 16:40:03', '2025-05-12 16:40:03', 'Jefa Dpto. Servicio Social', '(56 2) 3322 2330', 'ljara@nunoa.cl'),
(24979, 563, '9d3069dc-ed0f-40f8-b3cb-a8b8837fbb59', '5', NULL, 'Apoyo para pacientes con enfermedades \ncrónicas', '1', 'Este beneficio busca apoyar a pacientes crónicos en la compra de medicamentos para\nenfermedades de alta complejidad y que no se encuentren cubiertas por la red pública de\nsalud y GES', '- Cédula de identidad vigente.\n- Ficha de Registro Social de Hogares vigente en nuestra comuna.\n- 60% de vulnerabilidad como máximo en el Registro Social de Hogares', '- Comprobante de pago de pensión o últimas liquidaciones de sueldo. (Si corresponde).\n- Receta médica con diagnóstico y fecha no superior a los 6 meses.\n- Certificado médico que indique calidad de medicamento crónico', 'Ilustre Municipalidad de Ñuñoa, a través del \nDepartamento de Asistencia Social', 'Av. Irarrázaval 2434 \nPrimer Piso, Ñuñoa', 'Av. Irarrázaval 2434 \nPrimer Piso, Ñuñoa. \nLunes a viernes de 9:00 a \n14:00 hrs', 'Lorena Jara Gimpels', '1', '2024-10-04 22:24:51', 0, 1, '0', '2025-05-12 16:40:03', '2025-05-12 16:40:03', 'Jefa Dpto. Servicio Social', '(56 2) 3322 2330', 'ljara@nunoa.cl'),
(24980, 563, '9d3069dc-ed0f-40f8-b3cb-a8b8837fbb59', '22', NULL, 'Ingreso al Registro Social de Hogares \n(RSH)', '0', 'Crear cartola para aquellos grupos familiares que no cuentan con RSH', '- Debe vivir en la comuna de Ñuñoa.\n- Debe ser mayor de 18 años', '- Fotocopia de cédula de identidad de todo el grupo familiar.\n- Certificado de residencia emitido por la junta de vecinos o cuenta de servicios a nombre\ndel/de la solicitante.\n- Cuenta de luz o agua, independiente a nombre de quien esté', 'Departamento de Asistencia Social de la \nMunicipalidad de Ñuñoa', 'Av. Irarrázaval 2434 \nPrimer Piso, Ñuñoa', 'Av. Irarrázaval 2434 \nPrimer Piso, Ñuñoa. \nLunes a viernes de 9:00 a \n14:00 hrs', 'Patricia Valdés Fuentes', '1', '2024-10-04 22:24:51', 0, 1, '0', '2025-05-12 16:40:03', '2025-05-12 16:40:03', 'Encargada Comunal RSH', '233222924', 'pvaldes@nunoa.cl'),
(24981, 563, '9d3069dc-ed0f-40f8-b3cb-a8b8837fbb59', '22', NULL, 'Actualización de ingresos', '0', 'Destinado para grupos familiares con ingresos no actualizados en su cartola del Registro\nSocial de Hogares. Corresponde a la actualización de datos para el acceso a beneficios\nestatales y municipales', '- Traer documentos de respaldo o cédula de identidad si corresponde a un autoreporte.\n- Debe realizar la solicitud el/la titular del dato', '- Fotocopia de cédula de identidad.\n- Certificado de cotizaciones o remuneración con el detalle de renta imponible de los últimos\n12 meses (para trabajador/a dependiente).\n- Resumen de boletas emitidas 2021-2022 y resumen de boletas recibidas por terceros B”tes\n2021-2022 (SII) (para trabajador/a independiente).\n- Últimas 2 liquidaciones de pago de pensión (pensionados)', 'Departamento de Asistencia Social de la \nMunicipalidad de Ñuñoa', 'Av. Irarrázaval 2434 \nPrimer Piso, Ñuñoa', 'Av. Irarrázaval 2434 \nPrimer Piso, Ñuñoa. \nLunes a viernes de 9:00 a \n14:00 hrs', 'Patricia Valdés Fuentes', '1', '2024-10-04 22:24:51', 0, 1, '0', '2025-05-12 16:40:03', '2025-05-12 16:40:03', 'Encargada Comunal RSH', '233222924', 'pvaldes@nunoa.cl'),
(24982, 563, '9d3069dc-ed0f-40f8-b3cb-a8b8837fbb59', '22', NULL, 'Complemento de salud', '0', 'Cotización de salud de alto valor por preexistencia y/o tratamiento de alto costo', '- Ser beneficiario de ISAPRE.\n- Tener una enfermedad preexistente', '- Fotocopia de cédula de identidad.\n- Certificado médico (especificar diagnóstico).\n- Certificado de cargas de Isapre.\n- Declaración jurada simple para la tramitación de la solicitud de complemento de salud por\npreexistencia (otorgada por el municipio)', 'Departamento de Asistencia Social de la \nMunicipalidad de Ñuñoa', 'Av. Irarrázaval 2434 \nPrimer Piso, Ñuñoa', 'Av. Irarrázaval 2434 \nPrimer Piso, Ñuñoa. \nLunes a viernes de 9:00 a \n14:00 hrs', 'Patricia Valdés Fuentes', '1', '2024-10-04 22:24:51', 0, 1, '0', '2025-05-12 16:40:03', '2025-05-12 16:40:03', 'Encargada Comunal RSH', '233222924', 'pvaldes@nunoa.cl'),
(24983, 563, '9d3069dc-ed0f-40f8-b3cb-a8b8837fbb59', '24', NULL, 'Subsidio Agua Potable', '1', 'Beneficio estatal consistente en el pago del 50% de los primeros 15 m3 de consumo de agua\npotable. En el caso de las familias pertenecientes al Subsistema de Seguridades y\nOportunidades, se subsidia el 100% de los primeros 15 m3 de consumo. Tiene una duración\nde 3 años, pudiendo postular nuevamente si persiste el cumplimiento de requisitos', '- Contar con Registro Social de Hogares en el domicilio que postula.\n- Debe postular la jefa o jefe de hogar de la familia principal.\n- Debe estar al día en los pagos con la empresa de servicios sanitarios, pudiendo postular\ncon convenio de pago al día.\n- Debe cumplir con el requisito de incapacidad de pago o requisito de carencia: Destinar más\ndel 5% de los ingresos familiares al pago mensual del agua', '- Última boleta del agua de la empresa de servicios sanitarios con el respectivo comprobante\nde pago.\n- Cédula de identidad.\n- El trámite se realiza durante todo el año en el Departamento Social del Municipio', 'Ilustre Municipalidad de Ñuñoa, a través del \nDepartamento de Asistencia Social', 'Av. Irarrázaval 2434 \nPrimer Piso, Ñuñoa', 'Lunes a viernes de 9:00 \na 14:00 hrs', 'Andrés Santibañez Vidal', '1', '2024-10-04 22:24:51', 0, 1, '0', '2025-05-12 16:40:03', '2025-05-12 16:40:03', 'Trabajador Social', '-', 'asantibanezv@nunoa.cl'),
(24984, 563, '9d3069dc-ed0f-40f8-b3cb-a8b8837fbb59', '24', NULL, 'Subsidio Único Familiar/Maternal', '1', 'También conocido como Subsidio Único Familiar (SUF), está destinado a personas de\nescasos recursos que pertenezcan al 60% de la población nacional socioeconómicamente\nmás vulnerable, según el Registro Social de Hogares (RSH)', '- Tener Registro Social de Hogares vigente (tramo hasta el 60% de menores ingresos o\nmayor vulnerabilidad socioeconómica).\n- No estar afiliado a ningún régimen previsional, caja de compensación o IPS.\n- No percibir seguro de cesantía', '- Fotocopia cédula de identidad postulante (madre, padre o tutor).\n- Certificado de nacimiento del niño/a para asignación familiar.\n- Carnet de control sano al día (niños/as menores de 6 años).\n- Certificado de alumno regular vigente entregado por el colegio (niños/as mayores de 6\naños).\n- Certificado de FONASA (A o B) de la madre y niños/as postulantes (no debe presentar\ncotizaciones pagadas por un empleador).\n- Fotocopia del cuidado personal vigente en caso de tener a un niño/a a cargo.\n- Para Subsidio Único Maternal presentar certificado de embarazo (se postula a partir del\nquinto mes de embarazo)', 'Ilustre Municipalidad de Ñuñoa, a través del \nDepartamento de Asistencia Social', 'Av. Irarrázaval 2434 \nPrimer Piso, Ñuñoa', 'Lunes a viernes de 9:00 \na 14:00 hrs', 'Andrés Santibañez Vidal', '1', '2024-10-04 22:24:51', 0, 1, '0', '2025-05-12 16:40:03', '2025-05-12 16:40:03', 'Trabajador Social', '-', 'asantibanezv@nunoa.cl');

-- --------------------------------------------------------

--
-- Estructura de tabla para la tabla `beneficio_servicio_derecho`
--

CREATE TABLE `beneficio_servicio_derecho` (
  `id` bigint(20) UNSIGNED NOT NULL,
  `beneficio_servicio_id` bigint(20) UNSIGNED NOT NULL,
  `derecho_id` bigint(20) UNSIGNED NOT NULL,
  `created_at` timestamp NULL DEFAULT NULL,
  `updated_at` timestamp NULL DEFAULT NULL
) ENGINE=InnoDB DEFAULT CHARSET=utf8mb4 COLLATE=utf8mb4_unicode_ci;

-- --------------------------------------------------------

--
-- Estructura de tabla para la tabla `blueprints`
--

CREATE TABLE `blueprints` (
  `id` bigint(20) UNSIGNED NOT NULL,
  `namespace` varchar(191) DEFAULT NULL,
  `handle` varchar(191) NOT NULL,
  `data` longtext CHARACTER SET utf8mb4 COLLATE utf8mb4_bin NOT NULL CHECK (json_valid(`data`)),
  `created_at` timestamp NULL DEFAULT NULL,
  `updated_at` timestamp NULL DEFAULT NULL
) ENGINE=MyISAM DEFAULT CHARSET=utf8mb4 COLLATE=utf8mb4_unicode_ci;

--
-- Volcado de datos para la tabla `blueprints`
--

INSERT INTO `blueprints` (`id`, `namespace`, `handle`, `data`, `created_at`, `updated_at`) VALUES
(1, NULL, 'default', '{\"fields\":[{\"field\":{\"type\":\"markdown\",\"display\":\"Content\",\"localizable\":true},\"handle\":\"content\"}]}', '2024-11-25 21:16:13', NULL);

-- --------------------------------------------------------

--
-- Estructura de tabla para la tabla `catalogos`
--

CREATE TABLE `catalogos` (
  `id` bigint(20) UNSIGNED NOT NULL,
  `comuna_id` bigint(20) UNSIGNED NOT NULL,
  `estado` enum('1','2','3','4') NOT NULL,
  `fecha_publicacion` timestamp NULL DEFAULT NULL,
  `fecha_revision` timestamp NULL DEFAULT NULL,
  `fecha_revisado` timestamp NULL DEFAULT NULL,
  `revisor_id` char(36) DEFAULT NULL,
  `created_at` timestamp NULL DEFAULT NULL,
  `updated_at` timestamp NULL DEFAULT NULL,
  `modulo_id` bigint(20) UNSIGNED DEFAULT NULL
) ENGINE=InnoDB DEFAULT CHARSET=utf8mb4 COLLATE=utf8mb4_unicode_ci;

--
-- Volcado de datos para la tabla `catalogos`
--

INSERT INTO `catalogos` (`id`, `comuna_id`, `estado`, `fecha_publicacion`, `fecha_revision`, `fecha_revisado`, `revisor_id`, `created_at`, `updated_at`, `modulo_id`) VALUES
(285, 72, '1', NULL, NULL, NULL, NULL, '2025-02-24 16:49:13', '2025-02-24 16:49:13', 1),
(286, 126, '1', NULL, NULL, NULL, NULL, '2025-02-24 16:49:13', '2025-02-24 16:49:13', 1),
(287, 27, '1', NULL, NULL, NULL, NULL, '2025-02-24 16:49:13', '2025-02-24 16:49:13', 1),
(288, 11, '1', NULL, NULL, NULL, NULL, '2025-02-24 16:49:13', '2025-02-24 16:49:13', 1),
(289, 306, '1', NULL, NULL, NULL, NULL, '2025-02-24 16:49:14', '2025-02-24 16:49:14', 1),
(290, 273, '1', NULL, NULL, NULL, NULL, '2025-02-24 16:49:14', '2025-02-24 16:49:14', 1),
(291, 12, '1', NULL, NULL, NULL, NULL, '2025-02-24 16:49:14', '2025-02-24 16:49:14', 1),
(292, 218, '1', NULL, NULL, NULL, NULL, '2025-02-24 16:49:14', '2025-02-24 16:49:14', 1),
(293, 211, '1', NULL, NULL, NULL, NULL, '2025-02-24 16:49:14', '2025-02-24 16:49:14', 1),
(294, 1, '1', '2025-04-03 18:46:59', '2025-04-03 18:45:11', '2025-04-03 18:40:47', '9d98e0fa-f033-4f3a-af91-625124ec49f1', '2025-02-24 16:49:14', '2025-05-12 16:39:51', 1),
(295, 328, '1', NULL, NULL, NULL, NULL, '2025-02-24 16:49:14', '2025-02-24 16:49:14', 1),
(296, 122, '1', NULL, NULL, NULL, NULL, '2025-02-24 16:49:14', '2025-02-24 16:49:14', 1),
(297, 232, '1', NULL, NULL, NULL, NULL, '2025-02-24 16:49:14', '2025-02-24 16:49:14', 1),
(298, 340, '1', NULL, NULL, NULL, NULL, '2025-02-24 16:49:14', '2025-02-24 16:49:14', 1),
(299, 16, '1', NULL, NULL, NULL, NULL, '2025-02-24 16:49:14', '2025-02-24 16:49:14', 1),
(300, 297, '1', NULL, NULL, NULL, NULL, '2025-02-24 16:49:14', '2025-02-24 16:49:14', 1),
(301, 22, '1', NULL, NULL, NULL, NULL, '2025-02-24 16:49:14', '2025-02-24 16:49:14', 1),
(302, 56, '1', NULL, NULL, NULL, NULL, '2025-02-24 16:49:14', '2025-02-24 16:49:14', 1),
(303, 2, '1', NULL, NULL, NULL, NULL, '2025-02-24 16:49:14', '2025-02-24 16:49:14', 1),
(304, 6, '1', NULL, NULL, NULL, NULL, '2025-02-24 16:49:14', '2025-02-24 16:49:14', 1),
(305, 37, '1', NULL, NULL, NULL, NULL, '2025-02-24 16:49:14', '2025-02-24 16:49:14', 1),
(306, 253, '1', NULL, NULL, NULL, NULL, '2025-02-24 16:49:14', '2025-02-24 16:49:14', 1),
(307, 73, '1', NULL, NULL, NULL, NULL, '2025-02-24 16:49:14', '2025-02-24 16:49:14', 1),
(308, 305, '1', NULL, NULL, NULL, NULL, '2025-02-24 16:49:14', '2025-02-24 16:49:14', 1),
(309, 78, '1', NULL, NULL, NULL, NULL, '2025-02-24 16:49:14', '2025-02-24 16:49:14', 1),
(310, 212, '1', NULL, NULL, NULL, NULL, '2025-02-24 16:49:14', '2025-02-24 16:49:14', 1),
(311, 85, '1', NULL, NULL, NULL, NULL, '2025-02-24 16:49:14', '2025-02-24 16:49:14', 1),
(312, 322, '1', NULL, NULL, NULL, NULL, '2025-02-24 16:49:14', '2025-02-24 16:49:14', 1),
(313, 179, '1', NULL, NULL, NULL, NULL, '2025-02-24 16:49:14', '2025-02-24 16:49:14', 1),
(314, 24, '1', NULL, NULL, NULL, NULL, '2025-02-24 16:49:14', '2025-02-24 16:49:14', 1),
(315, 200, '1', NULL, NULL, NULL, NULL, '2025-02-24 16:49:14', '2025-02-24 16:49:14', 1),
(316, 334, '1', NULL, NULL, NULL, NULL, '2025-02-24 16:49:14', '2025-02-24 16:49:14', 1),
(317, 236, '1', NULL, NULL, NULL, NULL, '2025-02-24 16:49:15', '2025-02-24 16:49:15', 1),
(318, 160, '1', NULL, NULL, NULL, NULL, '2025-02-24 16:49:15', '2025-02-24 16:49:15', 1),
(319, 272, '1', NULL, NULL, NULL, NULL, '2025-02-24 16:49:15', '2025-02-24 16:49:15', 1),
(320, 307, '1', NULL, NULL, NULL, NULL, '2025-02-24 16:49:15', '2025-02-24 16:49:15', 1),
(321, 159, '1', NULL, NULL, NULL, NULL, '2025-02-24 16:49:15', '2025-02-24 16:49:15', 1),
(322, 329, '1', NULL, NULL, NULL, NULL, '2025-02-24 16:49:15', '2025-02-24 16:49:15', 1),
(323, 298, '1', NULL, NULL, NULL, NULL, '2025-02-24 16:49:15', '2025-02-24 16:49:15', 1),
(324, 331, '1', NULL, NULL, NULL, NULL, '2025-02-24 16:49:15', '2025-02-24 16:49:15', 1),
(325, 136, '1', NULL, NULL, NULL, NULL, '2025-02-24 16:49:15', '2025-02-24 16:49:15', 1),
(326, 235, '1', NULL, NULL, NULL, NULL, '2025-02-24 16:49:15', '2025-02-24 16:49:15', 1),
(327, 137, '1', NULL, NULL, NULL, NULL, '2025-02-24 16:49:15', '2025-02-24 16:49:15', 1),
(328, 191, '1', NULL, NULL, NULL, NULL, '2025-02-24 16:49:15', '2025-02-24 16:49:15', 1),
(329, 7, '1', NULL, NULL, NULL, NULL, '2025-02-24 16:49:15', '2025-02-24 16:49:15', 1),
(330, 138, '1', NULL, NULL, NULL, NULL, '2025-02-24 16:49:15', '2025-02-24 16:49:15', 1),
(331, 41, '1', NULL, NULL, NULL, NULL, '2025-02-24 16:49:15', '2025-02-24 16:49:15', 1),
(332, 198, '1', NULL, NULL, NULL, NULL, '2025-02-24 16:49:15', '2025-02-24 16:49:15', 1),
(333, 47, '1', NULL, NULL, NULL, NULL, '2025-02-24 16:49:15', '2025-02-24 16:49:15', 1),
(334, 169, '1', NULL, NULL, NULL, NULL, '2025-02-24 16:49:15', '2025-02-24 16:49:15', 1),
(335, 31, '1', NULL, NULL, NULL, NULL, '2025-02-24 16:49:15', '2025-02-24 16:49:15', 1),
(336, 199, '1', NULL, NULL, NULL, NULL, '2025-02-24 16:49:15', '2025-02-24 16:49:15', 1),
(337, 285, '1', NULL, NULL, NULL, NULL, '2025-02-24 16:49:15', '2025-02-24 16:49:15', 1),
(338, 254, '1', NULL, NULL, NULL, NULL, '2025-02-24 16:49:15', '2025-02-24 16:49:15', 1),
(339, 127, '1', NULL, NULL, NULL, NULL, '2025-02-24 16:49:15', '2025-02-24 16:49:15', 1),
(340, 308, '1', NULL, NULL, NULL, NULL, '2025-02-24 16:49:15', '2025-02-24 16:49:15', 1),
(341, 214, '1', NULL, NULL, NULL, NULL, '2025-02-24 16:49:15', '2025-02-24 16:49:15', 1),
(342, 170, '1', NULL, NULL, NULL, NULL, '2025-02-24 16:49:15', '2025-02-24 16:49:15', 1),
(343, 181, '1', NULL, NULL, NULL, NULL, '2025-02-24 16:49:15', '2025-02-24 16:49:15', 1),
(344, 309, '1', NULL, NULL, NULL, NULL, '2025-02-24 16:49:15', '2025-02-24 16:49:15', 1),
(345, 25, '1', NULL, NULL, NULL, NULL, '2025-02-24 16:49:15', '2025-02-24 16:49:15', 1),
(346, 139, '1', NULL, NULL, NULL, NULL, '2025-02-24 16:49:16', '2025-02-24 16:49:16', 1),
(347, 131, '1', NULL, NULL, NULL, NULL, '2025-02-24 16:49:16', '2025-02-24 16:49:16', 1),
(348, 74, '1', NULL, NULL, NULL, NULL, '2025-02-24 16:49:16', '2025-02-24 16:49:16', 1),
(349, 75, '1', NULL, NULL, NULL, NULL, '2025-02-24 16:49:16', '2025-02-24 16:49:16', 1),
(350, 171, '1', NULL, NULL, NULL, NULL, '2025-02-24 16:49:16', '2025-02-24 16:49:16', 1),
(351, 276, '1', NULL, NULL, NULL, NULL, '2025-02-24 16:49:16', '2025-02-24 16:49:16', 1),
(352, 88, '1', NULL, NULL, NULL, NULL, '2025-02-24 16:49:16', '2025-02-24 16:49:16', 1),
(353, 201, '1', NULL, NULL, NULL, NULL, '2025-02-24 16:49:16', '2025-02-24 16:49:16', 1),
(354, 256, '1', NULL, NULL, NULL, NULL, '2025-02-24 16:49:16', '2025-02-24 16:49:16', 1),
(355, 28, '1', NULL, NULL, NULL, NULL, '2025-02-24 16:49:16', '2025-02-24 16:49:16', 1),
(356, 299, '1', NULL, NULL, NULL, NULL, '2025-02-24 16:49:16', '2025-02-24 16:49:16', 1),
(357, 300, '1', NULL, NULL, NULL, NULL, '2025-02-24 16:49:16', '2025-02-24 16:49:16', 1),
(358, 323, '1', NULL, NULL, NULL, NULL, '2025-02-24 16:49:16', '2025-02-24 16:49:16', 1),
(359, 286, '1', NULL, NULL, NULL, NULL, '2025-02-24 16:49:16', '2025-02-24 16:49:16', 1),
(360, 257, '1', NULL, NULL, NULL, NULL, '2025-02-24 16:49:16', '2025-02-24 16:49:16', 1),
(361, 258, '1', NULL, NULL, NULL, NULL, '2025-02-24 16:49:16', '2025-02-24 16:49:16', 1),
(362, 140, '1', NULL, NULL, NULL, NULL, '2025-02-24 16:49:16', '2025-02-24 16:49:16', 1),
(363, 330, '1', NULL, NULL, NULL, NULL, '2025-02-24 16:49:16', '2025-02-24 16:49:16', 1),
(364, 66, '1', NULL, NULL, NULL, NULL, '2025-02-24 16:49:16', '2025-02-24 16:49:16', 1),
(365, 324, '1', NULL, NULL, NULL, NULL, '2025-02-24 16:49:16', '2025-02-24 16:49:16', 1),
(366, 182, '1', NULL, NULL, NULL, NULL, '2025-02-24 16:49:16', '2025-02-24 16:49:16', 1),
(367, 209, '1', NULL, NULL, NULL, NULL, '2025-02-24 16:49:16', '2025-02-24 16:49:16', 1),
(368, 202, '1', NULL, NULL, NULL, NULL, '2025-02-24 16:49:16', '2025-02-24 16:49:16', 1),
(369, 8, '1', NULL, NULL, NULL, NULL, '2025-02-24 16:49:16', '2025-02-24 16:49:16', 1),
(370, 29, '1', NULL, NULL, NULL, NULL, '2025-02-24 16:49:16', '2025-02-24 16:49:16', 1),
(371, 89, '1', NULL, NULL, NULL, NULL, '2025-02-24 16:49:17', '2025-02-24 16:49:17', 1),
(372, 36, '1', NULL, NULL, NULL, NULL, '2025-02-24 16:49:17', '2025-02-24 16:49:17', 1),
(373, 90, '1', NULL, NULL, NULL, NULL, '2025-02-24 16:49:17', '2025-02-24 16:49:17', 1),
(374, 5, '1', NULL, NULL, NULL, NULL, '2025-02-24 16:49:17', '2025-02-24 16:49:17', 1),
(375, 132, '1', NULL, NULL, NULL, NULL, '2025-02-24 16:49:17', '2025-02-24 16:49:17', 1),
(376, 48, '1', NULL, NULL, NULL, NULL, '2025-02-24 16:49:17', '2025-02-24 16:49:17', 1),
(377, 91, '1', NULL, NULL, NULL, NULL, '2025-02-24 16:49:17', '2025-02-24 16:49:17', 1),
(378, 67, '1', NULL, NULL, NULL, NULL, '2025-02-24 16:49:17', '2025-02-24 16:49:17', 1),
(379, 153, '1', NULL, NULL, NULL, NULL, '2025-02-24 16:49:17', '2025-02-24 16:49:17', 1),
(380, 92, '1', NULL, NULL, NULL, NULL, '2025-02-24 16:49:17', '2025-02-24 16:49:17', 1),
(381, 33, '1', NULL, NULL, NULL, NULL, '2025-02-24 16:49:17', '2025-02-24 16:49:17', 1),
(382, 59, '1', NULL, NULL, NULL, NULL, '2025-02-24 16:49:17', '2025-02-24 16:49:17', 1),
(383, 94, '1', NULL, NULL, NULL, NULL, '2025-02-24 16:49:17', '2025-02-24 16:49:17', 1),
(384, 95, '1', NULL, NULL, NULL, NULL, '2025-02-24 16:49:17', '2025-02-24 16:49:17', 1),
(385, 30, '1', NULL, NULL, NULL, NULL, '2025-02-24 16:49:17', '2025-02-24 16:49:17', 1),
(386, 287, '1', NULL, NULL, NULL, NULL, '2025-02-24 16:49:17', '2025-02-24 16:49:17', 1),
(387, 288, '1', NULL, NULL, NULL, NULL, '2025-02-24 16:49:17', '2025-02-24 16:49:17', 1),
(388, 327, '1', NULL, NULL, NULL, NULL, '2025-02-24 16:49:17', '2025-02-24 16:49:17', 1),
(389, 337, '1', NULL, NULL, NULL, NULL, '2025-02-24 16:49:17', '2025-02-24 16:49:17', 1),
(390, 220, '1', NULL, NULL, NULL, NULL, '2025-02-24 16:49:17', '2025-02-24 16:49:17', 1),
(391, 119, '1', NULL, NULL, NULL, NULL, '2025-02-24 16:49:17', '2025-02-24 16:49:17', 1),
(392, 289, '1', NULL, NULL, NULL, NULL, '2025-02-24 16:49:17', '2025-02-24 16:49:17', 1),
(393, 259, '1', NULL, NULL, NULL, NULL, '2025-02-24 16:49:17', '2025-02-24 16:49:17', 1),
(394, 210, '1', NULL, NULL, NULL, NULL, '2025-02-24 16:49:17', '2025-02-24 16:49:17', 1),
(395, 183, '1', NULL, NULL, NULL, NULL, '2025-02-24 16:49:17', '2025-02-24 16:49:17', 1),
(396, 68, '1', NULL, NULL, NULL, NULL, '2025-02-24 16:49:17', '2025-02-24 16:49:17', 1),
(397, 190, '1', NULL, NULL, NULL, NULL, '2025-02-24 16:49:18', '2025-02-24 16:49:18', 1),
(398, 302, '1', NULL, NULL, NULL, NULL, '2025-02-24 16:49:18', '2025-02-24 16:49:18', 1),
(399, 79, '1', NULL, NULL, NULL, NULL, '2025-02-24 16:49:18', '2025-02-24 16:49:18', 1),
(400, 97, '1', NULL, NULL, NULL, NULL, '2025-02-24 16:49:18', '2025-02-24 16:49:18', 1),
(401, 98, '1', NULL, NULL, NULL, NULL, '2025-02-24 16:49:18', '2025-02-24 16:49:18', 1),
(402, 99, '1', NULL, NULL, NULL, NULL, '2025-02-24 16:49:18', '2025-02-24 16:49:18', 1),
(403, 161, '1', NULL, NULL, NULL, NULL, '2025-02-24 16:49:18', '2025-02-24 16:49:18', 1),
(404, 260, '1', NULL, NULL, NULL, NULL, '2025-02-24 16:49:18', '2025-02-24 16:49:18', 1),
(405, 277, '1', NULL, NULL, NULL, NULL, '2025-02-24 16:49:18', '2025-02-24 16:49:18', 1),
(406, 55, '1', NULL, NULL, NULL, NULL, '2025-02-24 16:49:18', '2025-02-24 16:49:18', 1),
(407, 290, '1', NULL, NULL, NULL, NULL, '2025-02-24 16:49:18', '2025-02-24 16:49:18', 1),
(408, 278, '1', NULL, NULL, NULL, NULL, '2025-02-24 16:49:18', '2025-02-24 16:49:18', 1),
(409, 215, '1', NULL, NULL, NULL, NULL, '2025-02-24 16:49:18', '2025-02-24 16:49:18', 1),
(410, 217, '1', NULL, NULL, NULL, NULL, '2025-02-24 16:49:18', '2025-02-24 16:49:18', 1),
(411, 203, '1', NULL, NULL, NULL, NULL, '2025-02-24 16:49:18', '2025-02-24 16:49:18', 1),
(412, 279, '1', NULL, NULL, NULL, NULL, '2025-02-24 16:49:18', '2025-02-24 16:49:18', 1),
(413, 142, '1', NULL, NULL, NULL, NULL, '2025-02-24 16:49:18', '2025-02-24 16:49:18', 1),
(414, 100, '1', NULL, NULL, NULL, NULL, '2025-02-24 16:49:18', '2025-02-24 16:49:18', 1),
(415, 101, '1', NULL, NULL, NULL, NULL, '2025-02-24 16:49:18', '2025-02-24 16:49:18', 1),
(416, 143, '1', NULL, NULL, NULL, NULL, '2025-02-24 16:49:18', '2025-02-24 16:49:18', 1),
(417, 155, '1', NULL, NULL, NULL, NULL, '2025-02-24 16:49:18', '2025-02-24 16:49:18', 1),
(418, 292, '1', NULL, NULL, NULL, NULL, '2025-02-24 16:49:18', '2025-02-24 16:49:18', 1),
(419, 20, '1', NULL, NULL, NULL, NULL, '2025-02-24 16:49:18', '2025-02-24 16:49:18', 1),
(420, 172, '1', NULL, NULL, NULL, NULL, '2025-02-24 16:49:19', '2025-02-24 16:49:19', 1),
(421, 303, '1', NULL, NULL, NULL, NULL, '2025-02-24 16:49:19', '2025-02-24 16:49:19', 1),
(422, 13, '1', NULL, NULL, NULL, NULL, '2025-02-24 16:49:19', '2025-02-24 16:49:19', 1),
(423, 261, '1', NULL, NULL, NULL, NULL, '2025-02-24 16:49:19', '2025-02-24 16:49:19', 1),
(424, 125, '1', NULL, NULL, NULL, NULL, '2025-02-24 16:49:19', '2025-02-24 16:49:19', 1),
(425, 184, '1', NULL, NULL, NULL, NULL, '2025-02-24 16:49:19', '2025-02-24 16:49:19', 1),
(426, 42, '1', NULL, NULL, NULL, NULL, '2025-02-24 16:49:19', '2025-02-24 16:49:19', 1),
(427, 144, '1', NULL, NULL, NULL, NULL, '2025-02-24 16:49:19', '2025-02-24 16:49:19', 1),
(428, 221, '1', NULL, NULL, NULL, NULL, '2025-02-24 16:49:19', '2025-02-24 16:49:19', 1),
(429, 222, '1', NULL, NULL, NULL, NULL, '2025-02-24 16:49:19', '2025-02-24 16:49:19', 1),
(430, 345, '1', NULL, NULL, NULL, NULL, '2025-02-24 16:49:19', '2025-02-24 16:49:19', 1),
(431, 156, '1', NULL, NULL, NULL, NULL, '2025-02-24 16:49:19', '2025-02-24 16:49:19', 1),
(432, 223, '1', NULL, NULL, NULL, NULL, '2025-02-24 16:49:19', '2025-02-24 16:49:19', 1),
(433, 69, '1', NULL, NULL, NULL, NULL, '2025-02-24 16:49:19', '2025-02-24 16:49:19', 1),
(434, 262, '1', NULL, NULL, NULL, NULL, '2025-02-24 16:49:19', '2025-02-24 16:49:19', 1),
(435, 332, '1', NULL, NULL, NULL, NULL, '2025-02-24 16:49:19', '2025-02-24 16:49:19', 1),
(436, 145, '1', NULL, NULL, NULL, NULL, '2025-02-24 16:49:19', '2025-02-24 16:49:19', 1),
(437, 17, '1', NULL, NULL, NULL, NULL, '2025-02-24 16:49:19', '2025-02-24 16:49:19', 1),
(438, 70, '1', NULL, NULL, NULL, NULL, '2025-02-24 16:49:19', '2025-02-24 16:49:19', 1),
(439, 40, '1', NULL, NULL, NULL, NULL, '2025-02-24 16:49:19', '2025-02-24 16:49:19', 1),
(440, 263, '1', NULL, NULL, NULL, NULL, '2025-02-24 16:49:19', '2025-02-24 16:49:19', 1),
(441, 293, '1', NULL, NULL, NULL, NULL, '2025-02-24 16:49:19', '2025-02-24 16:49:19', 1),
(442, 124, '1', NULL, NULL, NULL, NULL, '2025-02-24 16:49:20', '2025-02-24 16:49:20', 1),
(443, 325, '1', NULL, NULL, NULL, NULL, '2025-02-24 16:49:20', '2025-02-24 16:49:20', 1),
(444, 163, '1', NULL, NULL, NULL, NULL, '2025-02-24 16:49:20', '2025-02-24 16:49:20', 1),
(445, 294, '1', NULL, NULL, NULL, NULL, '2025-02-24 16:49:20', '2025-02-24 16:49:20', 1),
(446, 80, '1', NULL, NULL, NULL, NULL, '2025-02-24 16:49:20', '2025-02-24 16:49:20', 1),
(447, 61, '1', NULL, NULL, NULL, NULL, '2025-02-24 16:49:20', '2025-02-24 16:49:20', 1),
(448, 157, '1', NULL, NULL, NULL, NULL, '2025-02-24 16:49:20', '2025-02-24 16:49:20', 1),
(449, 193, '1', NULL, NULL, NULL, NULL, '2025-02-24 16:49:20', '2025-02-24 16:49:20', 1),
(450, 103, '1', NULL, NULL, NULL, NULL, '2025-02-24 16:49:20', '2025-02-24 16:49:20', 1),
(451, 173, '1', NULL, NULL, NULL, NULL, '2025-02-24 16:49:20', '2025-02-24 16:49:20', 1),
(452, 180, '1', NULL, NULL, NULL, NULL, '2025-02-24 16:49:20', '2025-02-24 16:49:20', 1),
(453, 240, '1', NULL, NULL, NULL, NULL, '2025-02-24 16:49:20', '2025-02-24 16:49:20', 1),
(454, 174, '1', NULL, NULL, NULL, NULL, '2025-02-24 16:49:20', '2025-02-24 16:49:20', 1),
(455, 204, '1', NULL, NULL, NULL, NULL, '2025-02-24 16:49:20', '2025-02-24 16:49:20', 1),
(456, 264, '1', NULL, NULL, NULL, NULL, '2025-02-24 16:49:20', '2025-02-24 16:49:20', 1),
(457, 62, '1', NULL, NULL, NULL, NULL, '2025-02-24 16:49:20', '2025-02-24 16:49:20', 1),
(458, 146, '1', NULL, NULL, NULL, NULL, '2025-02-24 16:49:20', '2025-02-24 16:49:20', 1),
(459, 134, '1', NULL, NULL, NULL, NULL, '2025-02-24 16:49:20', '2025-02-24 16:49:20', 1),
(460, 9, '1', NULL, NULL, NULL, NULL, '2025-02-24 16:49:20', '2025-02-24 16:49:20', 1),
(461, 147, '1', NULL, NULL, NULL, NULL, '2025-02-24 16:49:20', '2025-02-24 16:49:20', 1),
(462, 152, '1', NULL, NULL, NULL, NULL, '2025-02-24 16:49:20', '2025-02-24 16:49:20', 1),
(463, 116, '1', NULL, NULL, NULL, NULL, '2025-02-24 16:49:21', '2025-02-24 16:49:21', 1),
(464, 265, '1', NULL, NULL, NULL, NULL, '2025-02-24 16:49:21', '2025-02-24 16:49:21', 1),
(465, 165, '1', NULL, NULL, NULL, NULL, '2025-02-24 16:49:21', '2025-02-24 16:49:21', 1),
(466, 342, '1', NULL, NULL, NULL, NULL, '2025-02-24 16:49:21', '2025-02-24 16:49:21', 1),
(467, 10, '1', NULL, NULL, NULL, NULL, '2025-02-24 16:49:21', '2025-02-24 16:49:21', 1),
(468, 343, '1', NULL, NULL, NULL, NULL, '2025-02-24 16:49:21', '2025-02-24 16:49:21', 1),
(469, 49, '1', NULL, NULL, NULL, NULL, '2025-02-24 16:49:21', '2025-02-24 16:49:21', 1),
(470, 266, '1', NULL, NULL, NULL, NULL, '2025-02-24 16:49:21', '2025-02-24 16:49:21', 1),
(471, 296, '1', NULL, NULL, NULL, NULL, '2025-02-24 16:49:21', '2025-02-24 16:49:21', 1),
(472, 316, '1', NULL, NULL, NULL, NULL, '2025-02-24 16:49:21', '2025-02-24 16:49:21', 1),
(473, 304, '1', NULL, NULL, NULL, NULL, '2025-02-24 16:49:21', '2025-02-24 16:49:21', 1),
(474, 166, '1', NULL, NULL, NULL, NULL, '2025-02-24 16:49:21', '2025-02-24 16:49:21', 1),
(475, 336, '1', NULL, NULL, NULL, NULL, '2025-02-24 16:49:21', '2025-02-24 16:49:21', 1),
(476, 310, '1', NULL, NULL, NULL, NULL, '2025-02-24 16:49:21', '2025-02-24 16:49:21', 1),
(477, 317, '1', NULL, NULL, NULL, NULL, '2025-02-24 16:49:21', '2025-02-24 16:49:21', 1),
(478, 280, '1', NULL, NULL, NULL, NULL, '2025-02-24 16:49:21', '2025-02-24 16:49:21', 1),
(479, 81, '1', NULL, NULL, NULL, NULL, '2025-02-24 16:49:21', '2025-02-24 16:49:21', 1),
(480, 3, '1', NULL, NULL, NULL, NULL, '2025-02-24 16:49:21', '2025-02-24 16:49:21', 1),
(481, 318, '1', NULL, NULL, NULL, NULL, '2025-02-24 16:49:21', '2025-02-24 16:49:21', 1),
(482, 312, '1', NULL, NULL, NULL, NULL, '2025-02-24 16:49:21', '2025-02-24 16:49:21', 1),
(483, 313, '1', NULL, NULL, NULL, NULL, '2025-02-24 16:49:21', '2025-02-24 16:49:21', 1),
(484, 224, '1', NULL, NULL, NULL, NULL, '2025-02-24 16:49:21', '2025-02-24 16:49:21', 1),
(485, 64, '1', NULL, NULL, NULL, NULL, '2025-02-24 16:49:21', '2025-02-24 16:49:21', 1),
(486, 243, '1', NULL, NULL, NULL, NULL, '2025-02-24 16:49:21', '2025-02-24 16:49:21', 1),
(487, 50, '1', NULL, NULL, NULL, NULL, '2025-02-24 16:49:21', '2025-02-24 16:49:21', 1),
(488, 148, '1', NULL, NULL, NULL, NULL, '2025-02-24 16:49:21', '2025-02-24 16:49:21', 1),
(489, 108, '1', NULL, NULL, NULL, NULL, '2025-02-24 16:49:21', '2025-02-24 16:49:21', 1),
(490, 51, '1', NULL, NULL, NULL, NULL, '2025-02-24 16:49:21', '2025-02-24 16:49:21', 1),
(491, 244, '1', NULL, NULL, NULL, NULL, '2025-02-24 16:49:21', '2025-02-24 16:49:21', 1),
(492, 135, '1', NULL, NULL, NULL, NULL, '2025-02-24 16:49:21', '2025-02-24 16:49:21', 1),
(493, 185, '1', NULL, NULL, NULL, NULL, '2025-02-24 16:49:21', '2025-02-24 16:49:21', 1),
(494, 109, '1', NULL, NULL, NULL, NULL, '2025-02-24 16:49:21', '2025-02-24 16:49:21', 1),
(495, 281, '1', NULL, NULL, NULL, NULL, '2025-02-24 16:49:21', '2025-02-24 16:49:21', 1),
(496, 110, '1', NULL, NULL, NULL, NULL, '2025-02-24 16:49:22', '2025-02-24 16:49:22', 1),
(497, 149, '1', NULL, NULL, NULL, NULL, '2025-02-24 16:49:22', '2025-02-24 16:49:22', 1),
(498, 194, '1', NULL, NULL, NULL, NULL, '2025-02-24 16:49:22', '2025-02-24 16:49:22', 1),
(499, 57, '1', NULL, NULL, NULL, NULL, '2025-02-24 16:49:22', '2025-02-24 16:49:22', 1),
(500, 186, '1', NULL, NULL, NULL, NULL, '2025-02-24 16:49:22', '2025-02-24 16:49:22', 1),
(501, 245, '1', NULL, NULL, NULL, NULL, '2025-02-24 16:49:22', '2025-02-24 16:49:22', 1),
(502, 295, '1', NULL, NULL, NULL, NULL, '2025-02-24 16:49:22', '2025-02-24 16:49:22', 1),
(503, 175, '1', NULL, NULL, NULL, NULL, '2025-02-24 16:49:22', '2025-02-24 16:49:22', 1),
(504, 44, '1', NULL, NULL, NULL, NULL, '2025-02-24 16:49:22', '2025-02-24 16:49:22', 1),
(505, 335, '1', NULL, NULL, NULL, NULL, '2025-02-24 16:49:22', '2025-02-24 16:49:22', 1),
(506, 319, '1', NULL, NULL, NULL, NULL, '2025-02-24 16:49:22', '2025-02-24 16:49:22', 1),
(507, 338, '1', NULL, NULL, NULL, NULL, '2025-02-24 16:49:22', '2025-02-24 16:49:22', 1),
(508, 267, '1', NULL, NULL, NULL, NULL, '2025-02-24 16:49:22', '2025-02-24 16:49:22', 1),
(509, 187, '1', NULL, NULL, NULL, NULL, '2025-02-24 16:49:22', '2025-02-24 16:49:22', 1),
(510, 71, '1', NULL, NULL, NULL, NULL, '2025-02-24 16:49:22', '2025-02-24 16:49:22', 1),
(511, 246, '1', NULL, NULL, NULL, NULL, '2025-02-24 16:49:22', '2025-02-24 16:49:22', 1),
(512, 58, '1', NULL, NULL, NULL, NULL, '2025-02-24 16:49:22', '2025-02-24 16:49:22', 1),
(513, 247, '1', NULL, NULL, NULL, NULL, '2025-02-24 16:49:22', '2025-02-24 16:49:22', 1),
(514, 77, '1', NULL, NULL, NULL, NULL, '2025-02-24 16:49:22', '2025-02-24 16:49:22', 1),
(515, 158, '1', NULL, NULL, NULL, NULL, '2025-02-24 16:49:22', '2025-02-24 16:49:22', 1),
(516, 339, '1', NULL, NULL, NULL, NULL, '2025-02-24 16:49:22', '2025-02-24 16:49:22', 1),
(517, 320, '1', NULL, NULL, NULL, NULL, '2025-02-24 16:49:22', '2025-02-24 16:49:22', 1),
(518, 112, '1', NULL, NULL, NULL, NULL, '2025-02-24 16:49:22', '2025-02-24 16:49:22', 1),
(519, 249, '1', NULL, NULL, NULL, NULL, '2025-02-24 16:49:22', '2025-02-24 16:49:22', 1),
(520, 321, '1', NULL, NULL, NULL, NULL, '2025-02-24 16:49:22', '2025-02-24 16:49:22', 1),
(521, 205, '1', NULL, NULL, NULL, NULL, '2025-02-24 16:49:22', '2025-02-24 16:49:22', 1),
(522, 129, '1', NULL, NULL, NULL, NULL, '2025-02-24 16:49:22', '2025-02-24 16:49:22', 1),
(523, 177, '1', NULL, NULL, NULL, NULL, '2025-02-24 16:49:23', '2025-02-24 16:49:23', 1),
(524, 113, '1', NULL, NULL, NULL, NULL, '2025-02-24 16:49:23', '2025-02-24 16:49:23', 1),
(525, 226, '1', NULL, NULL, NULL, NULL, '2025-02-24 16:49:23', '2025-02-24 16:49:23', 1),
(526, 151, '1', NULL, NULL, NULL, NULL, '2025-02-24 16:49:23', '2025-02-24 16:49:23', 1),
(527, 227, '1', NULL, NULL, NULL, NULL, '2025-02-24 16:49:23', '2025-02-24 16:49:23', 1),
(528, 167, '1', NULL, NULL, NULL, NULL, '2025-02-24 16:49:23', '2025-02-24 16:49:23', 1),
(529, 82, '1', NULL, NULL, NULL, NULL, '2025-02-24 16:49:23', '2025-02-24 16:49:23', 1),
(530, 83, '1', NULL, NULL, NULL, NULL, '2025-02-24 16:49:23', '2025-02-24 16:49:23', 1),
(531, 76, '1', NULL, NULL, NULL, NULL, '2025-02-24 16:49:23', '2025-02-24 16:49:23', 1),
(532, 14, '1', NULL, NULL, NULL, NULL, '2025-02-24 16:49:23', '2025-02-24 16:49:23', 1),
(533, 207, '1', NULL, NULL, NULL, NULL, '2025-02-24 16:49:23', '2025-02-24 16:49:23', 1),
(534, 15, '1', NULL, NULL, NULL, NULL, '2025-02-24 16:49:23', '2025-02-24 16:49:23', 1),
(535, 188, '1', NULL, NULL, NULL, NULL, '2025-02-24 16:49:23', '2025-02-24 16:49:23', 1),
(536, 268, '1', NULL, NULL, NULL, NULL, '2025-02-24 16:49:23', '2025-02-24 16:49:23', 1),
(537, 120, '1', NULL, NULL, NULL, NULL, '2025-02-24 16:49:23', '2025-02-24 16:49:23', 1),
(538, 344, '1', NULL, NULL, NULL, NULL, '2025-02-24 16:49:23', '2025-02-24 16:49:23', 1),
(539, 216, '1', NULL, NULL, NULL, NULL, '2025-02-24 16:49:23', '2025-02-24 16:49:23', 1),
(540, 19, '1', NULL, NULL, NULL, NULL, '2025-02-24 16:49:23', '2025-02-24 16:49:23', 1),
(541, 269, '1', NULL, NULL, NULL, NULL, '2025-02-24 16:49:23', '2025-02-24 16:49:23', 1),
(542, 208, '1', NULL, NULL, NULL, NULL, '2025-02-24 16:49:23', '2025-02-24 16:49:23', 1),
(543, 346, '1', NULL, NULL, NULL, NULL, '2025-02-24 16:49:23', '2025-02-24 16:49:23', 1),
(544, 333, '1', NULL, NULL, NULL, NULL, '2025-02-24 16:49:24', '2025-02-24 16:49:24', 1),
(545, 282, '1', NULL, NULL, NULL, NULL, '2025-02-24 16:49:24', '2025-02-24 16:49:24', 1),
(546, 250, '1', NULL, NULL, NULL, NULL, '2025-02-24 16:49:24', '2025-02-24 16:49:24', 1),
(547, 228, '1', NULL, NULL, NULL, NULL, '2025-02-24 16:49:24', '2025-02-24 16:49:24', 1),
(548, 284, '1', NULL, NULL, NULL, NULL, '2025-02-24 16:49:24', '2025-02-24 16:49:24', 1),
(549, 26, '1', NULL, NULL, NULL, NULL, '2025-02-24 16:49:24', '2025-02-24 16:49:24', 1),
(550, 45, '1', NULL, NULL, NULL, NULL, '2025-02-24 16:49:24', '2025-02-24 16:49:24', 1),
(551, 189, '1', NULL, NULL, NULL, NULL, '2025-02-24 16:49:24', '2025-02-24 16:49:24', 1),
(552, 283, '1', NULL, NULL, NULL, NULL, '2025-02-24 16:49:24', '2025-02-24 16:49:24', 1),
(553, 35, '1', NULL, NULL, NULL, NULL, '2025-02-24 16:49:24', '2025-02-24 16:49:24', 1),
(554, 270, '1', NULL, NULL, NULL, NULL, '2025-02-24 16:49:24', '2025-02-24 16:49:24', 1),
(555, 196, '1', NULL, NULL, NULL, NULL, '2025-02-24 16:49:24', '2025-02-24 16:49:24', 1),
(556, 271, '1', NULL, NULL, NULL, NULL, '2025-02-24 16:49:24', '2025-02-24 16:49:24', 1),
(557, 53, '1', NULL, NULL, NULL, NULL, '2025-02-24 16:49:24', '2025-02-24 16:49:24', 1),
(558, 197, '1', NULL, NULL, NULL, NULL, '2025-02-24 16:49:24', '2025-02-24 16:49:24', 1),
(559, 229, '1', NULL, NULL, NULL, NULL, '2025-02-24 16:49:24', '2025-02-24 16:49:24', 1),
(560, 251, '1', NULL, NULL, NULL, NULL, '2025-02-24 16:49:24', '2025-02-24 16:49:24', 1),
(561, 63, '1', NULL, NULL, NULL, NULL, '2025-02-24 16:49:24', '2025-02-24 16:49:24', 1),
(562, 239, '1', NULL, NULL, NULL, NULL, '2025-02-24 16:49:24', '2025-02-24 16:49:24', 1),
(563, 102, '1', NULL, NULL, NULL, NULL, '2025-02-24 16:49:24', '2025-02-24 16:49:24', 1);

-- --------------------------------------------------------

--
-- Estructura de tabla para la tabla `certificados`
--

CREATE TABLE `certificados` (
  `id` bigint(20) UNSIGNED NOT NULL,
  `rut` varchar(191) NOT NULL,
  `nombre` varchar(191) DEFAULT NULL,
  `modulo_id` bigint(20) UNSIGNED NOT NULL,
  `horas` int(11) DEFAULT NULL,
  `created_at` timestamp NULL DEFAULT NULL,
  `updated_at` timestamp NULL DEFAULT NULL,
  `apellidos` varchar(191) DEFAULT NULL,
  `nombre_certificado` varchar(191) DEFAULT NULL
) ENGINE=InnoDB DEFAULT CHARSET=utf8mb4 COLLATE=utf8mb4_unicode_ci;

--
-- Volcado de datos para la tabla `certificados`
--

INSERT INTO `certificados` (`id`, `rut`, `nombre`, `modulo_id`, `horas`, `created_at`, `updated_at`, `apellidos`, `nombre_certificado`) VALUES
(113, '17189377-1', 'Certificado Modulo Base - Operador', 1, NULL, '2025-01-15 03:44:47', '2025-01-15 03:44:47', NULL, NULL),
(114, '7577477-K', 'Título no encontrado', 1, NULL, '2025-01-15 03:44:59', '2025-01-15 03:44:59', NULL, NULL),
(115, '9183032-9', 'Título no encontrado', 1, NULL, '2025-01-15 03:44:59', '2025-01-15 03:44:59', NULL, NULL),
(116, '10195121-9', 'Certificado 1', 1, NULL, '2025-01-15 03:44:59', '2025-01-15 03:44:59', NULL, NULL),
(117, '10583633-3', 'Certificado 1', 1, NULL, '2025-01-15 03:44:59', '2025-01-15 03:44:59', NULL, NULL),
(118, '11500183-3', 'Título no encontrado', 2, NULL, '2025-01-15 03:44:59', '2025-01-15 03:44:59', NULL, NULL),
(119, '11709328-K', 'Título no encontrado', 2, NULL, '2025-01-15 03:44:59', '2025-01-15 03:44:59', NULL, NULL),
(120, '12138648-8', 'Título no encontrado', 2, NULL, '2025-01-15 03:44:59', '2025-01-15 03:44:59', NULL, NULL),
(121, '12452215-3', 'Microsoft Word - Certificados curso Delegaciones Presidenciales.docx', 6, NULL, '2025-01-15 03:44:59', '2025-01-15 03:44:59', NULL, NULL),
(122, '13114357-5', 'Título no encontrado', 2, NULL, '2025-01-15 03:44:59', '2025-01-15 03:44:59', NULL, NULL),
(123, '13849570-1', 'Título no encontrado', 1, NULL, '2025-01-15 03:44:59', '2025-01-15 03:44:59', NULL, NULL),
(124, '14025876-8', 'Certificado 1', 1, NULL, '2025-01-15 03:44:59', '2025-01-15 03:44:59', NULL, NULL),
(125, '14305910-3', 'Título no encontrado', 2, NULL, '2025-01-15 03:44:59', '2025-01-15 03:44:59', NULL, NULL),
(126, '14394175-2', 'Certificado 1', 1, NULL, '2025-01-15 03:44:59', '2025-01-15 03:44:59', NULL, NULL),
(127, '15158297-4', 'Certificado 1', 1, NULL, '2025-01-15 03:44:59', '2025-01-15 03:44:59', NULL, NULL),
(128, '15337866-5', 'Título no encontrado', 2, NULL, '2025-01-15 03:44:59', '2025-01-15 03:44:59', NULL, NULL),
(129, '15804791-8', 'Título no encontrado', 3, NULL, '2025-01-15 03:44:59', '2025-01-15 03:44:59', NULL, NULL),
(130, '15981448-3', 'Título no encontrado', 2, NULL, '2025-01-15 03:44:59', '2025-01-15 03:44:59', NULL, NULL),
(131, '16064372-2', 'Título no encontrado', 1, NULL, '2025-01-15 03:44:59', '2025-01-15 03:44:59', NULL, NULL),
(132, '16079906-4', 'Microsoft Word - Certificados curso Delegaciones Presidenciales.docx', 6, NULL, '2025-01-15 03:44:59', '2025-01-15 03:44:59', NULL, NULL),
(133, '16526202-6', 'Título no encontrado', 1, NULL, '2025-01-15 03:44:59', '2025-01-15 03:44:59', NULL, NULL);

-- --------------------------------------------------------

--
-- Estructura de tabla para la tabla `collections`
--

CREATE TABLE `collections` (
  `id` bigint(20) UNSIGNED NOT NULL,
  `handle` varchar(191) NOT NULL,
  `title` varchar(191) NOT NULL,
  `settings` longtext CHARACTER SET utf8mb4 COLLATE utf8mb4_bin DEFAULT NULL CHECK (json_valid(`settings`)),
  `created_at` timestamp NULL DEFAULT NULL,
  `updated_at` timestamp NULL DEFAULT NULL
) ENGINE=MyISAM DEFAULT CHARSET=utf8mb4 COLLATE=utf8mb4_unicode_ci;

--
-- Volcado de datos para la tabla `collections`
--

INSERT INTO `collections` (`id`, `handle`, `title`, `settings`, `created_at`, `updated_at`) VALUES
(1, 'pages', 'Inicio', '{\"routes\":\"{parent_uri}\\/{slug}\",\"slugs\":true,\"title_formats\":[],\"mount\":null,\"dated\":false,\"sites\":[\"default\"],\"template\":\"default\",\"layout\":\"layout\",\"inject\":[],\"search_index\":null,\"revisions\":false,\"default_status\":true,\"structure\":{\"root\":true,\"slugs\":true},\"sort_dir\":\"asc\",\"sort_field\":null,\"taxonomies\":null,\"propagate\":false,\"past_date_behavior\":\"public\",\"future_date_behavior\":\"public\",\"preview_targets\":[{\"format\":\"{permalink}\",\"label\":\"Entry\",\"refresh\":true}],\"origin_behavior\":\"select\"}', '2024-09-24 17:19:40', '2024-09-24 17:19:40'),
(2, 'metodologia', 'Metodología', '{\"routes\":\"metodologia\",\"slugs\":true,\"title_formats\":[],\"mount\":null,\"dated\":false,\"sites\":[\"default\"],\"template\":\"metodolog\\u00eda\\/metodolog\\u00eda\",\"layout\":\"layout\",\"inject\":[],\"search_index\":null,\"revisions\":false,\"default_status\":true,\"structure\":{\"root\":true,\"slugs\":true},\"sort_dir\":\"asc\",\"sort_field\":null,\"taxonomies\":null,\"propagate\":false,\"past_date_behavior\":\"public\",\"future_date_behavior\":\"private\",\"preview_targets\":[{\"format\":\"{permalink}\",\"label\":\"Entry\",\"refresh\":true}],\"origin_behavior\":\"select\"}', '2024-09-25 15:52:26', '2024-09-25 15:52:26'),
(3, 'recursos', 'Recursos', '{\"routes\":\"recursos\",\"slugs\":true,\"title_formats\":[],\"mount\":null,\"dated\":true,\"sites\":[\"default\"],\"template\":\"recursos\",\"layout\":\"layout\",\"inject\":[],\"search_index\":null,\"revisions\":false,\"default_status\":true,\"structure\":null,\"sort_dir\":\"asc\",\"sort_field\":null,\"taxonomies\":null,\"propagate\":false,\"past_date_behavior\":\"public\",\"future_date_behavior\":\"public\",\"preview_targets\":[{\"format\":\"{permalink}\",\"label\":\"Entry\",\"refresh\":true}],\"origin_behavior\":\"select\"}', '2024-10-14 15:09:46', '2024-10-14 15:09:46'),
(4, 'certificados_gsl', 'Certificados GSL', '{\"routes\":\"certificados-gsl\",\"slugs\":true,\"title_formats\":[],\"mount\":null,\"dated\":false,\"sites\":[\"default\"],\"template\":\"certificados\",\"layout\":\"layout\",\"inject\":[],\"search_index\":null,\"revisions\":false,\"default_status\":true,\"structure\":null,\"sort_dir\":\"asc\",\"sort_field\":null,\"taxonomies\":null,\"propagate\":false,\"past_date_behavior\":\"public\",\"future_date_behavior\":\"private\",\"preview_targets\":[{\"format\":\"{permalink}\",\"label\":\"Entry\",\"refresh\":true}],\"origin_behavior\":\"select\"}', '2024-10-17 17:01:28', '2024-10-17 17:01:28'),
(5, 'asistencia_tecnica', 'Asistencia Técnica', '{\"routes\":\"asistencia-tecnica\",\"slugs\":true,\"title_formats\":[],\"mount\":null,\"dated\":false,\"sites\":[\"default\"],\"template\":\"asistencia_tecnica\",\"layout\":\"layout\",\"inject\":[],\"search_index\":null,\"revisions\":false,\"default_status\":true,\"structure\":null,\"sort_dir\":\"asc\",\"sort_field\":null,\"taxonomies\":null,\"propagate\":false,\"past_date_behavior\":\"public\",\"future_date_behavior\":\"private\",\"preview_targets\":[{\"format\":\"{permalink}\",\"label\":\"Entry\",\"refresh\":true}],\"origin_behavior\":\"select\"}', '2024-10-28 21:30:19', '2024-10-28 21:30:19');

-- --------------------------------------------------------

--
-- Estructura de tabla para la tabla `comentarios`
--

CREATE TABLE `comentarios` (
  `id` bigint(20) UNSIGNED NOT NULL,
  `usuario_id` char(36) NOT NULL,
  `beneficio_servicio_id` bigint(20) UNSIGNED NOT NULL,
  `campo` varchar(50) NOT NULL,
  `comentario` text NOT NULL,
  `created_at` timestamp NULL DEFAULT NULL,
  `updated_at` timestamp NULL DEFAULT NULL
) ENGINE=InnoDB DEFAULT CHARSET=utf8mb4 COLLATE=utf8mb4_unicode_ci;

-- --------------------------------------------------------

--
-- Estructura de tabla para la tabla `comunas`
--

CREATE TABLE `comunas` (
  `id` bigint(20) UNSIGNED NOT NULL,
  `nombre` varchar(100) NOT NULL,
  `provincia_id` bigint(20) UNSIGNED NOT NULL,
  `created_at` timestamp NULL DEFAULT NULL,
  `updated_at` timestamp NULL DEFAULT NULL
) ENGINE=InnoDB DEFAULT CHARSET=utf8mb4 COLLATE=utf8mb4_unicode_ci;

--
-- Volcado de datos para la tabla `comunas`
--

INSERT INTO `comunas` (`id`, `nombre`, `provincia_id`, `created_at`, `updated_at`) VALUES
(1, 'Arica', 1, '2025-01-16 00:56:12', '2025-01-16 00:56:12'),
(2, 'Camarones', 1, '2025-01-16 00:56:12', '2025-01-16 00:56:12'),
(3, 'Putre', 2, '2025-01-16 00:56:12', '2025-01-16 00:56:12'),
(4, 'General Lagos', 2, '2025-01-16 00:56:12', '2025-01-16 00:56:12'),
(5, 'Iquique', 3, '2025-01-16 00:56:12', '2025-01-16 00:56:12'),
(6, 'Camiña', 4, '2025-01-16 00:56:12', '2025-01-16 00:56:12'),
(7, 'Colchane', 4, '2025-01-16 00:56:12', '2025-01-16 00:56:12'),
(8, 'Huara', 4, '2025-01-16 00:56:12', '2025-01-16 00:56:12'),
(9, 'Pica', 4, '2025-01-16 00:56:12', '2025-01-16 00:56:12'),
(10, 'Pozo Almonte', 4, '2025-01-16 00:56:12', '2025-01-16 00:56:12'),
(11, 'Alto Hospicio', 3, '2025-01-16 00:56:12', '2025-01-16 00:56:12'),
(12, 'Antofagasta', 5, '2025-01-16 00:56:12', '2025-01-16 00:56:12'),
(13, 'Mejillones', 5, '2025-01-16 00:56:12', '2025-01-16 00:56:12'),
(14, 'Sierra Gorda', 5, '2025-01-16 00:56:12', '2025-01-16 00:56:12'),
(15, 'Taltal', 5, '2025-01-16 00:56:12', '2025-01-16 00:56:12'),
(16, 'Calama', 6, '2025-01-16 00:56:12', '2025-01-16 00:56:12'),
(17, 'Ollagüe', 6, '2025-01-16 00:56:12', '2025-01-16 00:56:12'),
(18, 'San Pedro de Atacama', 6, '2025-01-16 00:56:12', '2025-01-16 00:56:12'),
(19, 'Tocopilla', 7, '2025-01-16 00:56:12', '2025-01-16 00:56:12'),
(20, 'María Elena', 7, '2025-01-16 00:56:12', '2025-01-16 00:56:12'),
(21, 'Copiapó', 8, '2025-01-16 00:56:12', '2025-01-16 00:56:12'),
(22, 'Caldera', 8, '2025-01-16 00:56:12', '2025-01-16 00:56:12'),
(23, 'Tierra Amarilla', 8, '2025-01-16 00:56:12', '2025-01-16 00:56:12'),
(24, 'Chañaral', 9, '2025-01-16 00:56:12', '2025-01-16 00:56:12'),
(25, 'Diego de Almagro', 9, '2025-01-16 00:56:12', '2025-01-16 00:56:12'),
(26, 'Vallenar', 10, '2025-01-16 00:56:12', '2025-01-16 00:56:12'),
(27, 'Alto del Carmen', 10, '2025-01-16 00:56:12', '2025-01-16 00:56:12'),
(28, 'Freirina', 10, '2025-01-16 00:56:12', '2025-01-16 00:56:12'),
(29, 'Huasco', 10, '2025-01-16 00:56:12', '2025-01-16 00:56:12'),
(30, 'La Serena', 11, '2025-01-16 00:56:12', '2025-01-16 00:56:12'),
(31, 'Coquimbo', 11, '2025-01-16 00:56:12', '2025-01-16 00:56:12'),
(32, 'Andacollo', 11, '2025-01-16 00:56:12', '2025-01-16 00:56:12'),
(33, 'La Higuera', 11, '2025-01-16 00:56:12', '2025-01-16 00:56:12'),
(34, 'Paiguano', 11, '2025-01-16 00:56:12', '2025-01-16 00:56:12'),
(35, 'Vicuña', 11, '2025-01-16 00:56:12', '2025-01-16 00:56:12'),
(36, 'Illapel', 12, '2025-01-16 00:56:12', '2025-01-16 00:56:12'),
(37, 'Canela', 12, '2025-01-16 00:56:12', '2025-01-16 00:56:12'),
(38, 'Los Vilos', 12, '2025-01-16 00:56:12', '2025-01-16 00:56:12'),
(39, 'Salamanca', 12, '2025-01-16 00:56:12', '2025-01-16 00:56:12'),
(40, 'Ovalle', 13, '2025-01-16 00:56:12', '2025-01-16 00:56:12'),
(41, 'Combarbalá', 13, '2025-01-16 00:56:12', '2025-01-16 00:56:12'),
(42, 'Monte Patria', 13, '2025-01-16 00:56:12', '2025-01-16 00:56:12'),
(43, 'Punitaqui', 13, '2025-01-16 00:56:12', '2025-01-16 00:56:12'),
(44, 'Río Hurtado', 13, '2025-01-16 00:56:12', '2025-01-16 00:56:12'),
(45, 'Valparaíso', 14, '2025-01-16 00:56:12', '2025-01-16 00:56:12'),
(46, 'Casablanca', 14, '2025-01-16 00:56:12', '2025-01-16 00:56:12'),
(47, 'Concón', 14, '2025-01-16 00:56:12', '2025-01-16 00:56:12'),
(48, 'Juan Fernández', 14, '2025-01-16 00:56:12', '2025-01-16 00:56:12'),
(49, 'Puchuncaví', 14, '2025-01-16 00:56:12', '2025-01-16 00:56:12'),
(50, 'Quilpué', 15, '2025-01-16 00:56:12', '2025-01-16 00:56:12'),
(51, 'Quintero', 14, '2025-01-16 00:56:12', '2025-01-16 00:56:12'),
(52, 'Villa Alemana', 15, '2025-01-16 00:56:12', '2025-01-16 00:56:12'),
(53, 'Viña del Mar', 14, '2025-01-16 00:56:12', '2025-01-16 00:56:12'),
(54, 'Isla de Pascua', 16, '2025-01-16 00:56:12', '2025-01-16 00:56:12'),
(55, 'Los Andes', 17, '2025-01-16 00:56:12', '2025-01-16 00:56:12'),
(56, 'Calle Larga', 17, '2025-01-16 00:56:12', '2025-01-16 00:56:12'),
(57, 'Rinconada', 17, '2025-01-16 00:56:12', '2025-01-16 00:56:12'),
(58, 'San Esteban', 17, '2025-01-16 00:56:12', '2025-01-16 00:56:12'),
(59, 'La Ligua', 18, '2025-01-16 00:56:12', '2025-01-16 00:56:12'),
(60, 'Cabildo', 18, '2025-01-16 00:56:12', '2025-01-16 00:56:12'),
(61, 'Papudo', 18, '2025-01-16 00:56:12', '2025-01-16 00:56:12'),
(62, 'Petorca', 18, '2025-01-16 00:56:12', '2025-01-16 00:56:12'),
(63, 'Zapallar', 18, '2025-01-16 00:56:12', '2025-01-16 00:56:12'),
(64, 'Quillota', 19, '2025-01-16 00:56:12', '2025-01-16 00:56:12'),
(65, 'Calera', 19, '2025-01-16 00:56:12', '2025-01-16 00:56:12'),
(66, 'Hijuelas', 19, '2025-01-16 00:56:12', '2025-01-16 00:56:12'),
(67, 'La Cruz', 19, '2025-01-16 00:56:12', '2025-01-16 00:56:12'),
(68, 'Limache', 15, '2025-01-16 00:56:12', '2025-01-16 00:56:12'),
(69, 'Nogales', 19, '2025-01-16 00:56:12', '2025-01-16 00:56:12'),
(70, 'Olmué', 15, '2025-01-16 00:56:12', '2025-01-16 00:56:12'),
(71, 'San Antonio', 20, '2025-01-16 00:56:12', '2025-01-16 00:56:12'),
(72, 'Algarrobo', 20, '2025-01-16 00:56:12', '2025-01-16 00:56:12'),
(73, 'Cartagena', 20, '2025-01-16 00:56:12', '2025-01-16 00:56:12'),
(74, 'El Quisco', 20, '2025-01-16 00:56:12', '2025-01-16 00:56:12'),
(75, 'El Tabo', 20, '2025-01-16 00:56:12', '2025-01-16 00:56:12'),
(76, 'Santo Domingo', 20, '2025-01-16 00:56:12', '2025-01-16 00:56:12'),
(77, 'San Felipe', 21, '2025-01-16 00:56:12', '2025-01-16 00:56:12'),
(78, 'Catemu', 21, '2025-01-16 00:56:12', '2025-01-16 00:56:12'),
(79, 'Llay-Llay', 21, '2025-01-16 00:56:12', '2025-01-16 00:56:12'),
(80, 'Panquehue', 21, '2025-01-16 00:56:12', '2025-01-16 00:56:12'),
(81, 'Putaendo', 21, '2025-01-16 00:56:12', '2025-01-16 00:56:12'),
(82, 'Santa María', 21, '2025-01-16 00:56:12', '2025-01-16 00:56:12'),
(83, 'Santiago', 22, '2025-01-16 00:56:12', '2025-01-16 00:56:12'),
(84, 'Cerrillos', 22, '2025-01-16 00:56:12', '2025-01-16 00:56:12'),
(85, 'Cerro Navia', 22, '2025-01-16 00:56:12', '2025-01-16 00:56:12'),
(86, 'Conchalí', 22, '2025-01-16 00:56:12', '2025-01-16 00:56:12'),
(87, 'El Bosque', 22, '2025-01-16 00:56:12', '2025-01-16 00:56:12'),
(88, 'Estación Central', 22, '2025-01-16 00:56:12', '2025-01-16 00:56:12'),
(89, 'Huechuraba', 22, '2025-01-16 00:56:12', '2025-01-16 00:56:12'),
(90, 'Independencia', 22, '2025-01-16 00:56:12', '2025-01-16 00:56:12'),
(91, 'La Cisterna', 22, '2025-01-16 00:56:12', '2025-01-16 00:56:12'),
(92, 'La Florida', 22, '2025-01-16 00:56:12', '2025-01-16 00:56:12'),
(93, 'La Granja', 22, '2025-01-16 00:56:12', '2025-01-16 00:56:12'),
(94, 'La Pintana', 22, '2025-01-16 00:56:12', '2025-01-16 00:56:12'),
(95, 'La Reina', 22, '2025-01-16 00:56:12', '2025-01-16 00:56:12'),
(96, 'Las Condes', 22, '2025-01-16 00:56:12', '2025-01-16 00:56:12'),
(97, 'Lo Barnechea', 22, '2025-01-16 00:56:12', '2025-01-16 00:56:12'),
(98, 'Lo Espejo', 22, '2025-01-16 00:56:12', '2025-01-16 00:56:12'),
(99, 'Lo Prado', 22, '2025-01-16 00:56:12', '2025-01-16 00:56:12'),
(100, 'Macul', 22, '2025-01-16 00:56:12', '2025-01-16 00:56:12'),
(101, 'Maipú', 22, '2025-01-16 00:56:12', '2025-01-16 00:56:12'),
(102, 'Ñuñoa', 22, '2025-01-16 00:56:12', '2025-01-16 00:56:12'),
(103, 'Pedro Aguirre Cerda', 22, '2025-01-16 00:56:12', '2025-01-16 00:56:12'),
(104, 'Peñalolén', 22, '2025-01-16 00:56:12', '2025-01-16 00:56:12'),
(105, 'Providencia', 22, '2025-01-16 00:56:12', '2025-01-16 00:56:12'),
(106, 'Pudahuel', 22, '2025-01-16 00:56:12', '2025-01-16 00:56:12'),
(107, 'Quilicura', 22, '2025-01-16 00:56:12', '2025-01-16 00:56:12'),
(108, 'Quinta Normal', 22, '2025-01-16 00:56:12', '2025-01-16 00:56:12'),
(109, 'Recoleta', 22, '2025-01-16 00:56:13', '2025-01-16 00:56:13'),
(110, 'Renca', 22, '2025-01-16 00:56:13', '2025-01-16 00:56:13'),
(111, 'San Joaquín', 22, '2025-01-16 00:56:13', '2025-01-16 00:56:13'),
(112, 'San Miguel', 22, '2025-01-16 00:56:13', '2025-01-16 00:56:13'),
(113, 'San Ramón', 22, '2025-01-16 00:56:13', '2025-01-16 00:56:13'),
(114, 'Vitacura', 22, '2025-01-16 00:56:13', '2025-01-16 00:56:13'),
(115, 'Puente Alto', 23, '2025-01-16 00:56:13', '2025-01-16 00:56:13'),
(116, 'Pirque', 23, '2025-01-16 00:56:13', '2025-01-16 00:56:13'),
(117, 'San José de Maipo', 23, '2025-01-16 00:56:13', '2025-01-16 00:56:13'),
(118, 'Colina', 24, '2025-01-16 00:56:13', '2025-01-16 00:56:13'),
(119, 'Lampa', 24, '2025-01-16 00:56:13', '2025-01-16 00:56:13'),
(120, 'Tiltil', 24, '2025-01-16 00:56:13', '2025-01-16 00:56:13'),
(121, 'San Bernardo', 25, '2025-01-16 00:56:13', '2025-01-16 00:56:13'),
(122, 'Buin', 25, '2025-01-16 00:56:13', '2025-01-16 00:56:13'),
(123, 'Calera de Tango', 25, '2025-01-16 00:56:13', '2025-01-16 00:56:13'),
(124, 'Paine', 25, '2025-01-16 00:56:13', '2025-01-16 00:56:13'),
(125, 'Melipilla', 26, '2025-01-16 00:56:13', '2025-01-16 00:56:13'),
(126, 'Alhué', 26, '2025-01-16 00:56:13', '2025-01-16 00:56:13'),
(127, 'Curacaví', 26, '2025-01-16 00:56:13', '2025-01-16 00:56:13'),
(128, 'María Pinto', 26, '2025-01-16 00:56:13', '2025-01-16 00:56:13'),
(129, 'San Pedro', 26, '2025-01-16 00:56:13', '2025-01-16 00:56:13'),
(130, 'Talagante', 27, '2025-01-16 00:56:13', '2025-01-16 00:56:13'),
(131, 'El Monte', 27, '2025-01-16 00:56:13', '2025-01-16 00:56:13'),
(132, 'Isla de Maipo', 27, '2025-01-16 00:56:13', '2025-01-16 00:56:13'),
(133, 'Padre Hurtado', 27, '2025-01-16 00:56:13', '2025-01-16 00:56:13'),
(134, 'Peñaflor', 27, '2025-01-16 00:56:13', '2025-01-16 00:56:13'),
(135, 'Rancagua', 28, '2025-01-16 00:56:13', '2025-01-16 00:56:13'),
(136, 'Codegua', 28, '2025-01-16 00:56:13', '2025-01-16 00:56:13'),
(137, 'Coinco', 28, '2025-01-16 00:56:13', '2025-01-16 00:56:13'),
(138, 'Coltauco', 28, '2025-01-16 00:56:13', '2025-01-16 00:56:13'),
(139, 'Doñihue', 28, '2025-01-16 00:56:13', '2025-01-16 00:56:13'),
(140, 'Graneros', 28, '2025-01-16 00:56:13', '2025-01-16 00:56:13'),
(141, 'Las Cabras', 28, '2025-01-16 00:56:13', '2025-01-16 00:56:13'),
(142, 'Machalí', 28, '2025-01-16 00:56:13', '2025-01-16 00:56:13'),
(143, 'Malloa', 28, '2025-01-16 00:56:13', '2025-01-16 00:56:13'),
(144, 'Mostazal', 28, '2025-01-16 00:56:13', '2025-01-16 00:56:13'),
(145, 'Olivar', 28, '2025-01-16 00:56:13', '2025-01-16 00:56:13'),
(146, 'Peumo', 28, '2025-01-16 00:56:13', '2025-01-16 00:56:13'),
(147, 'Pichidegua', 28, '2025-01-16 00:56:13', '2025-01-16 00:56:13'),
(148, 'Quinta de Tilcoco', 28, '2025-01-16 00:56:13', '2025-01-16 00:56:13'),
(149, 'Rengo', 28, '2025-01-16 00:56:13', '2025-01-16 00:56:13'),
(150, 'Requínoa', 28, '2025-01-16 00:56:13', '2025-01-16 00:56:13'),
(151, 'San Vicente', 28, '2025-01-16 00:56:13', '2025-01-16 00:56:13'),
(152, 'Pichilemu', 29, '2025-01-16 00:56:13', '2025-01-16 00:56:13'),
(153, 'La Estrella', 29, '2025-01-16 00:56:13', '2025-01-16 00:56:13'),
(154, 'Litueche', 29, '2025-01-16 00:56:13', '2025-01-16 00:56:13'),
(155, 'Marchihue', 29, '2025-01-16 00:56:13', '2025-01-16 00:56:13'),
(156, 'Navidad', 29, '2025-01-16 00:56:13', '2025-01-16 00:56:13'),
(157, 'Paredones', 29, '2025-01-16 00:56:13', '2025-01-16 00:56:13'),
(158, 'San Fernando', 30, '2025-01-16 00:56:13', '2025-01-16 00:56:13'),
(159, 'Chépica', 30, '2025-01-16 00:56:13', '2025-01-16 00:56:13'),
(160, 'Chimbarongo', 30, '2025-01-16 00:56:13', '2025-01-16 00:56:13'),
(161, 'Lolol', 30, '2025-01-16 00:56:13', '2025-01-16 00:56:13'),
(162, 'Nancagua', 30, '2025-01-16 00:56:13', '2025-01-16 00:56:13'),
(163, 'Palmilla', 30, '2025-01-16 00:56:13', '2025-01-16 00:56:13'),
(164, 'Peralillo', 30, '2025-01-16 00:56:13', '2025-01-16 00:56:13'),
(165, 'Placilla', 30, '2025-01-16 00:56:13', '2025-01-16 00:56:13'),
(166, 'Pumanque', 30, '2025-01-16 00:56:13', '2025-01-16 00:56:13'),
(167, 'Santa Cruz', 30, '2025-01-16 00:56:13', '2025-01-16 00:56:13'),
(168, 'Talca', 31, '2025-01-16 00:56:13', '2025-01-16 00:56:13'),
(169, 'Constitución', 31, '2025-01-16 00:56:13', '2025-01-16 00:56:13'),
(170, 'Curepto', 31, '2025-01-16 00:56:13', '2025-01-16 00:56:13'),
(171, 'Empedrado', 31, '2025-01-16 00:56:13', '2025-01-16 00:56:13'),
(172, 'Maule', 31, '2025-01-16 00:56:13', '2025-01-16 00:56:13'),
(173, 'Pelarco', 31, '2025-01-16 00:56:13', '2025-01-16 00:56:13'),
(174, 'Pencahue', 31, '2025-01-16 00:56:13', '2025-01-16 00:56:13'),
(175, 'Río Claro', 31, '2025-01-16 00:56:13', '2025-01-16 00:56:13'),
(176, 'San Clemente', 31, '2025-01-16 00:56:13', '2025-01-16 00:56:13'),
(177, 'San Rafael', 31, '2025-01-16 00:56:13', '2025-01-16 00:56:13'),
(178, 'Cauquenes', 32, '2025-01-16 00:56:13', '2025-01-16 00:56:13'),
(179, 'Chanco', 32, '2025-01-16 00:56:13', '2025-01-16 00:56:13'),
(180, 'Pelluhue', 32, '2025-01-16 00:56:13', '2025-01-16 00:56:13'),
(181, 'Curicó', 33, '2025-01-16 00:56:13', '2025-01-16 00:56:13'),
(182, 'Hualañé', 33, '2025-01-16 00:56:13', '2025-01-16 00:56:13'),
(183, 'Licantén', 33, '2025-01-16 00:56:13', '2025-01-16 00:56:13'),
(184, 'Molina', 33, '2025-01-16 00:56:13', '2025-01-16 00:56:13'),
(185, 'Rauco', 33, '2025-01-16 00:56:13', '2025-01-16 00:56:13'),
(186, 'Romeral', 33, '2025-01-16 00:56:13', '2025-01-16 00:56:13'),
(187, 'Sagrada Familia', 33, '2025-01-16 00:56:13', '2025-01-16 00:56:13'),
(188, 'Teno', 33, '2025-01-16 00:56:13', '2025-01-16 00:56:13'),
(189, 'Vichuquén', 33, '2025-01-16 00:56:13', '2025-01-16 00:56:13'),
(190, 'Linares', 34, '2025-01-16 00:56:13', '2025-01-16 00:56:13'),
(191, 'Colbún', 34, '2025-01-16 00:56:13', '2025-01-16 00:56:13'),
(192, 'Longaví', 34, '2025-01-16 00:56:13', '2025-01-16 00:56:13'),
(193, 'Parral', 34, '2025-01-16 00:56:13', '2025-01-16 00:56:13'),
(194, 'Retiro', 34, '2025-01-16 00:56:13', '2025-01-16 00:56:13'),
(195, 'San Javier', 34, '2025-01-16 00:56:13', '2025-01-16 00:56:13'),
(196, 'Villa Alegre', 34, '2025-01-16 00:56:13', '2025-01-16 00:56:13'),
(197, 'Yerbas Buenas', 34, '2025-01-16 00:56:13', '2025-01-16 00:56:13'),
(198, 'Concepción', 35, '2025-01-16 00:56:13', '2025-01-16 00:56:13'),
(199, 'Coronel', 35, '2025-01-16 00:56:13', '2025-01-16 00:56:13'),
(200, 'Chiguayante', 35, '2025-01-16 00:56:13', '2025-01-16 00:56:13'),
(201, 'Florida', 35, '2025-01-16 00:56:13', '2025-01-16 00:56:13'),
(202, 'Hualqui', 35, '2025-01-16 00:56:13', '2025-01-16 00:56:13'),
(203, 'Lota', 35, '2025-01-16 00:56:13', '2025-01-16 00:56:13'),
(204, 'Penco', 35, '2025-01-16 00:56:13', '2025-01-16 00:56:13'),
(205, 'San Pedro de la Paz', 35, '2025-01-16 00:56:13', '2025-01-16 00:56:13'),
(206, 'Santa Juana', 35, '2025-01-16 00:56:13', '2025-01-16 00:56:13'),
(207, 'Talcahuano', 35, '2025-01-16 00:56:13', '2025-01-16 00:56:13'),
(208, 'Tomé', 35, '2025-01-16 00:56:13', '2025-01-16 00:56:13'),
(209, 'Hualpén', 35, '2025-01-16 00:56:13', '2025-01-16 00:56:13'),
(210, 'Lebu', 36, '2025-01-16 00:56:13', '2025-01-16 00:56:13'),
(211, 'Arauco', 36, '2025-01-16 00:56:13', '2025-01-16 00:56:13'),
(212, 'Cañete', 36, '2025-01-16 00:56:13', '2025-01-16 00:56:13'),
(213, 'Contulmo', 36, '2025-01-16 00:56:13', '2025-01-16 00:56:13'),
(214, 'Curanilahue', 36, '2025-01-16 00:56:13', '2025-01-16 00:56:13'),
(215, 'Los Álamos', 36, '2025-01-16 00:56:13', '2025-01-16 00:56:13'),
(216, 'Tirúa', 36, '2025-01-16 00:56:13', '2025-01-16 00:56:13'),
(217, 'Los Ángeles', 37, '2025-01-16 00:56:13', '2025-01-16 00:56:13'),
(218, 'Antuco', 37, '2025-01-16 00:56:13', '2025-01-16 00:56:13'),
(219, 'Cabrero', 37, '2025-01-16 00:56:13', '2025-01-16 00:56:13'),
(220, 'Laja', 37, '2025-01-16 00:56:13', '2025-01-16 00:56:13'),
(221, 'Mulchén', 37, '2025-01-16 00:56:13', '2025-01-16 00:56:13'),
(222, 'Nacimiento', 37, '2025-01-16 00:56:13', '2025-01-16 00:56:13'),
(223, 'Negrete', 37, '2025-01-16 00:56:13', '2025-01-16 00:56:13'),
(224, 'Quilaco', 37, '2025-01-16 00:56:13', '2025-01-16 00:56:13'),
(225, 'Quilleco', 37, '2025-01-16 00:56:13', '2025-01-16 00:56:13'),
(226, 'San Rosendo', 37, '2025-01-16 00:56:13', '2025-01-16 00:56:13'),
(227, 'Santa Bárbara', 37, '2025-01-16 00:56:13', '2025-01-16 00:56:13'),
(228, 'Tucapel', 37, '2025-01-16 00:56:13', '2025-01-16 00:56:13'),
(229, 'Yumbel', 37, '2025-01-16 00:56:13', '2025-01-16 00:56:13'),
(230, 'Alto Biobío', 37, '2025-01-16 00:56:13', '2025-01-16 00:56:13'),
(231, 'Chillán', 38, '2025-01-16 00:56:13', '2025-01-16 00:56:13'),
(232, 'Bulnes', 38, '2025-01-16 00:56:13', '2025-01-16 00:56:13'),
(233, 'Cobquecura', 39, '2025-01-16 00:56:13', '2025-01-16 00:56:13'),
(234, 'Coelemu', 39, '2025-01-16 00:56:13', '2025-01-16 00:56:13'),
(235, 'Coihueco', 40, '2025-01-16 00:56:13', '2025-01-16 00:56:13'),
(236, 'Chillán Viejo', 38, '2025-01-16 00:56:13', '2025-01-16 00:56:13'),
(237, 'El Carmen', 38, '2025-01-16 00:56:13', '2025-01-16 00:56:13'),
(238, 'Ninhue', 39, '2025-01-16 00:56:13', '2025-01-16 00:56:13'),
(239, 'Ñiquén', 40, '2025-01-16 00:56:13', '2025-01-16 00:56:13'),
(240, 'Pemuco', 38, '2025-01-16 00:56:13', '2025-01-16 00:56:13'),
(241, 'Pinto', 38, '2025-01-16 00:56:13', '2025-01-16 00:56:13'),
(242, 'Portezuelo', 39, '2025-01-16 00:56:13', '2025-01-16 00:56:13'),
(243, 'Quillón', 38, '2025-01-16 00:56:13', '2025-01-16 00:56:13'),
(244, 'Quirihue', 39, '2025-01-16 00:56:13', '2025-01-16 00:56:13'),
(245, 'Ránquil', 39, '2025-01-16 00:56:13', '2025-01-16 00:56:13'),
(246, 'San Carlos', 40, '2025-01-16 00:56:13', '2025-01-16 00:56:13'),
(247, 'San Fabián', 40, '2025-01-16 00:56:13', '2025-01-16 00:56:13'),
(248, 'San Ignacio', 38, '2025-01-16 00:56:13', '2025-01-16 00:56:13'),
(249, 'San Nicolás', 40, '2025-01-16 00:56:13', '2025-01-16 00:56:13'),
(250, 'Trehuaco', 39, '2025-01-16 00:56:13', '2025-01-16 00:56:13'),
(251, 'Yungay', 38, '2025-01-16 00:56:13', '2025-01-16 00:56:13'),
(252, 'Temuco', 41, '2025-01-16 00:56:13', '2025-01-16 00:56:13'),
(253, 'Carahue', 41, '2025-01-16 00:56:13', '2025-01-16 00:56:13'),
(254, 'Cunco', 41, '2025-01-16 00:56:13', '2025-01-16 00:56:13'),
(255, 'Curarrehue', 41, '2025-01-16 00:56:13', '2025-01-16 00:56:13'),
(256, 'Freire', 41, '2025-01-16 00:56:13', '2025-01-16 00:56:13'),
(257, 'Galvarino', 41, '2025-01-16 00:56:13', '2025-01-16 00:56:13'),
(258, 'Gorbea', 41, '2025-01-16 00:56:13', '2025-01-16 00:56:13'),
(259, 'Lautaro', 41, '2025-01-16 00:56:13', '2025-01-16 00:56:13'),
(260, 'Loncoche', 41, '2025-01-16 00:56:13', '2025-01-16 00:56:13'),
(261, 'Melipeuco', 41, '2025-01-16 00:56:13', '2025-01-16 00:56:13'),
(262, 'Nueva Imperial', 41, '2025-01-16 00:56:13', '2025-01-16 00:56:13'),
(263, 'Padre Las Casas', 41, '2025-01-16 00:56:13', '2025-01-16 00:56:13'),
(264, 'Perquenco', 41, '2025-01-16 00:56:13', '2025-01-16 00:56:13'),
(265, 'Pitrufquén', 41, '2025-01-16 00:56:13', '2025-01-16 00:56:13'),
(266, 'Pucón', 41, '2025-01-16 00:56:13', '2025-01-16 00:56:13'),
(267, 'Saavedra', 41, '2025-01-16 00:56:13', '2025-01-16 00:56:13'),
(268, 'Teodoro Schmidt', 41, '2025-01-16 00:56:13', '2025-01-16 00:56:13'),
(269, 'Toltén', 41, '2025-01-16 00:56:13', '2025-01-16 00:56:13'),
(270, 'Vilcún', 41, '2025-01-16 00:56:13', '2025-01-16 00:56:13'),
(271, 'Villarrica', 41, '2025-01-16 00:56:13', '2025-01-16 00:56:13'),
(272, 'Cholchol', 41, '2025-01-16 00:56:13', '2025-01-16 00:56:13'),
(273, 'Angol', 42, '2025-01-16 00:56:13', '2025-01-16 00:56:13'),
(274, 'Collipulli', 42, '2025-01-16 00:56:13', '2025-01-16 00:56:13'),
(275, 'Curacautín', 42, '2025-01-16 00:56:13', '2025-01-16 00:56:13'),
(276, 'Ercilla', 42, '2025-01-16 00:56:13', '2025-01-16 00:56:13'),
(277, 'Lonquimay', 42, '2025-01-16 00:56:13', '2025-01-16 00:56:13'),
(278, 'Los Sauces', 42, '2025-01-16 00:56:13', '2025-01-16 00:56:13'),
(279, 'Lumaco', 42, '2025-01-16 00:56:13', '2025-01-16 00:56:13'),
(280, 'Purén', 42, '2025-01-16 00:56:13', '2025-01-16 00:56:13'),
(281, 'Renaico', 42, '2025-01-16 00:56:13', '2025-01-16 00:56:13'),
(282, 'Traiguén', 42, '2025-01-16 00:56:13', '2025-01-16 00:56:13'),
(283, 'Victoria', 42, '2025-01-16 00:56:13', '2025-01-16 00:56:13'),
(284, 'Valdivia', 43, '2025-01-16 00:56:13', '2025-01-16 00:56:13'),
(285, 'Corral', 43, '2025-01-16 00:56:13', '2025-01-16 00:56:13'),
(286, 'Futrono', 44, '2025-01-16 00:56:13', '2025-01-16 00:56:13'),
(287, 'La Unión', 44, '2025-01-16 00:56:13', '2025-01-16 00:56:13'),
(288, 'Lago Ranco', 44, '2025-01-16 00:56:13', '2025-01-16 00:56:13'),
(289, 'Lanco', 43, '2025-01-16 00:56:13', '2025-01-16 00:56:13'),
(290, 'Los Lagos', 43, '2025-01-16 00:56:13', '2025-01-16 00:56:13'),
(291, 'Máfil', 43, '2025-01-16 00:56:13', '2025-01-16 00:56:13'),
(292, 'Mariquina', 43, '2025-01-16 00:56:13', '2025-01-16 00:56:13'),
(293, 'Paillaco', 43, '2025-01-16 00:56:13', '2025-01-16 00:56:13'),
(294, 'Panguipulli', 43, '2025-01-16 00:56:13', '2025-01-16 00:56:13'),
(295, 'Río Bueno', 44, '2025-01-16 00:56:13', '2025-01-16 00:56:13'),
(296, 'Puerto Montt', 45, '2025-01-16 00:56:13', '2025-01-16 00:56:13'),
(297, 'Calbuco', 45, '2025-01-16 00:56:13', '2025-01-16 00:56:13'),
(298, 'Cochamó', 45, '2025-01-16 00:56:13', '2025-01-16 00:56:13'),
(299, 'Fresia', 45, '2025-01-16 00:56:13', '2025-01-16 00:56:13'),
(300, 'Frutillar', 45, '2025-01-16 00:56:13', '2025-01-16 00:56:13'),
(301, 'Los Muermos', 45, '2025-01-16 00:56:13', '2025-01-16 00:56:13'),
(302, 'Llanquihue', 45, '2025-01-16 00:56:13', '2025-01-16 00:56:13'),
(303, 'Maullín', 45, '2025-01-16 00:56:13', '2025-01-16 00:56:13'),
(304, 'Puerto Varas', 45, '2025-01-16 00:56:13', '2025-01-16 00:56:13'),
(305, 'Castro', 46, '2025-01-16 00:56:13', '2025-01-16 00:56:13'),
(306, 'Ancud', 46, '2025-01-16 00:56:13', '2025-01-16 00:56:13'),
(307, 'Chonchi', 46, '2025-01-16 00:56:13', '2025-01-16 00:56:13'),
(308, 'Curaco de Vélez', 46, '2025-01-16 00:56:13', '2025-01-16 00:56:13'),
(309, 'Dalcahue', 46, '2025-01-16 00:56:13', '2025-01-16 00:56:13'),
(310, 'Puqueldón', 46, '2025-01-16 00:56:13', '2025-01-16 00:56:13'),
(311, 'Queilén', 46, '2025-01-16 00:56:13', '2025-01-16 00:56:13'),
(312, 'Quellón', 46, '2025-01-16 00:56:13', '2025-01-16 00:56:13'),
(313, 'Quemchi', 46, '2025-01-16 00:56:13', '2025-01-16 00:56:13'),
(314, 'Quinchao', 46, '2025-01-16 00:56:13', '2025-01-16 00:56:13'),
(315, 'Osorno', 47, '2025-01-16 00:56:13', '2025-01-16 00:56:13'),
(316, 'Puerto Octay', 47, '2025-01-16 00:56:13', '2025-01-16 00:56:13'),
(317, 'Purranque', 47, '2025-01-16 00:56:13', '2025-01-16 00:56:13'),
(318, 'Puyehue', 47, '2025-01-16 00:56:13', '2025-01-16 00:56:13'),
(319, 'Río Negro', 47, '2025-01-16 00:56:13', '2025-01-16 00:56:13'),
(320, 'San Juan de la Costa', 47, '2025-01-16 00:56:13', '2025-01-16 00:56:13'),
(321, 'San Pablo', 47, '2025-01-16 00:56:13', '2025-01-16 00:56:13'),
(322, 'Chaitén', 48, '2025-01-16 00:56:13', '2025-01-16 00:56:13'),
(323, 'Futaleufú', 48, '2025-01-16 00:56:13', '2025-01-16 00:56:13'),
(324, 'Hualaihué', 48, '2025-01-16 00:56:13', '2025-01-16 00:56:13'),
(325, 'Palena', 48, '2025-01-16 00:56:13', '2025-01-16 00:56:13'),
(326, 'Coihaique', 49, '2025-01-16 00:56:13', '2025-01-16 00:56:13'),
(327, 'Lago Verde', 49, '2025-01-16 00:56:13', '2025-01-16 00:56:13'),
(328, 'Aysén', 50, '2025-01-16 00:56:13', '2025-01-16 00:56:13'),
(329, 'Cisnes', 50, '2025-01-16 00:56:13', '2025-01-16 00:56:13'),
(330, 'Guaitecas', 50, '2025-01-16 00:56:13', '2025-01-16 00:56:13'),
(331, 'Cochrane', 51, '2025-01-16 00:56:13', '2025-01-16 00:56:13'),
(332, 'O\'Higgins', 51, '2025-01-16 00:56:13', '2025-01-16 00:56:13'),
(333, 'Tortel', 51, '2025-01-16 00:56:13', '2025-01-16 00:56:13'),
(334, 'Chile Chico', 52, '2025-01-16 00:56:13', '2025-01-16 00:56:13'),
(335, 'Río Ibáñez', 52, '2025-01-16 00:56:13', '2025-01-16 00:56:13'),
(336, 'Punta Arenas', 53, '2025-01-16 00:56:13', '2025-01-16 00:56:13'),
(337, 'Laguna Blanca', 53, '2025-01-16 00:56:13', '2025-01-16 00:56:13'),
(338, 'Río Verde', 53, '2025-01-16 00:56:13', '2025-01-16 00:56:13'),
(339, 'San Gregorio', 53, '2025-01-16 00:56:13', '2025-01-16 00:56:13'),
(340, 'Cabo de Hornos', 54, '2025-01-16 00:56:13', '2025-01-16 00:56:13'),
(341, 'Antártica', 54, '2025-01-16 00:56:13', '2025-01-16 00:56:13'),
(342, 'Porvenir', 55, '2025-01-16 00:56:13', '2025-01-16 00:56:13'),
(343, 'Primavera', 55, '2025-01-16 00:56:13', '2025-01-16 00:56:13'),
(344, 'Timaukel', 55, '2025-01-16 00:56:13', '2025-01-16 00:56:13'),
(345, 'Natales', 56, '2025-01-16 00:56:13', '2025-01-16 00:56:13'),
(346, 'Torres del Paine', 56, '2025-01-16 00:56:13', '2025-01-16 00:56:13'),
(347, 'Ignorada', 57, '2025-01-16 00:56:13', '2025-01-16 00:56:13');

-- --------------------------------------------------------

--
-- Estructura de tabla para la tabla `comuna_cargo`
--

CREATE TABLE `comuna_cargo` (
  `id` bigint(20) UNSIGNED NOT NULL,
  `user_id` char(36) NOT NULL,
  `comuna_id` bigint(20) UNSIGNED NOT NULL,
  `created_at` timestamp NULL DEFAULT NULL,
  `updated_at` timestamp NULL DEFAULT NULL
) ENGINE=InnoDB DEFAULT CHARSET=utf8mb4 COLLATE=utf8mb4_unicode_ci;

-- --------------------------------------------------------

--
-- Estructura de tabla para la tabla `comuna_modulo`
--

CREATE TABLE `comuna_modulo` (
  `id` bigint(20) UNSIGNED NOT NULL,
  `comuna_id` bigint(20) UNSIGNED NOT NULL,
  `modulo_id` bigint(20) UNSIGNED NOT NULL,
  `created_at` timestamp NULL DEFAULT NULL,
  `updated_at` timestamp NULL DEFAULT NULL
) ENGINE=MyISAM DEFAULT CHARSET=utf8mb4 COLLATE=utf8mb4_unicode_ci;

--
-- Volcado de datos para la tabla `comuna_modulo`
--

INSERT INTO `comuna_modulo` (`id`, `comuna_id`, `modulo_id`, `created_at`, `updated_at`) VALUES
(1, 328, 1, '2025-01-16 00:56:13', '2025-01-16 00:56:13'),
(2, 72, 1, '2025-01-16 00:56:13', '2025-01-16 00:56:13'),
(3, 126, 1, '2025-01-16 00:56:13', '2025-01-16 00:56:13'),
(4, 126, 4, '2025-01-16 00:56:13', '2025-01-16 00:56:13'),
(5, 230, 1, '2025-01-16 00:56:13', '2025-01-16 00:56:13'),
(6, 27, 1, '2025-01-16 00:56:13', '2025-01-16 00:56:13'),
(7, 11, 1, '2025-01-16 00:56:13', '2025-01-16 00:56:13'),
(8, 306, 1, '2025-01-16 00:56:13', '2025-01-16 00:56:13'),
(9, 32, 1, '2025-01-16 00:56:13', '2025-01-16 00:56:13'),
(10, 273, 1, '2025-01-16 00:56:13', '2025-01-16 00:56:13'),
(11, 273, 2, '2025-01-16 00:56:13', '2025-01-16 00:56:13'),
(12, 341, 1, '2025-01-16 00:56:13', '2025-01-16 00:56:13'),
(13, 12, 1, '2025-01-16 00:56:13', '2025-01-16 00:56:13'),
(14, 218, 1, '2025-01-16 00:56:13', '2025-01-16 00:56:13'),
(15, 211, 1, '2025-01-16 00:56:13', '2025-01-16 00:56:13'),
(16, 211, 3, '2025-01-16 00:56:13', '2025-01-16 00:56:13'),
(17, 1, 1, '2025-01-16 00:56:13', '2025-01-16 00:56:13'),
(18, 1, 2, '2025-01-16 00:56:13', '2025-01-16 00:56:13'),
(19, 122, 1, '2025-01-16 00:56:13', '2025-01-16 00:56:13'),
(20, 122, 2, '2025-01-16 00:56:13', '2025-01-16 00:56:13'),
(21, 232, 1, '2025-01-16 00:56:13', '2025-01-16 00:56:13'),
(22, 60, 1, '2025-01-16 00:56:13', '2025-01-16 00:56:13'),
(23, 340, 1, '2025-01-16 00:56:13', '2025-01-16 00:56:13'),
(24, 219, 1, '2025-01-16 00:56:13', '2025-01-16 00:56:13'),
(25, 16, 1, '2025-01-16 00:56:13', '2025-01-16 00:56:13'),
(26, 16, 2, '2025-01-16 00:56:13', '2025-01-16 00:56:13'),
(27, 297, 1, '2025-01-16 00:56:13', '2025-01-16 00:56:13'),
(28, 22, 1, '2025-01-16 00:56:13', '2025-01-16 00:56:13'),
(29, 65, 1, '2025-01-16 00:56:13', '2025-01-16 00:56:13'),
(30, 123, 1, '2025-01-16 00:56:13', '2025-01-16 00:56:13'),
(31, 56, 1, '2025-01-16 00:56:13', '2025-01-16 00:56:13'),
(32, 2, 1, '2025-01-16 00:56:13', '2025-01-16 00:56:13'),
(33, 6, 1, '2025-01-16 00:56:13', '2025-01-16 00:56:13'),
(34, 37, 1, '2025-01-16 00:56:13', '2025-01-16 00:56:13'),
(35, 37, 4, '2025-01-16 00:56:13', '2025-01-16 00:56:13'),
(36, 253, 1, '2025-01-16 00:56:13', '2025-01-16 00:56:13'),
(37, 253, 2, '2025-01-16 00:56:13', '2025-01-16 00:56:13'),
(38, 73, 1, '2025-01-16 00:56:13', '2025-01-16 00:56:13'),
(39, 46, 1, '2025-01-16 00:56:13', '2025-01-16 00:56:13'),
(40, 305, 1, '2025-01-16 00:56:13', '2025-01-16 00:56:13'),
(41, 78, 1, '2025-01-16 00:56:13', '2025-01-16 00:56:13'),
(42, 178, 1, '2025-01-16 00:56:13', '2025-01-16 00:56:13'),
(43, 178, 2, '2025-01-16 00:56:13', '2025-01-16 00:56:13'),
(44, 84, 1, '2025-01-16 00:56:13', '2025-01-16 00:56:13'),
(45, 84, 2, '2025-01-16 00:56:13', '2025-01-16 00:56:13'),
(46, 85, 1, '2025-01-16 00:56:13', '2025-01-16 00:56:13'),
(47, 322, 1, '2025-01-16 00:56:13', '2025-01-16 00:56:13'),
(48, 179, 1, '2025-01-16 00:56:13', '2025-01-16 00:56:13'),
(49, 179, 2, '2025-01-16 00:56:13', '2025-01-16 00:56:13'),
(50, 24, 1, '2025-01-16 00:56:13', '2025-01-16 00:56:13'),
(51, 159, 1, '2025-01-16 00:56:13', '2025-01-16 00:56:13'),
(52, 159, 2, '2025-01-16 00:56:13', '2025-01-16 00:56:13'),
(53, 200, 1, '2025-01-16 00:56:13', '2025-01-16 00:56:13'),
(54, 334, 1, '2025-01-16 00:56:14', '2025-01-16 00:56:14'),
(55, 236, 1, '2025-01-16 00:56:14', '2025-01-16 00:56:14'),
(56, 236, 2, '2025-01-16 00:56:14', '2025-01-16 00:56:14'),
(57, 160, 1, '2025-01-16 00:56:14', '2025-01-16 00:56:14'),
(58, 272, 1, '2025-01-16 00:56:14', '2025-01-16 00:56:14'),
(59, 272, 2, '2025-01-16 00:56:14', '2025-01-16 00:56:14'),
(60, 307, 1, '2025-01-16 00:56:14', '2025-01-16 00:56:14'),
(61, 307, 2, '2025-01-16 00:56:14', '2025-01-16 00:56:14'),
(62, 329, 1, '2025-01-16 00:56:14', '2025-01-16 00:56:14'),
(63, 233, 1, '2025-01-16 00:56:14', '2025-01-16 00:56:14'),
(64, 298, 1, '2025-01-16 00:56:14', '2025-01-16 00:56:14'),
(65, 331, 1, '2025-01-16 00:56:14', '2025-01-16 00:56:14'),
(66, 136, 1, '2025-01-16 00:56:14', '2025-01-16 00:56:14'),
(67, 234, 1, '2025-01-16 00:56:14', '2025-01-16 00:56:14'),
(68, 326, 1, '2025-01-16 00:56:14', '2025-01-16 00:56:14'),
(69, 235, 1, '2025-01-16 00:56:14', '2025-01-16 00:56:14'),
(70, 235, 2, '2025-01-16 00:56:14', '2025-01-16 00:56:14'),
(71, 137, 1, '2025-01-16 00:56:14', '2025-01-16 00:56:14'),
(72, 191, 1, '2025-01-16 00:56:14', '2025-01-16 00:56:14'),
(73, 7, 1, '2025-01-16 00:56:14', '2025-01-16 00:56:14'),
(74, 118, 1, '2025-01-16 00:56:14', '2025-01-16 00:56:14'),
(75, 274, 1, '2025-01-16 00:56:14', '2025-01-16 00:56:14'),
(76, 274, 2, '2025-01-16 00:56:14', '2025-01-16 00:56:14'),
(77, 274, 3, '2025-01-16 00:56:14', '2025-01-16 00:56:14'),
(78, 138, 1, '2025-01-16 00:56:14', '2025-01-16 00:56:14'),
(79, 138, 4, '2025-01-16 00:56:14', '2025-01-16 00:56:14'),
(80, 41, 1, '2025-01-16 00:56:14', '2025-01-16 00:56:14'),
(81, 41, 2, '2025-01-16 00:56:14', '2025-01-16 00:56:14'),
(82, 198, 1, '2025-01-16 00:56:14', '2025-01-16 00:56:14'),
(83, 198, 2, '2025-01-16 00:56:14', '2025-01-16 00:56:14'),
(84, 86, 1, '2025-01-16 00:56:14', '2025-01-16 00:56:14'),
(85, 47, 1, '2025-01-16 00:56:14', '2025-01-16 00:56:14'),
(86, 169, 1, '2025-01-16 00:56:14', '2025-01-16 00:56:14'),
(87, 169, 2, '2025-01-16 00:56:14', '2025-01-16 00:56:14'),
(88, 213, 1, '2025-01-16 00:56:14', '2025-01-16 00:56:14'),
(89, 31, 1, '2025-01-16 00:56:14', '2025-01-16 00:56:14'),
(90, 285, 1, '2025-01-16 00:56:14', '2025-01-16 00:56:14'),
(91, 254, 1, '2025-01-16 00:56:14', '2025-01-16 00:56:14'),
(92, 254, 2, '2025-01-16 00:56:14', '2025-01-16 00:56:14'),
(93, 275, 1, '2025-01-16 00:56:14', '2025-01-16 00:56:14'),
(94, 275, 2, '2025-01-16 00:56:14', '2025-01-16 00:56:14'),
(95, 127, 1, '2025-01-16 00:56:14', '2025-01-16 00:56:14'),
(96, 127, 2, '2025-01-16 00:56:14', '2025-01-16 00:56:14'),
(97, 308, 1, '2025-01-16 00:56:14', '2025-01-16 00:56:14'),
(98, 308, 2, '2025-01-16 00:56:14', '2025-01-16 00:56:14'),
(99, 214, 1, '2025-01-16 00:56:14', '2025-01-16 00:56:14'),
(100, 255, 1, '2025-01-16 00:56:14', '2025-01-16 00:56:14'),
(101, 170, 1, '2025-01-16 00:56:14', '2025-01-16 00:56:14'),
(102, 170, 2, '2025-01-16 00:56:14', '2025-01-16 00:56:14'),
(103, 181, 1, '2025-01-16 00:56:14', '2025-01-16 00:56:14'),
(104, 181, 2, '2025-01-16 00:56:14', '2025-01-16 00:56:14'),
(105, 309, 1, '2025-01-16 00:56:14', '2025-01-16 00:56:14'),
(106, 25, 1, '2025-01-16 00:56:14', '2025-01-16 00:56:14'),
(107, 25, 2, '2025-01-16 00:56:14', '2025-01-16 00:56:14'),
(108, 139, 1, '2025-01-16 00:56:14', '2025-01-16 00:56:14'),
(109, 87, 1, '2025-01-16 00:56:14', '2025-01-16 00:56:14'),
(110, 27, 1, '2025-01-16 00:56:14', '2025-01-16 00:56:14'),
(111, 131, 1, '2025-01-16 00:56:14', '2025-01-16 00:56:14'),
(112, 74, 1, '2025-01-16 00:56:14', '2025-01-16 00:56:14'),
(113, 74, 2, '2025-01-16 00:56:14', '2025-01-16 00:56:14'),
(114, 75, 1, '2025-01-16 00:56:14', '2025-01-16 00:56:14'),
(115, 75, 2, '2025-01-16 00:56:14', '2025-01-16 00:56:14'),
(116, 75, 4, '2025-01-16 00:56:14', '2025-01-16 00:56:14'),
(117, 171, 1, '2025-01-16 00:56:14', '2025-01-16 00:56:14'),
(118, 171, 2, '2025-01-16 00:56:14', '2025-01-16 00:56:14'),
(119, 276, 1, '2025-01-16 00:56:14', '2025-01-16 00:56:14'),
(120, 276, 2, '2025-01-16 00:56:14', '2025-01-16 00:56:14'),
(121, 88, 1, '2025-01-16 00:56:14', '2025-01-16 00:56:14'),
(122, 92, 1, '2025-01-16 00:56:14', '2025-01-16 00:56:14'),
(123, 92, 2, '2025-01-16 00:56:14', '2025-01-16 00:56:14'),
(124, 256, 1, '2025-01-16 00:56:14', '2025-01-16 00:56:14'),
(125, 256, 2, '2025-01-16 00:56:14', '2025-01-16 00:56:14'),
(126, 28, 1, '2025-01-16 00:56:14', '2025-01-16 00:56:14'),
(127, 28, 2, '2025-01-16 00:56:14', '2025-01-16 00:56:14'),
(128, 299, 1, '2025-01-16 00:56:14', '2025-01-16 00:56:14'),
(129, 300, 1, '2025-01-16 00:56:14', '2025-01-16 00:56:14'),
(130, 323, 1, '2025-01-16 00:56:14', '2025-01-16 00:56:14'),
(131, 323, 2, '2025-01-16 00:56:14', '2025-01-16 00:56:14'),
(132, 286, 1, '2025-01-16 00:56:14', '2025-01-16 00:56:14'),
(133, 286, 2, '2025-01-16 00:56:14', '2025-01-16 00:56:14'),
(134, 257, 1, '2025-01-16 00:56:14', '2025-01-16 00:56:14'),
(135, 257, 2, '2025-01-16 00:56:14', '2025-01-16 00:56:14'),
(136, 4, 1, '2025-01-16 00:56:14', '2025-01-16 00:56:14'),
(137, 258, 1, '2025-01-16 00:56:14', '2025-01-16 00:56:14'),
(138, 258, 2, '2025-01-16 00:56:14', '2025-01-16 00:56:14'),
(139, 140, 1, '2025-01-16 00:56:14', '2025-01-16 00:56:14'),
(140, 140, 2, '2025-01-16 00:56:14', '2025-01-16 00:56:14'),
(141, 330, 1, '2025-01-16 00:56:14', '2025-01-16 00:56:14'),
(142, 66, 1, '2025-01-16 00:56:14', '2025-01-16 00:56:14'),
(143, 324, 1, '2025-01-16 00:56:14', '2025-01-16 00:56:14'),
(144, 182, 1, '2025-01-16 00:56:14', '2025-01-16 00:56:14'),
(145, 182, 2, '2025-01-16 00:56:14', '2025-01-16 00:56:14'),
(146, 209, 1, '2025-01-16 00:56:14', '2025-01-16 00:56:14'),
(147, 202, 1, '2025-01-16 00:56:14', '2025-01-16 00:56:14'),
(148, 8, 1, '2025-01-16 00:56:14', '2025-01-16 00:56:14'),
(149, 29, 1, '2025-01-16 00:56:14', '2025-01-16 00:56:14'),
(150, 89, 1, '2025-01-16 00:56:14', '2025-01-16 00:56:14'),
(151, 90, 1, '2025-01-16 00:56:14', '2025-01-16 00:56:14'),
(152, 90, 2, '2025-01-16 00:56:14', '2025-01-16 00:56:14'),
(153, 90, 3, '2025-01-16 00:56:14', '2025-01-16 00:56:14'),
(154, 5, 1, '2025-01-16 00:56:14', '2025-01-16 00:56:14'),
(155, 132, 1, '2025-01-16 00:56:14', '2025-01-16 00:56:14'),
(156, 48, 1, '2025-01-16 00:56:14', '2025-01-16 00:56:14'),
(157, 91, 1, '2025-01-16 00:56:14', '2025-01-16 00:56:14'),
(158, 91, 2, '2025-01-16 00:56:14', '2025-01-16 00:56:14'),
(159, 67, 1, '2025-01-16 00:56:14', '2025-01-16 00:56:14'),
(160, 67, 4, '2025-01-16 00:56:14', '2025-01-16 00:56:14'),
(161, 153, 1, '2025-01-16 00:56:14', '2025-01-16 00:56:14'),
(162, 153, 2, '2025-01-16 00:56:14', '2025-01-16 00:56:14'),
(163, 92, 1, '2025-01-16 00:56:14', '2025-01-16 00:56:14'),
(164, 93, 1, '2025-01-16 00:56:14', '2025-01-16 00:56:14'),
(165, 33, 1, '2025-01-16 00:56:14', '2025-01-16 00:56:14'),
(166, 59, 1, '2025-01-16 00:56:14', '2025-01-16 00:56:14'),
(167, 94, 1, '2025-01-16 00:56:14', '2025-01-16 00:56:14'),
(168, 94, 4, '2025-01-16 00:56:14', '2025-01-16 00:56:14'),
(169, 95, 1, '2025-01-16 00:56:14', '2025-01-16 00:56:14'),
(170, 30, 1, '2025-01-16 00:56:14', '2025-01-16 00:56:14'),
(171, 287, 1, '2025-01-16 00:56:14', '2025-01-16 00:56:14'),
(172, 288, 1, '2025-01-16 00:56:14', '2025-01-16 00:56:14'),
(173, 288, 2, '2025-01-16 00:56:14', '2025-01-16 00:56:14'),
(174, 327, 1, '2025-01-16 00:56:14', '2025-01-16 00:56:14'),
(175, 337, 1, '2025-01-16 00:56:14', '2025-01-16 00:56:14'),
(176, 220, 1, '2025-01-16 00:56:14', '2025-01-16 00:56:14'),
(177, 119, 1, '2025-01-16 00:56:14', '2025-01-16 00:56:14'),
(178, 289, 1, '2025-01-16 00:56:14', '2025-01-16 00:56:14'),
(179, 289, 2, '2025-01-16 00:56:14', '2025-01-16 00:56:14'),
(180, 141, 1, '2025-01-16 00:56:14', '2025-01-16 00:56:14'),
(181, 141, 2, '2025-01-16 00:56:14', '2025-01-16 00:56:14'),
(182, 96, 1, '2025-01-16 00:56:14', '2025-01-16 00:56:14'),
(183, 259, 1, '2025-01-16 00:56:14', '2025-01-16 00:56:14'),
(184, 259, 2, '2025-01-16 00:56:14', '2025-01-16 00:56:14'),
(185, 210, 1, '2025-01-16 00:56:14', '2025-01-16 00:56:14'),
(186, 210, 2, '2025-01-16 00:56:14', '2025-01-16 00:56:14'),
(187, 183, 1, '2025-01-16 00:56:14', '2025-01-16 00:56:14'),
(188, 183, 2, '2025-01-16 00:56:14', '2025-01-16 00:56:14'),
(189, 68, 1, '2025-01-16 00:56:14', '2025-01-16 00:56:14'),
(190, 190, 1, '2025-01-16 00:56:14', '2025-01-16 00:56:14'),
(191, 190, 4, '2025-01-16 00:56:14', '2025-01-16 00:56:14'),
(192, 154, 1, '2025-01-16 00:56:14', '2025-01-16 00:56:14'),
(193, 79, 1, '2025-01-16 00:56:14', '2025-01-16 00:56:14'),
(194, 302, 1, '2025-01-16 00:56:14', '2025-01-16 00:56:14'),
(195, 97, 1, '2025-01-16 00:56:14', '2025-01-16 00:56:14'),
(196, 98, 1, '2025-01-16 00:56:14', '2025-01-16 00:56:14'),
(197, 98, 4, '2025-01-16 00:56:14', '2025-01-16 00:56:14'),
(198, 99, 1, '2025-01-16 00:56:14', '2025-01-16 00:56:14'),
(199, 161, 1, '2025-01-16 00:56:14', '2025-01-16 00:56:14'),
(200, 161, 2, '2025-01-16 00:56:14', '2025-01-16 00:56:14'),
(201, 260, 1, '2025-01-16 00:56:14', '2025-01-16 00:56:14'),
(202, 260, 2, '2025-01-16 00:56:14', '2025-01-16 00:56:14'),
(203, 260, 3, '2025-01-16 00:56:14', '2025-01-16 00:56:14'),
(204, 192, 1, '2025-01-16 00:56:14', '2025-01-16 00:56:14'),
(205, 277, 1, '2025-01-16 00:56:14', '2025-01-16 00:56:14'),
(206, 277, 2, '2025-01-16 00:56:14', '2025-01-16 00:56:14'),
(207, 277, 3, '2025-01-16 00:56:14', '2025-01-16 00:56:14'),
(208, 215, 1, '2025-01-16 00:56:14', '2025-01-16 00:56:14'),
(209, 55, 1, '2025-01-16 00:56:14', '2025-01-16 00:56:14'),
(210, 55, 2, '2025-01-16 00:56:14', '2025-01-16 00:56:14'),
(211, 217, 1, '2025-01-16 00:56:14', '2025-01-16 00:56:14'),
(212, 290, 1, '2025-01-16 00:56:14', '2025-01-16 00:56:14'),
(213, 290, 2, '2025-01-16 00:56:14', '2025-01-16 00:56:14'),
(214, 301, 1, '2025-01-16 00:56:14', '2025-01-16 00:56:14'),
(215, 301, 3, '2025-01-16 00:56:14', '2025-01-16 00:56:14'),
(216, 278, 1, '2025-01-16 00:56:14', '2025-01-16 00:56:14'),
(217, 278, 2, '2025-01-16 00:56:14', '2025-01-16 00:56:14'),
(218, 38, 1, '2025-01-16 00:56:14', '2025-01-16 00:56:14'),
(219, 64, 1, '2025-01-16 00:56:14', '2025-01-16 00:56:14'),
(220, 279, 1, '2025-01-16 00:56:14', '2025-01-16 00:56:14'),
(221, 279, 2, '2025-01-16 00:56:14', '2025-01-16 00:56:14'),
(222, 142, 1, '2025-01-16 00:56:14', '2025-01-16 00:56:14'),
(223, 100, 1, '2025-01-16 00:56:14', '2025-01-16 00:56:14'),
(224, 291, 1, '2025-01-16 00:56:14', '2025-01-16 00:56:14'),
(225, 101, 1, '2025-01-16 00:56:14', '2025-01-16 00:56:14'),
(226, 143, 1, '2025-01-16 00:56:14', '2025-01-16 00:56:14'),
(227, 155, 1, '2025-01-16 00:56:14', '2025-01-16 00:56:14'),
(228, 20, 1, '2025-01-16 00:56:14', '2025-01-16 00:56:14'),
(229, 128, 1, '2025-01-16 00:56:14', '2025-01-16 00:56:14'),
(230, 292, 1, '2025-01-16 00:56:14', '2025-01-16 00:56:14'),
(231, 172, 1, '2025-01-16 00:56:14', '2025-01-16 00:56:14'),
(232, 303, 1, '2025-01-16 00:56:14', '2025-01-16 00:56:14'),
(233, 13, 1, '2025-01-16 00:56:14', '2025-01-16 00:56:14'),
(234, 261, 1, '2025-01-16 00:56:14', '2025-01-16 00:56:14'),
(235, 261, 2, '2025-01-16 00:56:14', '2025-01-16 00:56:14'),
(236, 125, 1, '2025-01-16 00:56:14', '2025-01-16 00:56:14'),
(237, 184, 1, '2025-01-16 00:56:14', '2025-01-16 00:56:14'),
(238, 184, 2, '2025-01-16 00:56:14', '2025-01-16 00:56:14'),
(239, 42, 1, '2025-01-16 00:56:14', '2025-01-16 00:56:14'),
(240, 144, 1, '2025-01-16 00:56:14', '2025-01-16 00:56:14'),
(241, 221, 1, '2025-01-16 00:56:14', '2025-01-16 00:56:14'),
(242, 222, 1, '2025-01-16 00:56:14', '2025-01-16 00:56:14'),
(243, 162, 1, '2025-01-16 00:56:14', '2025-01-16 00:56:14'),
(244, 162, 2, '2025-01-16 00:56:14', '2025-01-16 00:56:14'),
(245, 345, 1, '2025-01-16 00:56:14', '2025-01-16 00:56:14'),
(246, 345, 2, '2025-01-16 00:56:14', '2025-01-16 00:56:14'),
(247, 345, 3, '2025-01-16 00:56:14', '2025-01-16 00:56:14'),
(248, 345, 4, '2025-01-16 00:56:14', '2025-01-16 00:56:14'),
(249, 156, 1, '2025-01-16 00:56:14', '2025-01-16 00:56:14'),
(250, 156, 2, '2025-01-16 00:56:14', '2025-01-16 00:56:14'),
(251, 223, 1, '2025-01-16 00:56:14', '2025-01-16 00:56:14'),
(252, 238, 1, '2025-01-16 00:56:14', '2025-01-16 00:56:14'),
(253, 69, 1, '2025-01-16 00:56:14', '2025-01-16 00:56:14'),
(254, 262, 1, '2025-01-16 00:56:14', '2025-01-16 00:56:14'),
(255, 239, 1, '2025-01-16 00:56:14', '2025-01-16 00:56:14'),
(256, 239, 2, '2025-01-16 00:56:14', '2025-01-16 00:56:14'),
(257, 102, 1, '2025-01-16 00:56:14', '2025-01-16 00:56:14'),
(258, 102, 4, '2025-01-16 00:56:14', '2025-01-16 00:56:14'),
(259, 332, 1, '2025-01-16 00:56:14', '2025-01-16 00:56:14'),
(260, 145, 1, '2025-01-16 00:56:14', '2025-01-16 00:56:14'),
(261, 17, 1, '2025-01-16 00:56:14', '2025-01-16 00:56:14'),
(262, 70, 1, '2025-01-16 00:56:14', '2025-01-16 00:56:14'),
(263, 70, 2, '2025-01-16 00:56:14', '2025-01-16 00:56:14'),
(264, 315, 1, '2025-01-16 00:56:14', '2025-01-16 00:56:14'),
(265, 40, 1, '2025-01-16 00:56:14', '2025-01-16 00:56:14'),
(266, 133, 1, '2025-01-16 00:56:14', '2025-01-16 00:56:14'),
(267, 263, 1, '2025-01-16 00:56:14', '2025-01-16 00:56:14'),
(268, 263, 2, '2025-01-16 00:56:14', '2025-01-16 00:56:14'),
(269, 34, 1, '2025-01-16 00:56:14', '2025-01-16 00:56:14'),
(270, 293, 1, '2025-01-16 00:56:14', '2025-01-16 00:56:14'),
(271, 124, 1, '2025-01-16 00:56:14', '2025-01-16 00:56:14'),
(272, 325, 1, '2025-01-16 00:56:14', '2025-01-16 00:56:14'),
(273, 163, 1, '2025-01-16 00:56:14', '2025-01-16 00:56:14'),
(274, 294, 1, '2025-01-16 00:56:14', '2025-01-16 00:56:14'),
(275, 80, 1, '2025-01-16 00:56:14', '2025-01-16 00:56:14'),
(276, 61, 1, '2025-01-16 00:56:14', '2025-01-16 00:56:14'),
(277, 61, 3, '2025-01-16 00:56:14', '2025-01-16 00:56:14'),
(278, 157, 1, '2025-01-16 00:56:14', '2025-01-16 00:56:14'),
(279, 193, 1, '2025-01-16 00:56:14', '2025-01-16 00:56:14'),
(280, 103, 1, '2025-01-16 00:56:14', '2025-01-16 00:56:14'),
(281, 173, 1, '2025-01-16 00:56:14', '2025-01-16 00:56:14'),
(282, 173, 2, '2025-01-16 00:56:14', '2025-01-16 00:56:14'),
(283, 173, 3, '2025-01-16 00:56:14', '2025-01-16 00:56:14'),
(284, 180, 1, '2025-01-16 00:56:14', '2025-01-16 00:56:14'),
(285, 180, 2, '2025-01-16 00:56:14', '2025-01-16 00:56:14'),
(286, 240, 1, '2025-01-16 00:56:14', '2025-01-16 00:56:14'),
(287, 240, 2, '2025-01-16 00:56:14', '2025-01-16 00:56:14'),
(288, 174, 1, '2025-01-16 00:56:14', '2025-01-16 00:56:14'),
(289, 204, 1, '2025-01-16 00:56:14', '2025-01-16 00:56:14'),
(290, 134, 1, '2025-01-16 00:56:14', '2025-01-16 00:56:14'),
(291, 104, 1, '2025-01-16 00:56:14', '2025-01-16 00:56:14'),
(292, 164, 1, '2025-01-16 00:56:14', '2025-01-16 00:56:14'),
(293, 264, 1, '2025-01-16 00:56:14', '2025-01-16 00:56:14'),
(294, 264, 2, '2025-01-16 00:56:14', '2025-01-16 00:56:14'),
(295, 264, 4, '2025-01-16 00:56:14', '2025-01-16 00:56:14'),
(296, 62, 1, '2025-01-16 00:56:14', '2025-01-16 00:56:14'),
(297, 146, 1, '2025-01-16 00:56:14', '2025-01-16 00:56:14'),
(298, 9, 1, '2025-01-16 00:56:14', '2025-01-16 00:56:14'),
(299, 147, 1, '2025-01-16 00:56:14', '2025-01-16 00:56:14'),
(300, 152, 1, '2025-01-16 00:56:14', '2025-01-16 00:56:14'),
(301, 128, 1, '2025-01-16 00:56:14', '2025-01-16 00:56:14'),
(302, 116, 1, '2025-01-16 00:56:14', '2025-01-16 00:56:14'),
(303, 116, 2, '2025-01-16 00:56:14', '2025-01-16 00:56:14'),
(304, 265, 1, '2025-01-16 00:56:14', '2025-01-16 00:56:14'),
(305, 165, 1, '2025-01-16 00:56:14', '2025-01-16 00:56:14'),
(306, 242, 1, '2025-01-16 00:56:14', '2025-01-16 00:56:14'),
(307, 342, 1, '2025-01-16 00:56:14', '2025-01-16 00:56:14'),
(308, 10, 1, '2025-01-16 00:56:14', '2025-01-16 00:56:14'),
(309, 343, 1, '2025-01-16 00:56:14', '2025-01-16 00:56:14'),
(310, 105, 1, '2025-01-16 00:56:14', '2025-01-16 00:56:14'),
(311, 49, 1, '2025-01-16 00:56:14', '2025-01-16 00:56:14'),
(312, 266, 1, '2025-01-16 00:56:14', '2025-01-16 00:56:14'),
(313, 106, 1, '2025-01-16 00:56:14', '2025-01-16 00:56:14'),
(314, 296, 1, '2025-01-16 00:56:14', '2025-01-16 00:56:14'),
(315, 316, 1, '2025-01-16 00:56:14', '2025-01-16 00:56:14'),
(316, 304, 1, '2025-01-16 00:56:14', '2025-01-16 00:56:14'),
(317, 166, 1, '2025-01-16 00:56:14', '2025-01-16 00:56:14'),
(318, 43, 1, '2025-01-16 00:56:14', '2025-01-16 00:56:14'),
(319, 336, 1, '2025-01-16 00:56:14', '2025-01-16 00:56:14'),
(320, 310, 1, '2025-01-16 00:56:14', '2025-01-16 00:56:14'),
(321, 280, 1, '2025-01-16 00:56:14', '2025-01-16 00:56:14'),
(322, 280, 2, '2025-01-16 00:56:14', '2025-01-16 00:56:14'),
(323, 317, 1, '2025-01-16 00:56:14', '2025-01-16 00:56:14'),
(324, 81, 1, '2025-01-16 00:56:14', '2025-01-16 00:56:14'),
(325, 3, 1, '2025-01-16 00:56:14', '2025-01-16 00:56:14'),
(326, 318, 1, '2025-01-16 00:56:14', '2025-01-16 00:56:14'),
(327, 311, 1, '2025-01-16 00:56:14', '2025-01-16 00:56:14'),
(328, 312, 1, '2025-01-16 00:56:14', '2025-01-16 00:56:14'),
(329, 313, 1, '2025-01-16 00:56:14', '2025-01-16 00:56:14'),
(330, 224, 1, '2025-01-16 00:56:14', '2025-01-16 00:56:14'),
(331, 107, 1, '2025-01-16 00:56:14', '2025-01-16 00:56:14'),
(332, 107, 2, '2025-01-16 00:56:14', '2025-01-16 00:56:14'),
(333, 225, 1, '2025-01-16 00:56:14', '2025-01-16 00:56:14'),
(334, 243, 1, '2025-01-16 00:56:14', '2025-01-16 00:56:14'),
(335, 243, 2, '2025-01-16 00:56:14', '2025-01-16 00:56:14'),
(336, 64, 1, '2025-01-16 00:56:14', '2025-01-16 00:56:14'),
(337, 50, 1, '2025-01-16 00:56:14', '2025-01-16 00:56:14'),
(338, 314, 1, '2025-01-16 00:56:14', '2025-01-16 00:56:14'),
(339, 148, 1, '2025-01-16 00:56:14', '2025-01-16 00:56:14'),
(340, 108, 1, '2025-01-16 00:56:14', '2025-01-16 00:56:14'),
(341, 51, 1, '2025-01-16 00:56:14', '2025-01-16 00:56:14'),
(342, 51, 2, '2025-01-16 00:56:14', '2025-01-16 00:56:14'),
(343, 135, 1, '2025-01-16 00:56:14', '2025-01-16 00:56:14'),
(344, 135, 2, '2025-01-16 00:56:14', '2025-01-16 00:56:14'),
(345, 135, 3, '2025-01-16 00:56:14', '2025-01-16 00:56:14'),
(346, 245, 1, '2025-01-16 00:56:14', '2025-01-16 00:56:14'),
(347, 185, 1, '2025-01-16 00:56:14', '2025-01-16 00:56:14'),
(348, 185, 2, '2025-01-16 00:56:14', '2025-01-16 00:56:14'),
(349, 109, 1, '2025-01-16 00:56:14', '2025-01-16 00:56:14'),
(350, 281, 1, '2025-01-16 00:56:14', '2025-01-16 00:56:14'),
(351, 110, 1, '2025-01-16 00:56:14', '2025-01-16 00:56:14'),
(352, 110, 2, '2025-01-16 00:56:14', '2025-01-16 00:56:14'),
(353, 110, 4, '2025-01-16 00:56:14', '2025-01-16 00:56:14'),
(354, 149, 1, '2025-01-16 00:56:14', '2025-01-16 00:56:14'),
(355, 150, 1, '2025-01-16 00:56:14', '2025-01-16 00:56:14'),
(356, 150, 2, '2025-01-16 00:56:14', '2025-01-16 00:56:14'),
(357, 194, 1, '2025-01-16 00:56:14', '2025-01-16 00:56:14'),
(358, 194, 2, '2025-01-16 00:56:14', '2025-01-16 00:56:14'),
(359, 57, 1, '2025-01-16 00:56:14', '2025-01-16 00:56:14'),
(360, 295, 1, '2025-01-16 00:56:14', '2025-01-16 00:56:14'),
(361, 175, 1, '2025-01-16 00:56:14', '2025-01-16 00:56:14'),
(362, 175, 2, '2025-01-16 00:56:14', '2025-01-16 00:56:14'),
(363, 44, 1, '2025-01-16 00:56:14', '2025-01-16 00:56:14'),
(364, 44, 2, '2025-01-16 00:56:14', '2025-01-16 00:56:14'),
(365, 335, 1, '2025-01-16 00:56:14', '2025-01-16 00:56:14'),
(366, 319, 1, '2025-01-16 00:56:14', '2025-01-16 00:56:14'),
(367, 338, 1, '2025-01-16 00:56:14', '2025-01-16 00:56:14'),
(368, 186, 1, '2025-01-16 00:56:14', '2025-01-16 00:56:14'),
(369, 186, 2, '2025-01-16 00:56:14', '2025-01-16 00:56:14'),
(370, 267, 1, '2025-01-16 00:56:14', '2025-01-16 00:56:14'),
(371, 267, 2, '2025-01-16 00:56:14', '2025-01-16 00:56:14'),
(372, 187, 1, '2025-01-16 00:56:14', '2025-01-16 00:56:14'),
(373, 187, 2, '2025-01-16 00:56:14', '2025-01-16 00:56:14'),
(374, 39, 1, '2025-01-16 00:56:14', '2025-01-16 00:56:14'),
(375, 71, 1, '2025-01-16 00:56:14', '2025-01-16 00:56:14'),
(376, 71, 2, '2025-01-16 00:56:14', '2025-01-16 00:56:14'),
(377, 121, 1, '2025-01-16 00:56:14', '2025-01-16 00:56:14'),
(378, 246, 1, '2025-01-16 00:56:14', '2025-01-16 00:56:14'),
(379, 246, 3, '2025-01-16 00:56:14', '2025-01-16 00:56:14'),
(380, 176, 1, '2025-01-16 00:56:14', '2025-01-16 00:56:14'),
(381, 176, 2, '2025-01-16 00:56:14', '2025-01-16 00:56:14'),
(382, 176, 3, '2025-01-16 00:56:14', '2025-01-16 00:56:14'),
(383, 58, 1, '2025-01-16 00:56:14', '2025-01-16 00:56:14'),
(384, 247, 1, '2025-01-16 00:56:14', '2025-01-16 00:56:14'),
(385, 77, 1, '2025-01-16 00:56:14', '2025-01-16 00:56:14'),
(386, 158, 1, '2025-01-16 00:56:14', '2025-01-16 00:56:14'),
(387, 339, 1, '2025-01-16 00:56:14', '2025-01-16 00:56:14'),
(388, 248, 1, '2025-01-16 00:56:14', '2025-01-16 00:56:14'),
(389, 195, 1, '2025-01-16 00:56:14', '2025-01-16 00:56:14'),
(390, 111, 1, '2025-01-16 00:56:14', '2025-01-16 00:56:14'),
(391, 117, 1, '2025-01-16 00:56:14', '2025-01-16 00:56:14'),
(392, 320, 1, '2025-01-16 00:56:14', '2025-01-16 00:56:14'),
(393, 112, 1, '2025-01-16 00:56:14', '2025-01-16 00:56:14'),
(394, 112, 2, '2025-01-16 00:56:14', '2025-01-16 00:56:14'),
(395, 112, 4, '2025-01-16 00:56:14', '2025-01-16 00:56:14'),
(396, 249, 1, '2025-01-16 00:56:14', '2025-01-16 00:56:14'),
(397, 249, 2, '2025-01-16 00:56:14', '2025-01-16 00:56:14'),
(398, 321, 1, '2025-01-16 00:56:14', '2025-01-16 00:56:14'),
(399, 18, 1, '2025-01-16 00:56:14', '2025-01-16 00:56:14'),
(400, 18, 2, '2025-01-16 00:56:14', '2025-01-16 00:56:14'),
(401, 18, 1, '2025-01-16 00:56:14', '2025-01-16 00:56:14'),
(402, 18, 2, '2025-01-16 00:56:14', '2025-01-16 00:56:14'),
(403, 205, 1, '2025-01-16 00:56:14', '2025-01-16 00:56:14'),
(404, 177, 1, '2025-01-16 00:56:14', '2025-01-16 00:56:14'),
(405, 113, 1, '2025-01-16 00:56:14', '2025-01-16 00:56:14'),
(406, 226, 1, '2025-01-16 00:56:14', '2025-01-16 00:56:14'),
(407, 226, 2, '2025-01-16 00:56:14', '2025-01-16 00:56:14'),
(408, 151, 1, '2025-01-16 00:56:14', '2025-01-16 00:56:14'),
(409, 227, 1, '2025-01-16 00:56:14', '2025-01-16 00:56:14'),
(410, 167, 1, '2025-01-16 00:56:14', '2025-01-16 00:56:14'),
(411, 167, 2, '2025-01-16 00:56:14', '2025-01-16 00:56:14'),
(412, 167, 3, '2025-01-16 00:56:14', '2025-01-16 00:56:14'),
(413, 206, 1, '2025-01-16 00:56:14', '2025-01-16 00:56:14'),
(414, 82, 1, '2025-01-16 00:56:14', '2025-01-16 00:56:14'),
(415, 83, 1, '2025-01-16 00:56:14', '2025-01-16 00:56:14'),
(416, 83, 2, '2025-01-16 00:56:14', '2025-01-16 00:56:14'),
(417, 76, 1, '2025-01-16 00:56:14', '2025-01-16 00:56:14'),
(418, 14, 1, '2025-01-16 00:56:14', '2025-01-16 00:56:14'),
(419, 207, 1, '2025-01-16 00:56:14', '2025-01-16 00:56:14'),
(420, 207, 2, '2025-01-16 00:56:14', '2025-01-16 00:56:14'),
(421, 15, 1, '2025-01-16 00:56:14', '2025-01-16 00:56:14'),
(422, 252, 1, '2025-01-16 00:56:14', '2025-01-16 00:56:14'),
(423, 188, 1, '2025-01-16 00:56:14', '2025-01-16 00:56:14'),
(424, 188, 2, '2025-01-16 00:56:14', '2025-01-16 00:56:14'),
(425, 268, 1, '2025-01-16 00:56:14', '2025-01-16 00:56:14'),
(426, 268, 2, '2025-01-16 00:56:14', '2025-01-16 00:56:14'),
(427, 23, 1, '2025-01-16 00:56:14', '2025-01-16 00:56:14'),
(428, 120, 1, '2025-01-16 00:56:14', '2025-01-16 00:56:14'),
(429, 120, 2, '2025-01-16 00:56:14', '2025-01-16 00:56:14'),
(430, 344, 1, '2025-01-16 00:56:14', '2025-01-16 00:56:14'),
(431, 216, 1, '2025-01-16 00:56:14', '2025-01-16 00:56:14'),
(432, 216, 2, '2025-01-16 00:56:14', '2025-01-16 00:56:14'),
(433, 19, 1, '2025-01-16 00:56:14', '2025-01-16 00:56:14'),
(434, 269, 1, '2025-01-16 00:56:14', '2025-01-16 00:56:14'),
(435, 208, 1, '2025-01-16 00:56:14', '2025-01-16 00:56:14'),
(436, 346, 1, '2025-01-16 00:56:14', '2025-01-16 00:56:14'),
(437, 333, 1, '2025-01-16 00:56:14', '2025-01-16 00:56:14'),
(438, 282, 1, '2025-01-16 00:56:14', '2025-01-16 00:56:14'),
(439, 282, 2, '2025-01-16 00:56:14', '2025-01-16 00:56:14'),
(440, 250, 1, '2025-01-16 00:56:14', '2025-01-16 00:56:14'),
(441, 228, 1, '2025-01-16 00:56:14', '2025-01-16 00:56:14'),
(442, 284, 1, '2025-01-16 00:56:14', '2025-01-16 00:56:14'),
(443, 26, 1, '2025-01-16 00:56:14', '2025-01-16 00:56:14'),
(444, 45, 1, '2025-01-16 00:56:14', '2025-01-16 00:56:14'),
(445, 45, 3, '2025-01-16 00:56:14', '2025-01-16 00:56:14'),
(446, 189, 1, '2025-01-16 00:56:14', '2025-01-16 00:56:14'),
(447, 189, 2, '2025-01-16 00:56:14', '2025-01-16 00:56:14'),
(448, 283, 1, '2025-01-16 00:56:14', '2025-01-16 00:56:14'),
(449, 35, 1, '2025-01-16 00:56:14', '2025-01-16 00:56:14'),
(450, 270, 1, '2025-01-16 00:56:14', '2025-01-16 00:56:14'),
(451, 270, 2, '2025-01-16 00:56:14', '2025-01-16 00:56:14'),
(452, 196, 1, '2025-01-16 00:56:14', '2025-01-16 00:56:14'),
(453, 196, 3, '2025-01-16 00:56:14', '2025-01-16 00:56:14'),
(454, 52, 1, '2025-01-16 00:56:14', '2025-01-16 00:56:14'),
(455, 271, 1, '2025-01-16 00:56:14', '2025-01-16 00:56:14'),
(456, 53, 1, '2025-01-16 00:56:14', '2025-01-16 00:56:14'),
(457, 114, 1, '2025-01-16 00:56:14', '2025-01-16 00:56:14'),
(458, 197, 1, '2025-01-16 00:56:14', '2025-01-16 00:56:14'),
(459, 197, 2, '2025-01-16 00:56:14', '2025-01-16 00:56:14'),
(460, 229, 1, '2025-01-16 00:56:14', '2025-01-16 00:56:14'),
(461, 229, 2, '2025-01-16 00:56:14', '2025-01-16 00:56:14'),
(462, 251, 1, '2025-01-16 00:56:14', '2025-01-16 00:56:14'),
(463, 63, 1, '2025-01-16 00:56:14', '2025-01-16 00:56:14'),
(464, 63, 2, '2025-01-16 00:56:14', '2025-01-16 00:56:14');

-- --------------------------------------------------------

--
-- Estructura de tabla para la tabla `derechos`
--

CREATE TABLE `derechos` (
  `id` bigint(20) UNSIGNED NOT NULL,
  `nombre` varchar(100) NOT NULL,
  `dimension_id` bigint(20) UNSIGNED NOT NULL,
  `created_at` timestamp NULL DEFAULT NULL,
  `updated_at` timestamp NULL DEFAULT NULL
) ENGINE=InnoDB DEFAULT CHARSET=utf8mb4 COLLATE=utf8mb4_unicode_ci;

--
-- Volcado de datos para la tabla `derechos`
--

INSERT INTO `derechos` (`id`, `nombre`, `dimension_id`, `created_at`, `updated_at`) VALUES
(1, 'Derecho a la salud', 1, '2024-10-18 18:32:10', '2024-10-18 18:32:10'),
(2, 'Derecho a la nutrición y alimentación', 1, '2024-10-18 18:32:10', '2024-10-18 18:32:10'),
(3, 'Derecho al agua', 1, '2024-10-18 18:32:10', '2024-10-18 18:32:10'),
(4, 'Derecho a un medio ambiente libre de contaminación', 1, '2024-10-18 18:32:10', '2024-10-18 18:32:10'),
(5, 'Derecho a una vivienda adecuada', 1, '2024-10-18 18:32:10', '2024-10-18 18:32:10'),
(6, 'Derecho al desarrollo infantil', 1, '2024-10-18 18:32:10', '2024-10-18 18:32:10'),
(7, 'Derecho a la educación', 2, '2024-10-18 18:32:10', '2024-10-18 18:32:10'),
(8, 'Derecho al descanso', 2, '2024-10-18 18:32:10', '2024-10-18 18:32:10'),
(9, 'Derecho al esparcimiento', 2, '2024-10-18 18:32:10', '2024-10-18 18:32:10'),
(10, 'Derecho al juego', 2, '2024-10-18 18:32:10', '2024-10-18 18:32:10'),
(11, 'Derecho a la recreación', 2, '2024-10-18 18:32:10', '2024-10-18 18:32:10'),
(12, 'Derecho a la cultura y las artes', 2, '2024-10-18 18:32:10', '2024-10-18 18:32:10'),
(13, 'Derecho a un nombre y nacionalidad', 2, '2024-10-18 18:32:10', '2024-10-18 18:32:10'),
(14, 'Derecho a un nivel de vida adecuado', 3, '2024-10-18 18:32:10', '2024-10-18 18:32:10'),
(15, 'Derecho a la seguridad social', 3, '2024-10-18 18:32:10', '2024-10-18 18:32:10'),
(16, 'Derecho a vivir en familia', 3, '2024-10-18 18:32:10', '2024-10-18 18:32:10'),
(17, 'Derecho de los NNA privados de su familia', 3, '2024-10-18 18:32:10', '2024-10-18 18:32:10'),
(18, 'Derecho al buen trato y la no violencia', 3, '2024-10-18 18:32:10', '2024-10-18 18:32:10'),
(19, 'Derecho a la no explotación', 3, '2024-10-18 18:32:10', '2024-10-18 18:32:10'),
(20, 'Derecho a un trato justo a adolescentes en conflicto con la justicia', 3, '2024-10-18 18:32:10', '2024-10-18 18:32:10'),
(21, 'Derecho a acceder a la información', 3, '2024-10-18 18:32:10', '2024-10-18 18:32:10'),
(22, 'Derecho a la libertad de expresión y opinión', 4, '2024-10-18 18:32:10', '2024-10-18 18:32:10'),
(23, 'Derecho a ser escuchado', 4, '2024-10-18 18:32:10', '2024-10-18 18:32:10'),
(24, 'Derecho a la libertad de asociación', 4, '2024-10-18 18:32:10', '2024-10-18 18:32:10'),
(25, 'Derecho a incidir en decisiones', 4, '2024-10-18 18:32:10', '2024-10-18 18:32:10');

-- --------------------------------------------------------

--
-- Estructura de tabla para la tabla `dimensiones`
--

CREATE TABLE `dimensiones` (
  `id` bigint(20) UNSIGNED NOT NULL,
  `nombre` varchar(100) NOT NULL,
  `created_at` timestamp NULL DEFAULT NULL,
  `updated_at` timestamp NULL DEFAULT NULL
) ENGINE=InnoDB DEFAULT CHARSET=utf8mb4 COLLATE=utf8mb4_unicode_ci;

--
-- Volcado de datos para la tabla `dimensiones`
--

INSERT INTO `dimensiones` (`id`, `nombre`, `created_at`, `updated_at`) VALUES
(1, 'Supervivencia', '2024-10-18 18:30:39', '2024-10-18 18:30:39'),
(2, 'Desarrollo', '2024-10-18 18:30:39', '2024-10-18 18:30:39'),
(3, 'Protección', '2024-10-18 18:30:39', '2024-10-18 18:30:39'),
(4, 'Participación', '2024-10-18 18:30:39', '2024-10-18 18:30:39');

-- --------------------------------------------------------

--
-- Estructura de tabla para la tabla `entries`
--

CREATE TABLE `entries` (
  `id` char(36) NOT NULL,
  `site` varchar(191) NOT NULL,
  `origin_id` char(36) DEFAULT NULL,
  `published` tinyint(1) NOT NULL DEFAULT 1,
  `slug` varchar(191) DEFAULT NULL,
  `uri` varchar(191) DEFAULT NULL,
  `date` varchar(191) DEFAULT NULL,
  `order` int(11) DEFAULT NULL,
  `collection` varchar(191) NOT NULL,
  `blueprint` varchar(30) DEFAULT NULL,
  `data` longtext CHARACTER SET utf8mb4 COLLATE utf8mb4_bin NOT NULL CHECK (json_valid(`data`)),
  `created_at` timestamp NULL DEFAULT NULL,
  `updated_at` timestamp NULL DEFAULT NULL
) ENGINE=MyISAM DEFAULT CHARSET=utf8mb4 COLLATE=utf8mb4_unicode_ci;

--
-- Volcado de datos para la tabla `entries`
--

INSERT INTO `entries` (`id`, `site`, `origin_id`, `published`, `slug`, `uri`, `date`, `order`, `collection`, `blueprint`, `data`, `created_at`, `updated_at`) VALUES
('recursos', 'default', NULL, 1, 'recursos', '/recursos', '2025-01-15 00:00:00', 1, 'recursos', 'recursos', '{\"title\":\"Recursos\",\"template\":\"recursos\",\"documento\":[{\"id\":\"m5yns10t\",\"titulo\":\"Piloto M\\u00f3dulo Tem\\u00e1tico GSL Salud - Conclusiones preliminares de la evaluaci\\u00f3n de implementaci\\u00f3n y recomendaciones para la escalabilidad\",\"resumen\":[{\"type\":\"paragraph\",\"attrs\":{\"textAlign\":\"left\"},\"content\":[{\"type\":\"text\",\"text\":\"La presentaci\\u00f3n analiza los resultados iniciales del piloto GSL-Salud en APS, destacando fortalezas, retos y su potencial de escalabilidad, con recomendaciones para una implementaci\\u00f3n sostenible e\\u00a0intersectorial.\"}]}],\"documento\":\"conclusiones-preliminares-evaluacion-piloto-gsl-aps-minsal-122024.pdf\",\"modulo\":\"4\",\"type\":\"documentos\",\"enabled\":true,\"date\":\"2025-04-25 10:26:18\"},{\"id\":\"m5ynuuej\",\"titulo\":\"Gesti\\u00f3n Social Local\",\"resumen\":[{\"type\":\"paragraph\",\"attrs\":{\"textAlign\":\"left\"},\"content\":[{\"type\":\"text\",\"text\":\"La presentaci\\u00f3n muestra el desarrollo del piloto del M\\u00f3dulo de Salud GSL, implementado en octubre y noviembre, destacando avances, aprendizajes y coordinaci\\u00f3n\\u00a0intersectorial.\"}]}],\"documento\":\"ppt-gestion-social-local-cierre-ano-2024.pdf\",\"modulo\":\"4\",\"type\":\"documentos\",\"enabled\":true,\"date\":\"2025-01-15 22:45\"},{\"id\":\"m5ynx607\",\"titulo\":\"Gesti\\u00f3n Social Local - Cierre A\\u00f1o 2024\",\"resumen\":[{\"type\":\"paragraph\",\"attrs\":{\"textAlign\":\"left\"},\"content\":[{\"type\":\"text\",\"text\":\"La presentaci\\u00f3n detalla los logros de GSL en 2024, como la implementaci\\u00f3n de m\\u00f3dulos, avances en intersectorialidad y desaf\\u00edos para 2025, destacando la expansi\\u00f3n\\u00a0de\\u00a0GSL\\u00a0Salud.\"}]}],\"documento\":\"ppt-gestion-social-local-cierre-ano-2024.pdf\",\"modulo\":\"1\",\"type\":\"documentos\",\"enabled\":true,\"date\":\"2025-01-15 22:45\"},{\"id\":\"m5ynxzat\",\"titulo\":\"Trayectoria y Evaluaci\\u00f3n de Gesti\\u00f3n Social Local (GSL) 2018 -2021\",\"resumen\":[{\"type\":\"paragraph\",\"attrs\":{\"textAlign\":\"left\"},\"content\":[{\"type\":\"text\",\"text\":\"Resumen: Implementaci\\u00f3n en Chile de la metodolog\\u00eda Gesti\\u00f3n Social Local (GSL), destinada a optimizar la forma en la que se proveen los servicios sociales financiados por el Estado, a trav\\u00e9s del v\\u00ednculo m\\u00e1s directo que tienen los ciudadanos\\/as con la\\u00a0municipalidad.\"}]}],\"documento\":\"trayectoria-y-evaluacion-de-gsl-en-chile.pdf\",\"modulo\":\"1\",\"type\":\"documentos\",\"enabled\":true,\"date\":\"2025-01-15 22:45\"},{\"id\":\"m5yo0pad\",\"titulo\":\"Gesti\\u00f3n Social Local (GSL) - Trayectoria y Evaluaci\\u00f3n 2018-2021\",\"resumen\":[{\"type\":\"paragraph\",\"attrs\":{\"textAlign\":\"left\"},\"content\":[{\"type\":\"text\",\"text\":\"La presentaci\\u00f3n resume los avances de GSL entre 2018 y 2021, destacando su implementaci\\u00f3n, evaluaci\\u00f3n, aprendizajes clave y recomendaciones para mejorar la gesti\\u00f3n social municipal y la coordinaci\\u00f3n\\u00a0intersectorial.\"}]}],\"documento\":\"principales-resultados-pdf.pdf\",\"modulo\":\"1\",\"type\":\"documentos\",\"enabled\":true,\"date\":\"2025-01-15 22:45\"}],\"video_tutorial\":[],\"updated_by\":\"9d98e0fa-f033-4f3a-af91-625124ec49f1\"}', '2025-01-16 00:56:12', '2025-04-25 14:26:18'),
('asistencia-tecnica', 'default', NULL, 1, 'asistencia-tecnica', '/asistencia-tecnica', NULL, NULL, 'asistencia_tecnica', 'asistencia-tecnica', '{\"title\":\"Asistencia T\\u00e9cnica\",\"template\":\"asistencia_tecnica\",\"author\":\"\",\"updated_by\":\"9d98e0fa-f033-4f3a-af91-625124ec49f1\",\"date_behavior\":{\"past\":\"public\",\"future\":\"private\"},\"documento\":[],\"pdf\":\"metodologia\\/guia-at-modulo-base-municipal.pdf\",\"content\":\"Tanto la instalaci\\u00f3n como el funcionamiento de GSL requiere de un programa de capacitaci\\u00f3n continua, \\norganizado a trav\\u00e9s de un curr\\u00edculo b\\u00e1sico y com\\u00fan para todos los\\/as participantes, basado en el \\nModelo Centrado en Persona, desarrollado mediante un proceso denominado Asistencia T\\u00e9cnica.\\n\\nLa** gu\\u00eda metodol\\u00f3gica para la funci\\u00f3n de Asistente T\\u00e9cnico GSL**, detalla todas y cada una de las \\nactividades que est\\u00e1 previsto realizar para la instalaci\\u00f3n del M\\u00f3dulo Base Municipal GSL en las \\nmunicipalidades. Adem\\u00e1s, se complementa con distintos Anexos y Materiales de Trabajo (en adelante \\nMT) que presentan, describen y ejemplifican cada herramienta utilizada durante el proceso de \\nAsistencia T\\u00e9cnica\",\"etapas\":[{\"id\":\"m5ymvfor\",\"etapa_titulo\":\"Preparaci\\u00f3n e inicio\",\"etapa_icono\":\"flecha_derecha_2\",\"etapa_anexos\":[\"metodologia\\/etapas\\/1.-bienvenida-modulo-base-gsl.pptx\",\"metodologia\\/etapas\\/1.-datos_contraparte-municipal.xlsx\",\"metodologia\\/etapas\\/1.-datos_equipo-directivo.xlsx\",\"metodologia\\/etapas\\/1.-datos_registro-de-funcionarios.xlsx\",\"metodologia\\/etapas\\/1.-ficha-catalogo-de-beneficios-y-servicios.docx\",\"metodologia\\/etapas\\/1.-formato_catalogo-de-beneficios-y-servicios.pptx\",\"metodologia\\/etapas\\/1.-instructivo_ficha-catalogo-b&s.pdf\",\"metodologia\\/etapas\\/1.-instructivo_registro-de-beneficiarios.pdf\",\"metodologia\\/etapas\\/1.-registro-de-beneficiarios-municipales.xlsx\",\"metodologia\\/etapas\\/1.-registro-de-catalogo-b&s.xlsx\",\"metodologia\\/etapas\\/documentos-adicionales.txt\"],\"type\":\"nueva_etapa\",\"enabled\":true},{\"id\":\"m5ymwm35\",\"etapa_titulo\":\"Dise\\u00f1o centrado en las personas\",\"etapa_icono\":\"personas_sentadas\",\"etapa_anexos\":[\"metodologia\\/etapas\\/2.-ejemplo_-ecomapa-ovalle.pdf\",\"metodologia\\/etapas\\/2.-formato_construccion-de-personas.pptx\",\"metodologia\\/etapas\\/2.-infografia_redes-de-apoyo.pdf\",\"metodologia\\/etapas\\/2.-infografia_viaje-funcionario.pdf\",\"metodologia\\/etapas\\/2.-infografia-simplificada_viaje-funcionario.pdf\",\"metodologia\\/etapas\\/2.-registro_-reconocimiento-de-actores.xlsx\",\"metodologia\\/etapas\\/2.-registro_construccion-de-persona-.xlsx\",\"metodologia\\/etapas\\/2.-registro_viaje-funcionario.xlsx\",\"metodologia\\/etapas\\/documentos-adcionales.txt\"],\"type\":\"nueva_etapa\",\"enabled\":true},{\"id\":\"m5ymxhez\",\"etapa_titulo\":\"Optimizaci\\u00f3n de procesos de gesti\\u00f3n\",\"etapa_icono\":\"escudo\",\"etapa_anexos\":[\"metodologia\\/etapas\\/3.-ejemplo_-flujo-asistencia-social.png\",\"metodologia\\/etapas\\/3.-ejemplo_-nudos-criticos-asistencia-social.pdf\",\"metodologia\\/etapas\\/3.-ejemplo_protocolo-de-atencion-y-derivacion.pdf\",\"metodologia\\/etapas\\/3.-infografia_-priorizacion-de-acciones-.pdf\",\"metodologia\\/etapas\\/3.-infografia_protocolo-de-atencion-y-derivacion.pdf\",\"metodologia\\/etapas\\/3.-registro_priorizacion-de-acciones.xlsx\",\"metodologia\\/etapas\\/3.-registro-_protocolo-de-atencion-y-derivacion.docx\"],\"type\":\"nueva_etapa\",\"enabled\":true},{\"id\":\"m5ymy7j5\",\"etapa_titulo\":\"Gesti\\u00f3n de casos\",\"etapa_icono\":\"documento\",\"etapa_anexos\":[\"metodologia\\/etapas\\/fase-4.-gestion-de-casos.txt\"],\"type\":\"nueva_etapa\",\"enabled\":true},{\"id\":\"m5ymysch\",\"etapa_titulo\":\"Plataforma GSL\",\"etapa_icono\":\"www\",\"etapa_anexos\":[\"metodologia\\/etapas\\/5.-documentos-adicionales.txt\",\"metodologia\\/etapas\\/5.-formato_certificado-de-aprobacion.pdf\",\"metodologia\\/etapas\\/5.-intructivo_-firma-acuerdo-de-confidencialidad.pdf\",\"metodologia\\/etapas\\/5.-registro_operadores-de-plataforma-gsl-mb.xlsx\"],\"type\":\"nueva_etapa\",\"enabled\":true},{\"id\":\"m5ymzmrd\",\"etapa_titulo\":\"Cierre de la instalaci\\u00f3n\",\"etapa_icono\":\"documento_check\",\"etapa_anexos\":[\"metodologia\\/etapas\\/6.-registro_-informacion-para-sesion-de-monitor.-docx.docx\",\"metodologia\\/etapas\\/6.-registro_-acta-de-monitor.docx\"],\"type\":\"nueva_etapa\",\"enabled\":true}],\"parent\":null}', '2025-01-16 00:56:12', '2025-01-16 01:13:30'),
('c1d050e1-1365-49fb-96f5-6d1067a5193a', 'default', NULL, 1, 'mantenedor-catalogos', '/mantenedor-catalogo', NULL, 1, 'mantenedor_de_catalogo', 'mantenedor_de_catalogo', '{\"title\":\"Mantenedor de cat\\u00e1logos\",\"parent\":null,\"updated_by\":\"9d98e0fa-f033-4f3a-af91-625124ec49f1\",\"documento\":[]}', '2024-12-02 11:43:11', '2024-12-02 11:43:11'),
('moderador-catalogos', 'default', NULL, 1, 'moderador-catalogos', '/moderador-catalogos', NULL, 1, 'moderador_catalogos', 'moderador_catalogo', '{\"title\":\"Moderador de cat\\u00e1logos\",\"template\":\"mantenedor_catalogos\\/moderador\",\"date_behavior\":{\"past\":\"public\",\"future\":\"private\"},\"documento\":[]}', '2025-01-16 00:56:12', '2025-01-16 00:56:12'),
('metodologia', 'default', NULL, 1, 'metodologia', '/metodologia', NULL, NULL, 'metodologia', 'metodologia', '{\"title\":\"Metodolog\\u00eda\",\"template\":\"metodologia\",\"date_behavior\":{\"past\":\"public\",\"future\":\"private\"},\"documento\":[{\"id\":\"m5yn9s0z\",\"titulo\":\"Enfoque Metodol\\u00f3gico del Dise\\u00f1o Centrado en la Persona en la Gesti\\u00f3n Social Local\",\"resumen\":[{\"type\":\"paragraph\",\"attrs\":{\"textAlign\":\"left\"},\"content\":[{\"type\":\"text\",\"text\":\"La presentaci\\u00f3n aborda el uso del Dise\\u00f1o Centrado en la Persona (DCP) en la Gesti\\u00f3n Social Local, destacando principios clave, herramientas pr\\u00e1cticas y la adaptaci\\u00f3n tecnol\\u00f3gica para ofrecer soluciones inclusivas, sostenibles y ajustadas a contextos\\u00a0locales.\"}]}],\"documento\":\"diseno-centrado-en-las-personas.pdf\",\"modulo\":\"1\",\"type\":\"documentos\",\"enabled\":true,\"date\":\"2025-04-25 11:49:52\"},{\"id\":\"m5ynb9y7\",\"titulo\":\"Kit de Herramientas\",\"documento\":\"kit-herramientas.pdf\",\"modulo\":\"1\",\"type\":\"documentos\",\"enabled\":true,\"date\":\"2025-04-25 11:44\"}],\"set_preguntas\":[{\"id\":\"m5zalhry\",\"categoria\":\"Sobre la Participaci\\u00f3n en la Asistencia T\\u00e9cnica\",\"preguntas_respuestas\":[{\"id\":\"m5zam9if\",\"pregunta\":\"\\u00bfQui\\u00e9nes deben participar en la Asistencia T\\u00e9cnica del M\\u00f3dulo Base GSL?\",\"respuesta\":[{\"type\":\"paragraph\",\"attrs\":{\"textAlign\":\"left\"},\"content\":[{\"type\":\"text\",\"text\":\"Participan los\\/as funcionarios\\/as municipales designados por la municipalidad, que incluyan a DIDECO\\/DIDESO, y los equipos de las unidades de Asistencia Social, RSH, Subsidios Sociales, y Programa Familias. Adem\\u00e1s, debe participar un\\/a funcionario\\/a quien se designar\\u00e1 como Contraparte Municipal.\"}]}],\"type\":\"pregunta_respuesta\",\"enabled\":true},{\"id\":\"m5zammzr\",\"pregunta\":\"\\u00bfQu\\u00e9 requisitos debo cumplir para ser parte de la Asistencia T\\u00e9cnica?\",\"respuesta\":[{\"type\":\"paragraph\",\"attrs\":{\"textAlign\":\"left\"},\"content\":[{\"type\":\"text\",\"text\":\"Debes ser funcionaria o funcionario de las unidades que conforman el M\\u00f3dulo Base, y contar con la autorizaci\\u00f3n y\\/o designaci\\u00f3n de tus jefaturas.\"}]}],\"type\":\"pregunta_respuesta\",\"enabled\":true},{\"id\":\"m5zanotr\",\"pregunta\":\"\\u00bfQu\\u00e9 hago si no puedo asistir a una sesi\\u00f3n programada?\",\"respuesta\":[{\"type\":\"paragraph\",\"attrs\":{\"textAlign\":\"left\"},\"content\":[{\"type\":\"text\",\"text\":\"Es importante informar con antelaci\\u00f3n a la Contraparte Municipal o al\\/la Asistente T\\u00e9cnico para buscar una alternativa de participaci\\u00f3n.\"}]}],\"type\":\"pregunta_respuesta\",\"enabled\":true},{\"id\":\"m5zaob9r\",\"pregunta\":\"\\u00bfCu\\u00e1nto tiempo dura el proceso de Asistencia T\\u00e9cnica?\",\"respuesta\":[{\"type\":\"paragraph\",\"attrs\":{\"textAlign\":\"left\"},\"content\":[{\"type\":\"text\",\"text\":\"El proceso tiene una duraci\\u00f3n aproximada de 8 semanas, organizadas en 6 fases.\"}]}],\"type\":\"pregunta_respuesta\",\"enabled\":true},{\"id\":\"m5zat4rk\",\"pregunta\":\"\\u00bfC\\u00f3mo puedo consultar dudas o consultas durante la Asistencia T\\u00e9cnica?\",\"respuesta\":[{\"type\":\"paragraph\",\"attrs\":{\"textAlign\":\"left\"},\"content\":[{\"type\":\"text\",\"text\":\"Puedes comunicarlas directamente al\\/la Asistente T\\u00e9cnico durante las sesiones o a trav\\u00e9s de la Contraparte Municipal. Tambi\\u00e9n puedes utilizar los canales establecidos, como correos o formularios destinados a este fin.\"}]}],\"type\":\"pregunta_respuesta\",\"enabled\":true}],\"type\":\"nuevo_conjunto\",\"enabled\":true},{\"id\":\"m5zatgi7\",\"categoria\":\"Sobre el Proceso de Capacitaci\\u00f3n\",\"preguntas_respuestas\":[{\"id\":\"m5zatzz4\",\"pregunta\":\"\\u00bfQu\\u00e9 actividades incluye el proceso de capacitaci\\u00f3n?\",\"respuesta\":[{\"type\":\"paragraph\",\"attrs\":{\"textAlign\":\"left\"},\"content\":[{\"type\":\"text\",\"text\":\"Combina sesiones virtuales, m\\u00f3dulos de e-learning, actividades grupales, trabajo individual y tutor\\u00edas, seg\\u00fan el perfil de Asistencia T\\u00e9cnica asignado.\"}]}],\"type\":\"pregunta_respuesta\",\"enabled\":true},{\"id\":\"m5zaucns\",\"pregunta\":\"\\u00bfQu\\u00e9 hago si tengo dificultades para acceder a la plataforma Moodle?\",\"respuesta\":[{\"type\":\"paragraph\",\"attrs\":{\"textAlign\":\"left\"},\"content\":[{\"type\":\"text\",\"text\":\"Notifica al\\/la Asistente T\\u00e9cnico o a la Contraparte Municipal para recibir apoyo t\\u00e9cnico.\"}]}],\"type\":\"pregunta_respuesta\",\"enabled\":true},{\"id\":\"m5zauqgf\",\"pregunta\":\"\\u00bfCu\\u00e1nto tiempo debo dedicar semanalmente a las actividades?\",\"respuesta\":[{\"type\":\"paragraph\",\"attrs\":{\"textAlign\":\"left\"},\"content\":[{\"type\":\"text\",\"text\":\"Se espera que dediques entre 2 y 4 horas semanales dentro de tu jornada laboral.\"}]}],\"type\":\"pregunta_respuesta\",\"enabled\":true},{\"id\":\"m5zav1of\",\"pregunta\":\"\\u00bfQu\\u00e9 ocurre si no completo los m\\u00f3dulos de e-learning a tiempo?\",\"respuesta\":[{\"type\":\"paragraph\",\"attrs\":{\"textAlign\":\"left\"},\"content\":[{\"type\":\"text\",\"text\":\"Debes informar al\\/la Asistente T\\u00e9cnico para coordinar un plan de recuperaci\\u00f3n y cumplir con tu proceso para obtenci\\u00f3n de certificaci\\u00f3n.\"}]}],\"type\":\"pregunta_respuesta\",\"enabled\":true},{\"id\":\"m5zavb8n\",\"pregunta\":\"\\u00bfEsta capacitaci\\u00f3n cuenta con certificaci\\u00f3n?\",\"respuesta\":[{\"type\":\"paragraph\",\"attrs\":{\"textAlign\":\"left\"},\"content\":[{\"type\":\"text\",\"text\":\"Obtendr\\u00e1s un certificado emitido por el Ministerio de Desarrollo Social y Familia, que acredita las actividades realizadas y los cr\\u00e9ditos obtenidos, lo que te habilitar\\u00e1 como Operador\\/a GSL.\"}]}],\"type\":\"pregunta_respuesta\",\"enabled\":true}],\"type\":\"nuevo_conjunto\",\"enabled\":true},{\"id\":\"m5zavynr\",\"categoria\":\"Sobre la Implementaci\\u00f3n del M\\u00f3dulo Base GSL\",\"preguntas_respuestas\":[{\"id\":\"m5zaw0uq\",\"pregunta\":\"\\u00bfQu\\u00e9 unidades municipales se integran al M\\u00f3dulo Base GSL?\",\"respuesta\":[{\"type\":\"paragraph\",\"attrs\":{\"textAlign\":\"left\"},\"content\":[{\"type\":\"text\",\"text\":\"Como parte fundamental, se integran las unidades de Asistencia Social, Registro Social de Hogares, Subsidios Sociales, y el Programa Familias. Adicionalmente se pueden integrar unidades que desempe\\u00f1en roles estrat\\u00e9gicos en la Municipalidad, evaluando la participaci\\u00f3n en conjunto al\\/a la Asistente T\\u00e9cnico.\"}]}],\"type\":\"pregunta_respuesta\",\"enabled\":true},{\"id\":\"m5zawc5k\",\"pregunta\":\"\\u00bfQu\\u00e9 significa el concepto de \\u2018tiempo protegido\\u2019?\",\"respuesta\":[{\"type\":\"paragraph\",\"attrs\":{\"textAlign\":\"left\"},\"content\":[{\"type\":\"text\",\"text\":\"Es el tiempo dentro de tu jornada laboral que la Municipalidad debe garantizar para la realizaci\\u00f3n de las actividades de la Asistencia T\\u00e9cnica.\"}]}],\"type\":\"pregunta_respuesta\",\"enabled\":true},{\"id\":\"m5zawnxk\",\"pregunta\":\"\\u00bfQu\\u00e9 instrumentos se utilizan en el M\\u00f3dulo Base GSL?\",\"respuesta\":[{\"type\":\"paragraph\",\"attrs\":{\"textAlign\":\"left\"},\"content\":[{\"type\":\"text\",\"text\":\"El Screening Social, el Cat\\u00e1logo Local de Beneficios y Servicios, y los Protocolos de Atenci\\u00f3n.\"}]}],\"type\":\"pregunta_respuesta\",\"enabled\":true},{\"id\":\"m5zawyw7\",\"pregunta\":\"\\u00bfC\\u00f3mo se definen los perfiles de usuario en el M\\u00f3dulo Base?\",\"respuesta\":[{\"type\":\"paragraph\",\"attrs\":{\"textAlign\":\"left\"},\"content\":[{\"type\":\"text\",\"text\":\"Seg\\u00fan tus funciones actuales y el rol asignado para el funcionamiento de los mesones en el M\\u00f3dulo Base.\"}]}],\"type\":\"pregunta_respuesta\",\"enabled\":true},{\"id\":\"m5zax9sn\",\"pregunta\":\"\\u00bfQu\\u00e9 debo hacer si mis funciones cambian durante el proceso?\",\"respuesta\":[{\"type\":\"paragraph\",\"attrs\":{\"textAlign\":\"left\"},\"content\":[{\"type\":\"text\",\"text\":\"Notificar a la Contraparte Municipal y al\\/la Asistente T\\u00e9cnico para ajustar tu perfil y responsabilidades.\"}]}],\"type\":\"pregunta_respuesta\",\"enabled\":true}],\"type\":\"nuevo_conjunto\",\"enabled\":true},{\"id\":\"m5zaxjmv\",\"categoria\":\"Sobre el Rol de Operador\\/a GSL\",\"preguntas_respuestas\":[{\"id\":\"m5zaxqwo\",\"pregunta\":\"\\u00bfQu\\u00e9 responsabilidades tengo como Operador\\/a GSL?\",\"respuesta\":[{\"type\":\"paragraph\",\"attrs\":{\"textAlign\":\"left\"},\"content\":[{\"type\":\"text\",\"text\":\"Si bien dependen del perfil asignado, la responsabilidad es el uso y manejo de informaci\\u00f3n sensible, pero pueden incluir atenci\\u00f3n de p\\u00fablico, gesti\\u00f3n de casos, uso de la plataforma, y seguimiento de derivaciones.\"}]}],\"type\":\"pregunta_respuesta\",\"enabled\":true},{\"id\":\"m5zay6pc\",\"pregunta\":\"\\u00bfC\\u00f3mo accedo a la plataforma GSL?\",\"respuesta\":[{\"type\":\"paragraph\",\"attrs\":{\"textAlign\":\"left\"},\"content\":[{\"type\":\"text\",\"text\":\"Recibir\\u00e1s una clave personal para ingresar a la plataforma, que se habilita una vez finalizado el proceso de capacitaci\\u00f3n.\"}]}],\"type\":\"pregunta_respuesta\",\"enabled\":true},{\"id\":\"m5zaye68\",\"pregunta\":\"\\u00bfQu\\u00e9 ocurre si olvido mi contrase\\u00f1a de la plataforma?\",\"respuesta\":[{\"type\":\"paragraph\",\"attrs\":{\"textAlign\":\"left\"},\"content\":[{\"type\":\"text\",\"text\":\"Debes comunicarte con el\\/la Administrador\\/a GSL o con soporte t\\u00e9cnico para restablecerla.\"}]}],\"type\":\"pregunta_respuesta\",\"enabled\":true},{\"id\":\"m5zb25np\",\"pregunta\":\"\\u00bfC\\u00f3mo realizo derivaciones en el sistema GSL?\",\"respuesta\":[{\"type\":\"orderedList\",\"attrs\":{\"start\":16,\"type\":\"1\"},\"content\":[{\"type\":\"listItem\",\"content\":[{\"type\":\"paragraph\",\"attrs\":{\"textAlign\":\"left\"},\"content\":[{\"type\":\"text\",\"text\":\"Las derivaciones en el sistema GSL se realizan utilizando el \"},{\"type\":\"text\",\"marks\":[{\"type\":\"bold\"}],\"text\":\"Sistema de Derivaci\\u00f3n\"},{\"type\":\"text\",\"text\":\", una herramienta integrada en la plataforma que permite gestionar referencias y contrarreferencias de usuarios\\/as entre diferentes unidades municipales y otros servicios. Para realizar una derivaci\\u00f3n, sigue estos pasos:\"}]}]}]},{\"type\":\"paragraph\",\"attrs\":{\"textAlign\":\"justify\"},\"content\":[{\"type\":\"text\",\"marks\":[{\"type\":\"bold\"}],\"text\":\"Accede al perfil de usuario\\/a:\"}]},{\"type\":\"paragraph\",\"attrs\":{\"textAlign\":\"justify\"},\"content\":[{\"type\":\"text\",\"text\":\"Ingresa a la plataforma GSL con tus credenciales y busca el caso del usuario\\/a utilizando su RUT o nombre completo. Esto abrir\\u00e1 el expediente virtual del caso.\"}]},{\"type\":\"paragraph\",\"attrs\":{\"textAlign\":\"justify\"},\"content\":[{\"type\":\"text\",\"marks\":[{\"type\":\"bold\"}],\"text\":\"Eval\\u00faa la necesidad de derivaci\\u00f3n:\"}]},{\"type\":\"paragraph\",\"attrs\":{\"textAlign\":\"justify\"},\"content\":[{\"type\":\"text\",\"text\":\"Verifica el motivo de la solicitud o la necesidad identificada en el \"},{\"type\":\"text\",\"marks\":[{\"type\":\"bold\"}],\"text\":\"Screening Social Com\\u00fan\"},{\"type\":\"text\",\"text\":\". Aseg\\u00farate de que la intervenci\\u00f3n requerida no pueda ser atendida por tu unidad.\"}]},{\"type\":\"paragraph\",\"attrs\":{\"textAlign\":\"justify\"},\"content\":[{\"type\":\"text\",\"marks\":[{\"type\":\"bold\"}],\"text\":\"Selecciona la unidad de destino:\"}]},{\"type\":\"paragraph\",\"attrs\":{\"textAlign\":\"justify\"},\"content\":[{\"type\":\"text\",\"text\":\"En el sistema, selecciona la unidad o servicio m\\u00e1s adecuado para atender la solicitud del usuario\\/a. Esto puede ser otra unidad municipal o un servicio externo, seg\\u00fan lo establecido en los \"},{\"type\":\"text\",\"marks\":[{\"type\":\"bold\"}],\"text\":\"Protocolos de Atenci\\u00f3n GSL\"},{\"type\":\"text\",\"text\":\".\"}]},{\"type\":\"paragraph\",\"attrs\":{\"textAlign\":\"justify\"},\"content\":[{\"type\":\"text\",\"marks\":[{\"type\":\"bold\"}],\"text\":\"Completa la informaci\\u00f3n de la derivaci\\u00f3n:\"}]},{\"type\":\"paragraph\",\"attrs\":{\"textAlign\":\"justify\"},\"content\":[{\"type\":\"text\",\"text\":\"Rellena el formulario de derivaci\\u00f3n en la plataforma, especificando:\"}]},{\"type\":\"paragraph\",\"attrs\":{\"textAlign\":\"justify\"},\"content\":[{\"type\":\"text\",\"text\":\"Motivo de la derivaci\\u00f3n.\"}]},{\"type\":\"paragraph\",\"attrs\":{\"textAlign\":\"justify\"},\"content\":[{\"type\":\"text\",\"text\":\"Detalles relevantes del caso.\"}]},{\"type\":\"paragraph\",\"attrs\":{\"textAlign\":\"justify\"},\"content\":[{\"type\":\"text\",\"marks\":[{\"type\":\"bold\"}],\"text\":\"Env\\u00eda la derivaci\\u00f3n y confirma recepci\\u00f3n:\"}]},{\"type\":\"paragraph\",\"attrs\":{\"textAlign\":\"justify\"},\"content\":[{\"type\":\"text\",\"text\":\"Env\\u00eda la solicitud y verifica que la unidad receptora haya recibido la notificaci\\u00f3n a trav\\u00e9s del sistema. El sistema genera un aviso autom\\u00e1tico, pero tambi\\u00e9n puedes confirmar manualmente.\"}]},{\"type\":\"paragraph\",\"attrs\":{\"textAlign\":\"justify\"},\"content\":[{\"type\":\"text\",\"marks\":[{\"type\":\"bold\"}],\"text\":\"Monitorea la contrarreferencia:\"}]},{\"type\":\"paragraph\",\"attrs\":{\"textAlign\":\"justify\"},\"content\":[{\"type\":\"text\",\"text\":\"Una vez que el caso sea atendido, la unidad receptora debe generar una contrarreferencia en la plataforma, indicando las acciones realizadas y los resultados obtenidos. Este proceso asegura el cierre adecuado de la derivaci\\u00f3n.\"}]}],\"type\":\"pregunta_respuesta\",\"enabled\":true},{\"id\":\"m5zb2dst\",\"pregunta\":\"\\u00bfQu\\u00e9 hago si encuentro errores en la informaci\\u00f3n de un caso?\",\"respuesta\":[{\"type\":\"paragraph\",\"attrs\":{\"textAlign\":\"left\"},\"content\":[{\"type\":\"text\",\"text\":\"Notifica al\\/la Administrador\\/a GSL para corregir los datos en la plataforma.\"}]}],\"type\":\"pregunta_respuesta\",\"enabled\":true}],\"type\":\"nuevo_conjunto\",\"enabled\":true},{\"id\":\"m5zb3drc\",\"categoria\":\"Sobre el Seguimiento y Monitoreo\",\"preguntas_respuestas\":[{\"id\":\"m5zb3gxn\",\"pregunta\":\"\\u00bfQu\\u00e9 actividades de seguimiento se realizan despu\\u00e9s de la implementaci\\u00f3n?\",\"respuesta\":[{\"type\":\"paragraph\",\"attrs\":{\"textAlign\":\"left\"},\"content\":[{\"type\":\"text\",\"text\":\"Incluyen monitoreo peri\\u00f3dico del uso del M\\u00f3dulo Base, revisiones de casos y evaluaci\\u00f3n del impacto.\"}]}],\"type\":\"pregunta_respuesta\",\"enabled\":true},{\"id\":\"m5zb3w2f\",\"pregunta\":\"\\u00bfQui\\u00e9n realiza el monitoreo de las actividades?\",\"respuesta\":[{\"type\":\"paragraph\",\"attrs\":{\"textAlign\":\"left\"},\"content\":[{\"type\":\"text\",\"text\":\"El equipo t\\u00e9cnico del Ministerio de Desarrollo Social y Familia en su nivel central y regional, con apoyo del\\/la Asistente T\\u00e9cnico designado para apoyar el desempe\\u00f1o de la Municipalidad y la Contraparte Municipal, adem\\u00e1s de las autoridades como DIDECO\\/DIDESO.\"}]}],\"type\":\"pregunta_respuesta\",\"enabled\":true},{\"id\":\"m5zb4ek6\",\"pregunta\":\"\\u00bfQu\\u00e9 indicadores se utilizan para evaluar el desempe\\u00f1o del GSL?\",\"respuesta\":[{\"type\":\"paragraph\",\"attrs\":{\"textAlign\":\"left\"},\"content\":[{\"type\":\"text\",\"text\":\"El desempe\\u00f1o del GSL se eval\\u00faa utilizando indicadores que permiten medir tanto la calidad de la atenci\\u00f3n como la eficiencia en la gesti\\u00f3n de casos sociales. Dentro de estos, destacan los \"},{\"type\":\"text\",\"marks\":[{\"type\":\"bold\"}],\"text\":\"indicadores de uso de la plataforma GSL\"},{\"type\":\"text\",\"text\":\", los cuales reflejan el grado de adopci\\u00f3n y efectividad del sistema por parte de los\\/as funcionarios\\/as municipales.\"}]}],\"type\":\"pregunta_respuesta\",\"enabled\":true},{\"id\":\"m5zb4uiw\",\"pregunta\":\"\\u00bfC\\u00f3mo se manejan los datos sensibles en la plataforma?\",\"respuesta\":[{\"type\":\"paragraph\",\"attrs\":{\"textAlign\":\"left\"},\"content\":[{\"type\":\"text\",\"text\":\"El manejo de datos sensibles en la plataforma GSL se realiza bajo estrictos protocolos de confidencialidad y seguridad para proteger la informaci\\u00f3n personal y social de los usuarios\\/as. Estos datos incluyen antecedentes del \"},{\"type\":\"text\",\"marks\":[{\"type\":\"bold\"}],\"text\":\"Screening Social\"},{\"type\":\"text\",\"text\":\", el historial de intervenciones, y cualquier otra informaci\\u00f3n proporcionada durante la atenci\\u00f3n.\"}]},{\"type\":\"paragraph\",\"attrs\":{\"textAlign\":\"justify\"},\"content\":[{\"type\":\"text\",\"text\":\"Es obligatorio que todos\\/as los\\/as Operadores GSL suscriban un \"},{\"type\":\"text\",\"marks\":[{\"type\":\"bold\"}],\"text\":\"Acuerdo de Confidencialidad\"},{\"type\":\"text\",\"text\":\", el cual establece compromisos claros sobre:\"}]},{\"type\":\"paragraph\",\"attrs\":{\"textAlign\":\"justify\"},\"content\":[{\"type\":\"text\",\"marks\":[{\"type\":\"bold\"}],\"text\":\"Uso adecuado de la informaci\\u00f3n:\"}]},{\"type\":\"paragraph\",\"attrs\":{\"textAlign\":\"justify\"},\"content\":[{\"type\":\"text\",\"text\":\"La informaci\\u00f3n s\\u00f3lo puede ser utilizada para los fines establecidos en el proceso de atenci\\u00f3n y gesti\\u00f3n social, limit\\u00e1ndose estrictamente al caso asignado.\"}]},{\"type\":\"paragraph\",\"attrs\":{\"textAlign\":\"justify\"},\"content\":[{\"type\":\"text\",\"marks\":[{\"type\":\"bold\"}],\"text\":\"Resguardo de la privacidad:\"}]},{\"type\":\"paragraph\",\"attrs\":{\"textAlign\":\"justify\"},\"content\":[{\"type\":\"text\",\"text\":\"Se deben implementar medidas para evitar el acceso no autorizado a la informaci\\u00f3n, como el uso de contrase\\u00f1as individuales e intransferibles y el cierre de sesiones despu\\u00e9s de utilizar la plataforma.\"}]},{\"type\":\"paragraph\",\"attrs\":{\"textAlign\":\"justify\"},\"content\":[{\"type\":\"text\",\"marks\":[{\"type\":\"bold\"}],\"text\":\"Prohibici\\u00f3n de compartir datos sin autorizaci\\u00f3n:\"}]},{\"type\":\"paragraph\",\"attrs\":{\"textAlign\":\"justify\"},\"content\":[{\"type\":\"text\",\"text\":\"La divulgaci\\u00f3n de datos sensibles est\\u00e1 restringida \\u00fanicamente a las personas y unidades que participan directamente en el caso, seg\\u00fan los Protocolos de Atenci\\u00f3n.\"}]},{\"type\":\"paragraph\",\"attrs\":{\"textAlign\":\"justify\"},\"content\":[{\"type\":\"text\",\"marks\":[{\"type\":\"bold\"}],\"text\":\"Sanciones en caso de incumplimiento:\"}]},{\"type\":\"paragraph\",\"attrs\":{\"textAlign\":\"justify\"},\"content\":[{\"type\":\"text\",\"text\":\"El acuerdo de confidencialidad detalla las consecuencias legales y administrativas de no cumplir con los t\\u00e9rminos de confidencialidad.\"}]}],\"type\":\"pregunta_respuesta\",\"enabled\":true},{\"id\":\"m5zb5bmf\",\"pregunta\":\"\\u00bfQu\\u00e9 debo hacer si tengo dudas sobre el uso del sistema despu\\u00e9s de la capacitaci\\u00f3n?\",\"respuesta\":[{\"type\":\"paragraph\",\"attrs\":{\"textAlign\":\"left\"},\"content\":[{\"type\":\"text\",\"text\":\"Puedes solicitar apoyo al\\/la Administrador\\/a GSL o al equipo de soporte t\\u00e9cnico.\"}]}],\"type\":\"pregunta_respuesta\",\"enabled\":true}],\"type\":\"nuevo_conjunto\",\"enabled\":true},{\"id\":\"m5zb5vmv\",\"categoria\":\"Sobre la Certificaci\\u00f3n y Resultados\",\"preguntas_respuestas\":[{\"id\":\"m5zb63yo\",\"pregunta\":\"\\u00bfQu\\u00e9 requisitos debo cumplir para obtener la certificaci\\u00f3n?\",\"respuesta\":[{\"type\":\"paragraph\",\"attrs\":{\"textAlign\":\"left\"},\"content\":[{\"type\":\"text\",\"text\":\"Completar todas las actividades asignadas, asistir a las sesiones y aprobar los m\\u00f3dulos de e-learning.\"}]}],\"type\":\"pregunta_respuesta\",\"enabled\":true},{\"id\":\"m5zb6lns\",\"pregunta\":\"\\u00bfPuedo perder mi certificaci\\u00f3n si cambio de unidad?\",\"respuesta\":[{\"type\":\"paragraph\",\"attrs\":{\"textAlign\":\"left\"},\"content\":[{\"type\":\"text\",\"text\":\"No, pero debes actualizar tu perfil en el sistema si tus funciones cambian.\"}]}],\"type\":\"pregunta_respuesta\",\"enabled\":true},{\"id\":\"m5zb6vqw\",\"pregunta\":\"\\u00bfQu\\u00e9 beneficios aporta el M\\u00f3dulo Base GSL a los\\/as funcionarios\\/as?\",\"respuesta\":[{\"type\":\"paragraph\",\"attrs\":{\"textAlign\":\"left\"},\"content\":[{\"type\":\"text\",\"text\":\"El M\\u00f3dulo Base GSL ofrece beneficios a los usuarios\\/as mediante una atenci\\u00f3n m\\u00e1s integral, \\u00e1gil y personalizada. Esto se logra a trav\\u00e9s de la capacitaci\\u00f3n constante de los\\/as funcionarios\\/as municipales, quienes adquieren herramientas y competencias para optimizar sus intervenciones.\"}]}],\"type\":\"pregunta_respuesta\",\"enabled\":true},{\"id\":\"m5zb76eg\",\"pregunta\":\"\\u00bfQu\\u00e9 hago si necesito apoyo adicional despu\\u00e9s de la implementaci\\u00f3n?\",\"respuesta\":[{\"type\":\"paragraph\",\"attrs\":{\"textAlign\":\"left\"},\"content\":[{\"type\":\"text\",\"text\":\"Si necesitas apoyo adicional despu\\u00e9s de la implementaci\\u00f3n del M\\u00f3dulo Base GSL, puedes recurrir a diferentes instancias dise\\u00f1adas para garantizar un acompa\\u00f1amiento continuo:\"}]},{\"type\":\"paragraph\",\"attrs\":{\"textAlign\":\"justify\"},\"content\":[{\"type\":\"text\",\"marks\":[{\"type\":\"bold\"}],\"text\":\"Asesoramiento del Asistente T\\u00e9cnico:\"}]},{\"type\":\"paragraph\",\"attrs\":{\"textAlign\":\"justify\"},\"content\":[{\"type\":\"text\",\"text\":\"Cada municipalidad cuenta con un\\/a Asistente T\\u00e9cnico asignado\\/a por el Ministerio de Desarrollo Social y Familia. Este\\/a profesional es responsable de monitorear constantemente el desempe\\u00f1o del equipo municipal en la operaci\\u00f3n del M\\u00f3dulo Base GSL y brindar asesor\\u00eda personalizada para resolver dudas o problemas que puedan surgir. Puedes comunicarte directamente con \\u00e9l\\/ella para recibir orientaci\\u00f3n.\"}]},{\"type\":\"paragraph\",\"attrs\":{\"textAlign\":\"justify\"},\"content\":[{\"type\":\"text\",\"marks\":[{\"type\":\"bold\"}],\"text\":\"Soporte t\\u00e9cnico de la plataforma GSL:\"}]},{\"type\":\"paragraph\",\"attrs\":{\"textAlign\":\"justify\"},\"content\":[{\"type\":\"text\",\"text\":\"En caso de problemas relacionados con el uso de la plataforma, como accesos, carga de datos o funciones espec\\u00edficas, puedes contactar al soporte t\\u00e9cnico a trav\\u00e9s de los canales establecidos.\"}]},{\"type\":\"paragraph\",\"attrs\":{\"textAlign\":\"justify\"},\"content\":[{\"type\":\"text\",\"marks\":[{\"type\":\"bold\"}],\"text\":\"Contraparte Municipal:\"}]},{\"type\":\"paragraph\",\"attrs\":{\"textAlign\":\"justify\"},\"content\":[{\"type\":\"text\",\"text\":\"La Contraparte Municipal es otro punto de apoyo clave. Su funci\\u00f3n incluye coordinar internamente los procesos relacionados con GSL y gestionar la comunicaci\\u00f3n entre los\\/as funcionarios\\/as y el equipo de Asistencia T\\u00e9cnica.\"}]},{\"type\":\"paragraph\",\"attrs\":{\"textAlign\":\"justify\"},\"content\":[{\"type\":\"text\",\"marks\":[{\"type\":\"bold\"}],\"text\":\"Capacitaci\\u00f3n y recursos adicionales:\"}]},{\"type\":\"paragraph\",\"attrs\":{\"textAlign\":\"justify\"},\"content\":[{\"type\":\"text\",\"text\":\"Si identificas \\u00e1reas donde necesitas reforzar tus conocimientos o habilidades, puedes solicitar nuevas sesiones de capacitaci\\u00f3n y tutor\\u00edas espec\\u00edficas.\"}]},{\"type\":\"paragraph\",\"attrs\":{\"textAlign\":\"justify\"},\"content\":[{\"type\":\"text\",\"marks\":[{\"type\":\"bold\"}],\"text\":\"Monitoreo y retroalimentaci\\u00f3n:\"}]},{\"type\":\"paragraph\",\"attrs\":{\"textAlign\":\"justify\"},\"content\":[{\"type\":\"text\",\"text\":\"El desempe\\u00f1o del equipo municipal es evaluado peri\\u00f3dicamente. Estas evaluaciones incluyen retroalimentaci\\u00f3n que puede ser utilizada para ajustar los procesos y mejorar la calidad de la atenci\\u00f3n ofrecida a los usuarios\\/as.\"}]},{\"type\":\"paragraph\",\"attrs\":{\"textAlign\":\"justify\"},\"content\":[{\"type\":\"text\",\"text\":\"\\u00a0\"}]}],\"type\":\"pregunta_respuesta\",\"enabled\":true}],\"type\":\"nuevo_conjunto\",\"enabled\":true}],\"updated_by\":\"9d47178d-45dc-4101-80c3-4b070b1e1797\"}', '2025-01-16 00:56:12', '2025-04-25 15:49:52'),
('jornada', 'default', NULL, 1, 'jornada', '/jornada', NULL, 1, 'jornada', 'jornada', '{\"title\":\"Jornada 2025\",\"template\":\"jornada_index\",\"date_behavior\":{\"past\":\"public\",\"future\":\"private\"},\"documento\":[],\"saludos\":[\"saludo-ministra---jornada-gsl---15-y-16-enero-2025.mov\",\"saludo-seremi-biobio.mp4\"],\"documentos_pdf\":[\"monitor-gsl.pdf\",\"chile-cuida---gsl.pdf\",\"centro-de-recursos.pdf\",\"recorrido-gsl.pdf\",\"tips---estrategias-de-revinculacion-y-expansion.pdf\",\"ecosistema-digital.pdf\",\"buenas-practicas---la-araucania.pdf\",\"buenas-practicas-bio-bio.pdf\",\"gsl-salud-estrategia-intersectorial-escalabilidad-y-desafios-de-la-instalacion.pdf\"],\"registros\":[\"img_1990.mov\",\"img_1991.mov\",\"img_1992.mov\",\"img_1993.mov\",\"img_1994.mov\",\"img_1995.mov\",\"img_1996.mov\",\"img_1997.mov\",\"img_1998.mov\",\"img_2001.mov\"],\"updated_by\":\"9d98e0fa-f033-4f3a-af91-625124ec49f1\",\"videos\":[\"img_1991.mov\",\"img_1992.mov\",\"img_1997.mov\"],\"fotos\":[\"whatsapp-image-2025-01-17-at-18.10.16-(1).jpeg\",\"whatsapp-image-2025-01-17-at-18.10.45-(1).jpeg\",\"whatsapp-image-2025-01-17-at-18.11.41-(1).jpeg\",\"whatsapp-image-2025-01-17-at-18.11.41-(2).jpeg\",\"whatsapp-image-2025-01-17-at-18.11.41.jpeg\",\"whatsapp-image-2025-01-17-at-18.11.42-(1).jpeg\",\"whatsapp-image-2025-01-17-at-18.11.42-(2).jpeg\",\"whatsapp-image-2025-01-17-at-18.11.42-(3).jpeg\",\"whatsapp-image-2025-01-17-at-18.11.42.jpeg\",\"whatsapp-image-2025-01-17-at-18.11.43.jpeg\",\"whatsapp-image-2025-01-17-at-18.12.01.jpeg\",\"whatsapp-image-2025-01-17-at-18.17.20-(1).jpeg\",\"whatsapp-image-2025-01-17-at-18.17.20-(2).jpeg\"],\"resumenes_regionales\":[\"ppt-jornada-gsl-tarapaca.pdf\",\"ppt-jornada-gsl-antofagasta.pdf\",\"ppt-jornada-gsl-arica-y-parinacota.pdf\",\"ppt-jornada-gsl-atacama.pdf\",\"ppt--jornada-gsl-biobio.pdf\",\"ppt-jornada-gsl-antofagasta.pdf\",\"ppt--jornada-gsl-los-rios.pdf\",\"ppt-jornada-gsl-araucania.pdf\",\"ppt-jornada-gsl-arica-y-parinacota.pdf\",\"ppt-jornada-gsl-atacama.pdf\",\"ppt-jornada-gsl-aysen.pdf\",\"ppt-jornada-gsl-coquimbo.pdf\",\"ppt-jornada-gsl-magallanes.pdf\",\"ppt-jornada-gsl-metropolitana.pdf\",\"ppt-jornada-gsl-nuble.pdf\",\"ppt-jornada-gsl-o\'higgins.pdf\",\"ppt-jornada-gsl-tarapaca.pdf\",\"ppt-jornada-gsl-valparaiso.pdf\",\"pptjornada-gsl-maule.pdf\"],\"participantes\":[\"buenas-practicas---la-araucania.pdf\",\"buenas-practicas-bio-bio.pdf\"]}', '2025-01-21 18:20:52', '2025-01-22 21:23:04'),
('b0cf48a5-a3d2-4eee-b3d6-167f485ceb69', 'default', NULL, 1, 'acuerdos-y-protocolos', '/mantenedor-acuerdos-protocolos', NULL, 1, 'mantenedor_acuerdos_y_protocolos', 'acuerdosProtocolos', '{\"title\":\"Acuerdos y Protocolos\",\"parent\":null,\"updated_by\":\"9d98e0fa-f033-4f3a-af91-625124ec49f1\"}', '2024-11-28 13:18:11', '2024-11-28 13:18:11'),
('f8853232-67d9-44e3-8d51-caeec2148bcc', 'default', NULL, 1, 'inicio', NULL, NULL, NULL, 'inicio', 'inicio', '{\"title\":\"Inicio\",\"author\":\"9d98e0fa-f033-4f3a-af91-625124ec49f1\",\"template\":\"home\",\"experiencias\":[{\"id\":\"mamq6v8y\",\"titulo\":\"Hilda Fuentes, I. Municipalidad\\u00a0de\\u00a0Renca\",\"video\":[\"exp-1.mp4\"],\"type\":\"nuevo_conjunto\",\"enabled\":true},{\"id\":\"mamq73tq\",\"titulo\":\"Daniela Fuente, I. Municipalidad de\\u00a0Independencia\",\"video\":[\"pieza-2---16-9.mp4\"],\"type\":\"nuevo_conjunto\",\"enabled\":true},{\"id\":\"mamq7jis\",\"titulo\":\"Exp 3\",\"video\":[\"pieza-3---16-9.mp4\"],\"type\":\"nuevo_conjunto\",\"enabled\":true}],\"updated_by\":\"9d98e0fa-f033-4f3a-af91-625124ec49f1\",\"documento\":[]}', '2025-05-13 16:28:50', '2025-05-13 16:28:50'),
('certificados', 'default', NULL, 1, 'certificados-gsl', '/certificados-gsl', NULL, 1, 'certificados_gsl', 'certificados_gsl', '{\"title\":\"Certificados GSL\",\"template\":\"certificados\",\"date_behavior\":{\"past\":\"public\",\"future\":\"private\"},\"documento\":[]}', '2025-01-16 00:56:12', '2025-01-16 00:56:12'),
('protocolos', 'default', NULL, 1, 'acuerdos-protocolos', '/acuerdos-protocolos', NULL, 1, 'acuerdos_protocolos', 'acuerdos_protocolos', '{\"title\":\"Acuerdos y Protocolos\",\"template\":\"mantenedor_acuerdos_protocolos\",\"date_behavior\":{\"past\":\"public\",\"future\":\"private\"},\"documento\":[]}', '2025-01-16 00:56:12', '2025-01-16 00:56:12'),
('estadisticas', 'default', NULL, 1, 'estadisticas', '/estadistica', NULL, 1, 'estadisticas', 'estadisticas', '{\"title\":\"Estadisticas\",\"template\":\"estadisticas\",\"date_behavior\":{\"past\":\"public\",\"future\":\"private\"},\"documento\":[]}', '2025-01-16 00:56:12', '2025-01-16 00:56:12'),
('catalogo', 'default', NULL, 1, 'catalogo', '/catalogo', NULL, 1, 'catalogo', 'catalogo', '{\"title\":\"Mantenedor de Cat\\u00e1logo\",\"template\":\"mantenedor_catalogos\\/show\",\"documento\":[]}', '2025-01-16 00:56:12', '2025-01-16 00:56:12'),
('implementacion-comunal', 'default', NULL, 1, 'implementacion-comunal', '/implementacion-comunal', NULL, 1, 'implementacion_comunal', 'implementacion_comunal', '{\"title\":\"Implementaci\\u00f3n Comunal\",\"template\":\"implementacion_comunal\",\"date_behavior\":{\"past\":\"public\",\"future\":\"private\"},\"documento\":[]}', '2025-01-16 00:56:12', '2025-01-16 00:56:12');

-- --------------------------------------------------------

--
-- Estructura de tabla para la tabla `failed_jobs`
--

CREATE TABLE `failed_jobs` (
  `id` bigint(20) UNSIGNED NOT NULL,
  `uuid` varchar(255) NOT NULL,
  `connection` text NOT NULL,
  `queue` text NOT NULL,
  `payload` longtext NOT NULL,
  `exception` longtext NOT NULL,
  `failed_at` timestamp NOT NULL DEFAULT current_timestamp()
) ENGINE=InnoDB DEFAULT CHARSET=utf8mb4 COLLATE=utf8mb4_unicode_ci;

-- --------------------------------------------------------

--
-- Estructura de tabla para la tabla `fieldsets`
--

CREATE TABLE `fieldsets` (
  `id` bigint(20) UNSIGNED NOT NULL,
  `handle` varchar(191) NOT NULL,
  `data` longtext CHARACTER SET utf8mb4 COLLATE utf8mb4_bin NOT NULL CHECK (json_valid(`data`)),
  `created_at` timestamp NULL DEFAULT NULL,
  `updated_at` timestamp NULL DEFAULT NULL
) ENGINE=MyISAM DEFAULT CHARSET=utf8mb4 COLLATE=utf8mb4_unicode_ci;

--
-- Volcado de datos para la tabla `fieldsets`
--

INSERT INTO `fieldsets` (`id`, `handle`, `data`, `created_at`, `updated_at`) VALUES
(1, 'etapa', '{\"title\":\"Etapa\",\"fields\":[{\"handle\":\"titulo\",\"field\":{\"type\":\"text\",\"display\":\"Titulo\",\"instructions\":\"Titulo de la etapa que se mostrar\\u00e1.\"}},{\"handle\":\"icono\",\"field\":{\"type\":\"icon\",\"display\":\"Icono\",\"instructions\":\"Icono que se muestra en el frontend\",\"directory\":\"public\\/svg\"}},{\"handle\":\"introduccion\",\"field\":{\"buttons\":[\"bold\",\"italic\",\"unorderedlist\",\"removeformat\",\"underline\",\"alignjustify\"],\"remove_empty_nodes\":false,\"type\":\"bard\",\"display\":\"Introducci\\u00f3n\",\"instructions\":\"Breve introducci\\u00f3n para los recursos de la etapa\",\"word_count\":true,\"character_limit\":500}},{\"handle\":\"anexos\",\"field\":{\"container\":\"assets\",\"folder\":\"metodologia\\/etapas\",\"restrict\":true,\"type\":\"assets\",\"display\":\"Anexos\",\"instructions\":\"Documentos que se mostraran en la lista de recursos de la etapa\"}}]}', '2024-10-02 22:23:43', '2024-10-02 22:23:43'),
(2, 'recursos', '{\"title\":\"Documentos\",\"fields\":[{\"handle\":\"titulo\",\"field\":{\"type\":\"text\",\"display\":\"Titulo\"}},{\"handle\":\"resumen\",\"field\":{\"character_limit\":300,\"type\":\"textarea\",\"display\":\"Resumen\",\"instructions\":\"Peque\\u00f1o resumen o descripcion del recurso.\"}},{\"handle\":\"documento\",\"field\":{\"max_files\":1,\"container\":\"assets\",\"type\":\"assets\",\"display\":\"Documento\",\"instructions\":\"Documento que se mostrar\\u00e1 en el frontend para descargar. Solo se puede subir 1 documento por recursos\",\"folder\":\"recursos\"}},{\"handle\":\"date\",\"field\":{\"time_enabled\":true,\"time_required\":true,\"earliest_date\":\"2000-01-01\",\"display\":\"Fecha Publicaci\\u00f3n\",\"type\":\"date\",\"sortable\":false,\"visibility\":\"hidden\"}},{\"handle\":\"modulo\",\"field\":{\"dictionary\":\"modulos\",\"max_items\":1,\"type\":\"dictionary\",\"display\":\"Modulo\",\"validate\":[\"required\"]}}]}', '2024-10-17 15:16:17', '2024-10-17 15:16:17'),
(3, 'videos_tutoriales', '{\"title\":\"Videos Tutoriales\",\"fields\":[{\"handle\":\"titulo\",\"field\":{\"type\":\"text\",\"display\":\"Titulo\"}},{\"handle\":\"contenido\",\"field\":{\"type\":\"textarea\",\"display\":\"Contenido\"}},{\"handle\":\"video\",\"field\":{\"type\":\"video\",\"display\":\"Video\"}},{\"handle\":\"modulo\",\"field\":\"recursos.modulo\",\"config\":{\"validate\":[\"required\"]}}]}', '2024-10-17 16:02:02', '2024-10-17 16:02:02');

-- --------------------------------------------------------

--
-- Estructura de tabla para la tabla `group_user`
--

CREATE TABLE `group_user` (
  `id` int(10) UNSIGNED NOT NULL,
  `user_id` char(36) NOT NULL,
  `group_id` varchar(255) NOT NULL
) ENGINE=InnoDB DEFAULT CHARSET=utf8mb4 COLLATE=utf8mb4_unicode_ci;

--
-- Volcado de datos para la tabla `group_user`
--

INSERT INTO `group_user` (`id`, `user_id`, `group_id`) VALUES
(1, 'f27e2475-d2fd-11ef-a765-00163c737e0b', 'administrador');

-- --------------------------------------------------------

--
-- Estructura de tabla para la tabla `jobs`
--

CREATE TABLE `jobs` (
  `id` bigint(20) UNSIGNED NOT NULL,
  `queue` varchar(255) NOT NULL,
  `payload` longtext NOT NULL,
  `attempts` tinyint(3) UNSIGNED NOT NULL,
  `reserved_at` int(10) UNSIGNED DEFAULT NULL,
  `available_at` int(10) UNSIGNED NOT NULL,
  `created_at` int(10) UNSIGNED NOT NULL
) ENGINE=InnoDB DEFAULT CHARSET=utf8mb4 COLLATE=utf8mb4_unicode_ci;

-- --------------------------------------------------------

--
-- Estructura de tabla para la tabla `job_batches`
--

CREATE TABLE `job_batches` (
  `id` varchar(255) NOT NULL,
  `name` varchar(255) NOT NULL,
  `total_jobs` int(11) NOT NULL,
  `pending_jobs` int(11) NOT NULL,
  `failed_jobs` int(11) NOT NULL,
  `failed_job_ids` longtext NOT NULL,
  `options` mediumtext DEFAULT NULL,
  `cancelled_at` int(11) DEFAULT NULL,
  `created_at` int(11) NOT NULL,
  `finished_at` int(11) DEFAULT NULL
) ENGINE=InnoDB DEFAULT CHARSET=utf8mb4 COLLATE=utf8mb4_unicode_ci;

-- --------------------------------------------------------

--
-- Estructura de tabla para la tabla `migrations`
--

CREATE TABLE `migrations` (
  `id` int(10) UNSIGNED NOT NULL,
  `migration` varchar(255) NOT NULL,
  `batch` int(11) NOT NULL
) ENGINE=InnoDB DEFAULT CHARSET=utf8mb4 COLLATE=utf8mb4_unicode_ci;

--
-- Volcado de datos para la tabla `migrations`
--

INSERT INTO `migrations` (`id`, `migration`, `batch`) VALUES
(2, '0001_01_01_000001_create_cache_table', 1),
(3, '0001_01_01_000002_create_jobs_table', 1),
(10, '2024_10_04_181209_add_phone_to_users_table', 4),
(11, '2024_09_25_212821_create_catalogos_table', 5),
(12, '2024_09_25_221319_create_beneficio_servicios_table', 6),
(13, '0001_01_01_000000_create_users_table', 7),
(19, '2024_10_07_234814_add_comunas_cargo_to_users_table', 8),
(20, '2024_10_08_133126_create_comuna_cargo_table', 8),
(21, '2024_10_09_123017_create_acuerdo_protocolos_table', 9),
(22, '2024_10_14_134658_create_modulos_table', 10),
(29, '2024_10_15_151239_create_certificados_table', 11),
(30, '2024_10_23_103050_add_contact_info_to_beneficio_servicio_table', 12),
(31, '2024_10_28_181126_add_nombre_to_certificados_table', 13),
(32, '2024_11_04_175349_add_modulo_id_to_catalogos_table', 13),
(33, '2024_11_04_175823_add_modulo_id_to_users_table', 13),
(34, '2024_11_07_130535_add_modulo_id_to_acuerdosprotocolo_table', 13),
(35, '2024_03_07_100000_create_asset_containers_table', 14),
(36, '2024_03_07_100000_create_asset_table', 14),
(37, '2024_03_07_100000_create_blueprints_table', 14),
(38, '2024_03_07_100000_create_collections_table', 14),
(39, '2024_03_07_100000_create_entries_table_with_string_ids', 14),
(40, '2024_03_07_100000_create_fieldsets_table', 14),
(41, '2024_03_07_100000_create_navigation_trees_table', 14),
(42, '2024_03_07_100000_create_navigations_table', 14),
(43, '2024_03_07_100000_create_tokens_table', 14),
(44, '2024_07_16_100000_create_sites_table', 14),
(47, '2024_11_26_085349_create_comuna_modulo_table', 15),
(48, '2024_11_26_100456_create_provincias_table', 15),
(49, '2024_11_26_100521_add_provincia_id_to_comunas_table', 16),
(50, '2024_11_26_100609_create_region_modulo_table', 16),
(51, '2024_11_26_100626_create_provincia_modulo_table', 16),
(52, '2024_11_26_101758_remove_region_id_from_comunas_table', 16),
(53, '2024_11_26_110826_update_region_modulo_table', 16),
(54, '2024_11_26_110843_update_provincia_modulo_table', 16),
(55, '2024_11_26_112325_update_start_date_region_modulo', 16),
(56, '2024_11_26_112358_update_start_date_provincia_modulo', 16),
(57, '2024_11_26_112449_update_start_date_comuna_modulo', 16),
(58, '2024_11_26_112702_update_certifications_region_modulo', 16),
(59, '2024_11_26_112738_update_certifications_provincia_modulo', 16),
(60, '2024_11_26_112802_update_certifications_comuna_modulo', 16),
(61, '2024_11_28_184640_add_modulos_to_users_table', 17),
(62, '2024_11_29_085857_add_rut_to_users_table', 17),
(63, '2024_11_29_101736_modify_comuna_id_column_in_users_table', 17),
(64, '2024_11_29_184111_create_comuna_modulo_table', 17),
(65, '2024_12_04_104828_remove_start_date_and_certifications_from_modulo_tables', 18),
(66, '2024_12_05_171008_add_is_active_to_users_table', 19),
(67, '2025_01_06_132237_remove_comuna_cargo_from_users_table', 20),
(68, '2025_01_07_135200_change_category_local_to_string_in_beneficio_servicios_table', 20),
(69, '2025_01_07_140051_make_category_columns_nullable_in_beneficio_servicios_table', 20),
(70, '2025_01_08_105624_update_flag_default_in_beneficio_servicios_table', 21),
(71, '2025_04_25_130512_add_fields_to_certificados_table', 22),
(72, '2025_04_25_140431_drop_file_path_from_certificados_table', 22),
(73, '2025_04_25_141654_drop_fecha_emision_from_certificados_table', 22),
(74, '2025_04_25_162213_remove_autor_nombre_from_certificados_table', 22),
(75, '2025_05_06_135506_add_horas_to_certificados_table', 22);

-- --------------------------------------------------------

--
-- Estructura de tabla para la tabla `modulos`
--

CREATE TABLE `modulos` (
  `id` bigint(20) UNSIGNED NOT NULL,
  `nombre` varchar(255) NOT NULL
) ENGINE=InnoDB DEFAULT CHARSET=utf8mb4 COLLATE=utf8mb4_unicode_ci;

--
-- Volcado de datos para la tabla `modulos`
--

INSERT INTO `modulos` (`id`, `nombre`) VALUES
(1, 'Módulo Base Municipal'),
(2, 'Módulo Empleabilidad y Empleo'),
(3, 'Módulo Red Local de Apoyos y Cuidados (RLAC)'),
(4, 'Módulo Salud'),
(5, 'Módulo Delegación Presidencial Regionales'),
(6, 'Módulo Delegación Presidencial Provinciales');

-- --------------------------------------------------------

--
-- Estructura de tabla para la tabla `navigations`
--

CREATE TABLE `navigations` (
  `id` bigint(20) UNSIGNED NOT NULL,
  `handle` varchar(191) NOT NULL,
  `title` varchar(191) NOT NULL,
  `settings` longtext CHARACTER SET utf8mb4 COLLATE utf8mb4_bin DEFAULT NULL CHECK (json_valid(`settings`)),
  `created_at` timestamp NULL DEFAULT NULL,
  `updated_at` timestamp NULL DEFAULT NULL
) ENGINE=MyISAM DEFAULT CHARSET=utf8mb4 COLLATE=utf8mb4_unicode_ci;

--
-- Volcado de datos para la tabla `navigations`
--

INSERT INTO `navigations` (`id`, `handle`, `title`, `settings`, `created_at`, `updated_at`) VALUES
(1, 'menu_principal', 'Menu Principal', '{\"collections\":[],\"select_across_sites\":false,\"max_depth\":16,\"expects_root\":false}', '2024-09-26 19:24:22', '2024-09-26 19:24:22'),
(2, 'sub_header', 'Sub Header', '{\"collections\":[\"asistencia_tecnica\",\"certificados_gsl\",\"pages\",\"metodologia\",\"recursos\"],\"select_across_sites\":false,\"max_depth\":8,\"expects_root\":false}', '2024-10-30 16:09:46', '2024-10-30 16:09:46');

-- --------------------------------------------------------

--
-- Estructura de tabla para la tabla `provincias`
--

CREATE TABLE `provincias` (
  `id` bigint(20) UNSIGNED NOT NULL,
  `nombre` varchar(100) NOT NULL,
  `region_id` bigint(20) UNSIGNED NOT NULL,
  `created_at` timestamp NULL DEFAULT NULL,
  `updated_at` timestamp NULL DEFAULT NULL
) ENGINE=InnoDB DEFAULT CHARSET=utf8mb4 COLLATE=utf8mb4_unicode_ci;

--
-- Volcado de datos para la tabla `provincias`
--

INSERT INTO `provincias` (`id`, `nombre`, `region_id`, `created_at`, `updated_at`) VALUES
(1, 'Arica', 1, '2025-01-16 00:56:12', '2025-01-16 00:56:12'),
(2, 'Parinacota', 1, '2025-01-16 00:56:12', '2025-01-16 00:56:12'),
(3, 'Iquique', 2, '2025-01-16 00:56:12', '2025-01-16 00:56:12'),
(4, 'Tamarugal', 2, '2025-01-16 00:56:12', '2025-01-16 00:56:12'),
(5, 'Antofagasta', 3, '2025-01-16 00:56:12', '2025-01-16 00:56:12'),
(6, 'El Loa', 3, '2025-01-16 00:56:12', '2025-01-16 00:56:12'),
(7, 'Tocopilla', 3, '2025-01-16 00:56:12', '2025-01-16 00:56:12'),
(8, 'Copiapó', 4, '2025-01-16 00:56:12', '2025-01-16 00:56:12'),
(9, 'Chañaral', 4, '2025-01-16 00:56:12', '2025-01-16 00:56:12'),
(10, 'Huasco', 4, '2025-01-16 00:56:12', '2025-01-16 00:56:12'),
(11, 'Elqui', 5, '2025-01-16 00:56:12', '2025-01-16 00:56:12'),
(12, 'Choapa', 5, '2025-01-16 00:56:12', '2025-01-16 00:56:12'),
(13, 'Limari', 5, '2025-01-16 00:56:12', '2025-01-16 00:56:12'),
(14, 'Valparaíso', 6, '2025-01-16 00:56:12', '2025-01-16 00:56:12'),
(15, 'Marga Marga', 6, '2025-01-16 00:56:12', '2025-01-16 00:56:12'),
(16, 'Isla de Pascua', 6, '2025-01-16 00:56:12', '2025-01-16 00:56:12'),
(17, 'Los Andes', 6, '2025-01-16 00:56:12', '2025-01-16 00:56:12'),
(18, 'Petorca', 6, '2025-01-16 00:56:12', '2025-01-16 00:56:12'),
(19, 'Quillota', 6, '2025-01-16 00:56:12', '2025-01-16 00:56:12'),
(20, 'San Antonio', 6, '2025-01-16 00:56:12', '2025-01-16 00:56:12'),
(21, 'San Felipe', 6, '2025-01-16 00:56:12', '2025-01-16 00:56:12'),
(22, 'Santiago', 7, '2025-01-16 00:56:12', '2025-01-16 00:56:12'),
(23, 'Cordillera', 7, '2025-01-16 00:56:13', '2025-01-16 00:56:13'),
(24, 'Chacabuco', 7, '2025-01-16 00:56:13', '2025-01-16 00:56:13'),
(25, 'Maipo', 7, '2025-01-16 00:56:13', '2025-01-16 00:56:13'),
(26, 'Melipilla', 7, '2025-01-16 00:56:13', '2025-01-16 00:56:13'),
(27, 'Talagante', 7, '2025-01-16 00:56:13', '2025-01-16 00:56:13'),
(28, 'Cachapoal', 8, '2025-01-16 00:56:13', '2025-01-16 00:56:13'),
(29, 'Cardenal Caro', 8, '2025-01-16 00:56:13', '2025-01-16 00:56:13'),
(30, 'Colchagua', 8, '2025-01-16 00:56:13', '2025-01-16 00:56:13'),
(31, 'Talca', 9, '2025-01-16 00:56:13', '2025-01-16 00:56:13'),
(32, 'Cauquenes', 9, '2025-01-16 00:56:13', '2025-01-16 00:56:13'),
(33, 'Curico', 9, '2025-01-16 00:56:13', '2025-01-16 00:56:13'),
(34, 'Linares', 9, '2025-01-16 00:56:13', '2025-01-16 00:56:13'),
(35, 'Concepción', 10, '2025-01-16 00:56:13', '2025-01-16 00:56:13'),
(36, 'Arauco', 10, '2025-01-16 00:56:13', '2025-01-16 00:56:13'),
(37, 'Biobío', 10, '2025-01-16 00:56:13', '2025-01-16 00:56:13'),
(38, 'Diguillín', 11, '2025-01-16 00:56:13', '2025-01-16 00:56:13'),
(39, 'Itata', 11, '2025-01-16 00:56:13', '2025-01-16 00:56:13'),
(40, 'Punilla', 11, '2025-01-16 00:56:13', '2025-01-16 00:56:13'),
(41, 'Cautín', 12, '2025-01-16 00:56:13', '2025-01-16 00:56:13'),
(42, 'Malleco', 12, '2025-01-16 00:56:13', '2025-01-16 00:56:13'),
(43, 'Valdivia', 13, '2025-01-16 00:56:13', '2025-01-16 00:56:13'),
(44, 'Ranco', 13, '2025-01-16 00:56:13', '2025-01-16 00:56:13'),
(45, 'Llanquihue', 14, '2025-01-16 00:56:13', '2025-01-16 00:56:13'),
(46, 'Chiloe', 14, '2025-01-16 00:56:13', '2025-01-16 00:56:13'),
(47, 'Osorno', 14, '2025-01-16 00:56:13', '2025-01-16 00:56:13'),
(48, 'Palena', 14, '2025-01-16 00:56:13', '2025-01-16 00:56:13'),
(49, 'Coihaique', 15, '2025-01-16 00:56:13', '2025-01-16 00:56:13'),
(50, 'Aysén', 15, '2025-01-16 00:56:13', '2025-01-16 00:56:13'),
(51, 'Capitan Prat', 15, '2025-01-16 00:56:13', '2025-01-16 00:56:13'),
(52, 'General Carrera', 15, '2025-01-16 00:56:13', '2025-01-16 00:56:13'),
(53, 'Magallanes', 16, '2025-01-16 00:56:13', '2025-01-16 00:56:13'),
(54, 'Antártica Chilena', 16, '2025-01-16 00:56:13', '2025-01-16 00:56:13'),
(55, 'Tierra del Fuego', 16, '2025-01-16 00:56:13', '2025-01-16 00:56:13'),
(56, 'Ultima Esperanza', 16, '2025-01-16 00:56:13', '2025-01-16 00:56:13'),
(57, 'Ignorada', 17, '2025-01-16 00:56:13', '2025-01-16 00:56:13');

-- --------------------------------------------------------

--
-- Estructura de tabla para la tabla `provincia_modulo`
--

CREATE TABLE `provincia_modulo` (
  `id` bigint(20) UNSIGNED NOT NULL,
  `provincia_id` bigint(20) UNSIGNED NOT NULL,
  `modulo_id` bigint(20) UNSIGNED NOT NULL,
  `created_at` timestamp NULL DEFAULT NULL,
  `updated_at` timestamp NULL DEFAULT NULL
) ENGINE=MyISAM DEFAULT CHARSET=utf8mb4 COLLATE=utf8mb4_unicode_ci;

--
-- Volcado de datos para la tabla `provincia_modulo`
--

INSERT INTO `provincia_modulo` (`id`, `provincia_id`, `modulo_id`, `created_at`, `updated_at`) VALUES
(1, 1, 6, '2025-01-16 00:56:13', '2025-01-16 00:56:13'),
(2, 2, 6, '2025-01-16 00:56:13', '2025-01-16 00:56:13'),
(3, 3, 6, '2025-01-16 00:56:13', '2025-01-16 00:56:13'),
(4, 4, 6, '2025-01-16 00:56:13', '2025-01-16 00:56:13'),
(5, 6, 6, '2025-01-16 00:56:13', '2025-01-16 00:56:13'),
(6, 5, 6, '2025-01-16 00:56:13', '2025-01-16 00:56:13'),
(7, 7, 6, '2025-01-16 00:56:13', '2025-01-16 00:56:13'),
(8, 8, 6, '2025-01-16 00:56:13', '2025-01-16 00:56:13'),
(9, 9, 6, '2025-01-16 00:56:13', '2025-01-16 00:56:13'),
(10, 10, 6, '2025-01-16 00:56:13', '2025-01-16 00:56:13'),
(11, 11, 6, '2025-01-16 00:56:13', '2025-01-16 00:56:13'),
(12, 13, 6, '2025-01-16 00:56:13', '2025-01-16 00:56:13'),
(13, 12, 6, '2025-01-16 00:56:13', '2025-01-16 00:56:13'),
(14, 14, 6, '2025-01-16 00:56:13', '2025-01-16 00:56:13'),
(15, 19, 6, '2025-01-16 00:56:13', '2025-01-16 00:56:13'),
(16, 20, 6, '2025-01-16 00:56:13', '2025-01-16 00:56:13'),
(17, 21, 6, '2025-01-16 00:56:13', '2025-01-16 00:56:13'),
(18, 17, 6, '2025-01-16 00:56:13', '2025-01-16 00:56:13'),
(19, 16, 6, '2025-01-16 00:56:13', '2025-01-16 00:56:13'),
(20, 18, 6, '2025-01-16 00:56:13', '2025-01-16 00:56:13'),
(21, 15, 6, '2025-01-16 00:56:13', '2025-01-16 00:56:13'),
(22, 24, 6, '2025-01-16 00:56:13', '2025-01-16 00:56:13'),
(23, 23, 6, '2025-01-16 00:56:13', '2025-01-16 00:56:13'),
(24, 26, 6, '2025-01-16 00:56:13', '2025-01-16 00:56:13'),
(25, 25, 6, '2025-01-16 00:56:13', '2025-01-16 00:56:13'),
(26, 22, 6, '2025-01-16 00:56:13', '2025-01-16 00:56:13'),
(27, 27, 6, '2025-01-16 00:56:13', '2025-01-16 00:56:13'),
(28, 28, 6, '2025-01-16 00:56:13', '2025-01-16 00:56:13'),
(29, 30, 6, '2025-01-16 00:56:13', '2025-01-16 00:56:13'),
(30, 29, 6, '2025-01-16 00:56:13', '2025-01-16 00:56:13'),
(31, 33, 6, '2025-01-16 00:56:13', '2025-01-16 00:56:13'),
(32, 31, 6, '2025-01-16 00:56:13', '2025-01-16 00:56:13'),
(33, 32, 6, '2025-01-16 00:56:13', '2025-01-16 00:56:13'),
(34, 34, 6, '2025-01-16 00:56:13', '2025-01-16 00:56:13'),
(35, 38, 6, '2025-01-16 00:56:13', '2025-01-16 00:56:13'),
(36, 39, 6, '2025-01-16 00:56:13', '2025-01-16 00:56:13'),
(37, 40, 6, '2025-01-16 00:56:13', '2025-01-16 00:56:13'),
(38, 35, 6, '2025-01-16 00:56:13', '2025-01-16 00:56:13'),
(39, 36, 6, '2025-01-16 00:56:13', '2025-01-16 00:56:13'),
(40, 37, 6, '2025-01-16 00:56:13', '2025-01-16 00:56:13'),
(41, 42, 6, '2025-01-16 00:56:13', '2025-01-16 00:56:13'),
(42, 41, 6, '2025-01-16 00:56:13', '2025-01-16 00:56:13'),
(43, 44, 6, '2025-01-16 00:56:13', '2025-01-16 00:56:13'),
(44, 43, 6, '2025-01-16 00:56:13', '2025-01-16 00:56:13'),
(45, 45, 6, '2025-01-16 00:56:13', '2025-01-16 00:56:13'),
(46, 47, 6, '2025-01-16 00:56:13', '2025-01-16 00:56:13'),
(47, 46, 6, '2025-01-16 00:56:13', '2025-01-16 00:56:13'),
(48, 48, 6, '2025-01-16 00:56:13', '2025-01-16 00:56:13'),
(49, 49, 6, '2025-01-16 00:56:13', '2025-01-16 00:56:13'),
(50, 50, 6, '2025-01-16 00:56:13', '2025-01-16 00:56:13'),
(51, 51, 6, '2025-01-16 00:56:13', '2025-01-16 00:56:13'),
(52, 52, 6, '2025-01-16 00:56:13', '2025-01-16 00:56:13'),
(53, 56, 6, '2025-01-16 00:56:13', '2025-01-16 00:56:13'),
(54, 55, 6, '2025-01-16 00:56:13', '2025-01-16 00:56:13'),
(55, 53, 6, '2025-01-16 00:56:13', '2025-01-16 00:56:13'),
(56, 54, 6, '2025-01-16 00:56:13', '2025-01-16 00:56:13');

-- --------------------------------------------------------

--
-- Estructura de tabla para la tabla `regions`
--

CREATE TABLE `regions` (
  `id` bigint(20) UNSIGNED NOT NULL,
  `nombre` varchar(100) NOT NULL,
  `created_at` timestamp NULL DEFAULT NULL,
  `updated_at` timestamp NULL DEFAULT NULL
) ENGINE=InnoDB DEFAULT CHARSET=utf8mb4 COLLATE=utf8mb4_unicode_ci;

--
-- Volcado de datos para la tabla `regions`
--

INSERT INTO `regions` (`id`, `nombre`, `created_at`, `updated_at`) VALUES
(1, 'De Arica y Parinacota', '2025-01-16 00:56:12', '2025-01-16 00:56:12'),
(2, 'De Tarapacá', '2025-01-16 00:56:12', '2025-01-16 00:56:12'),
(3, 'De Antofagasta', '2025-01-16 00:56:12', '2025-01-16 00:56:12'),
(4, 'De Atacama', '2025-01-16 00:56:12', '2025-01-16 00:56:12'),
(5, 'De Coquimbo', '2025-01-16 00:56:12', '2025-01-16 00:56:12'),
(6, 'De Valparaíso', '2025-01-16 00:56:12', '2025-01-16 00:56:12'),
(7, 'Metropolitana de Santiago', '2025-01-16 00:56:12', '2025-01-16 00:56:12'),
(8, 'Del Libertador General Bernardo O\'Higgins', '2025-01-16 00:56:13', '2025-01-16 00:56:13'),
(9, 'Del Maule', '2025-01-16 00:56:13', '2025-01-16 00:56:13'),
(10, 'Del Biobío', '2025-01-16 00:56:13', '2025-01-16 00:56:13'),
(11, 'De Ñuble', '2025-01-16 00:56:13', '2025-01-16 00:56:13'),
(12, 'De La Araucanía', '2025-01-16 00:56:13', '2025-01-16 00:56:13'),
(13, 'De Los Ríos', '2025-01-16 00:56:13', '2025-01-16 00:56:13'),
(14, 'De Los Lagos', '2025-01-16 00:56:13', '2025-01-16 00:56:13'),
(15, 'De Aysén del General Carlos Ibáñez del Campo', '2025-01-16 00:56:13', '2025-01-16 00:56:13'),
(16, 'De Magallanes y de La Antártica Chilena', '2025-01-16 00:56:13', '2025-01-16 00:56:13'),
(17, 'Ignorada', '2025-01-16 00:56:13', '2025-01-16 00:56:13');

-- --------------------------------------------------------

--
-- Estructura de tabla para la tabla `region_modulo`
--

CREATE TABLE `region_modulo` (
  `id` bigint(20) UNSIGNED NOT NULL,
  `region_id` bigint(20) UNSIGNED NOT NULL,
  `modulo_id` bigint(20) UNSIGNED NOT NULL,
  `created_at` timestamp NULL DEFAULT NULL,
  `updated_at` timestamp NULL DEFAULT NULL
) ENGINE=MyISAM DEFAULT CHARSET=utf8mb4 COLLATE=utf8mb4_unicode_ci;

--
-- Volcado de datos para la tabla `region_modulo`
--

INSERT INTO `region_modulo` (`id`, `region_id`, `modulo_id`, `created_at`, `updated_at`) VALUES
(1, 1, 5, '2025-01-16 00:56:13', '2025-01-16 00:56:13'),
(2, 2, 5, '2025-01-16 00:56:13', '2025-01-16 00:56:13'),
(3, 3, 5, '2025-01-16 00:56:13', '2025-01-16 00:56:13'),
(4, 4, 5, '2025-01-16 00:56:13', '2025-01-16 00:56:13'),
(5, 5, 5, '2025-01-16 00:56:13', '2025-01-16 00:56:13'),
(6, 6, 5, '2025-01-16 00:56:13', '2025-01-16 00:56:13'),
(7, 7, 5, '2025-01-16 00:56:13', '2025-01-16 00:56:13'),
(8, 8, 5, '2025-01-16 00:56:13', '2025-01-16 00:56:13'),
(9, 9, 5, '2025-01-16 00:56:13', '2025-01-16 00:56:13'),
(10, 11, 5, '2025-01-16 00:56:13', '2025-01-16 00:56:13'),
(11, 10, 5, '2025-01-16 00:56:13', '2025-01-16 00:56:13'),
(12, 12, 5, '2025-01-16 00:56:13', '2025-01-16 00:56:13'),
(13, 13, 5, '2025-01-16 00:56:13', '2025-01-16 00:56:13'),
(14, 14, 5, '2025-01-16 00:56:13', '2025-01-16 00:56:13'),
(15, 15, 5, '2025-01-16 00:56:13', '2025-01-16 00:56:13'),
(16, 16, 5, '2025-01-16 00:56:13', '2025-01-16 00:56:13');

-- --------------------------------------------------------

--
-- Estructura de tabla para la tabla `role_user`
--

CREATE TABLE `role_user` (
  `id` int(10) UNSIGNED NOT NULL,
  `user_id` char(36) NOT NULL,
  `role_id` varchar(255) NOT NULL
) ENGINE=InnoDB DEFAULT CHARSET=utf8mb4 COLLATE=utf8mb4_unicode_ci;

--
-- Volcado de datos para la tabla `role_user`
--

INSERT INTO `role_user` (`id`, `user_id`, `role_id`) VALUES
(3, '9d3070e3-0fb9-419b-8a18-411a1c57192e', 'regional'),
(4, '9d312b51-9a15-4f1d-b020-0a7f92a3e8f8', 'subsecretaria'),
(5, '9d306965-50c2-4eac-ba49-7c7300f095ab', 'regional'),
(6, '9d47178d-45dc-4101-80c3-4b070b1e1797', 'administrador'),
(8, '9de64251-eeca-49e6-a5db-63c58197cea7', 'nacional'),
(9, '9de655a0-981f-49d7-b406-faab38ca1a05', 'regional'),
(10, '9df82775-6c6c-4974-959d-6e0c54a15ce9', 'nacional'),
(11, '9df82775-6c6c-4974-959d-6e0c54a15ce9', 'administrador'),
(12, 'f38178ba-d2fb-11ef-a765-00163c737e0b', 'operador'),
(13, 'f38357f6-d2fb-11ef-a765-00163c737e0b', 'operador'),
(14, 'f3839255-d2fb-11ef-a765-00163c737e0b', 'operador'),
(15, 'f383c74e-d2fb-11ef-a765-00163c737e0b', 'operador'),
(16, 'f384136f-d2fb-11ef-a765-00163c737e0b', 'operador'),
(17, 'f38455c1-d2fb-11ef-a765-00163c737e0b', 'operador'),
(18, 'f38481cd-d2fb-11ef-a765-00163c737e0b', 'operador'),
(19, 'f384b62e-d2fb-11ef-a765-00163c737e0b', 'operador'),
(20, 'f384e7fe-d2fb-11ef-a765-00163c737e0b', 'operador'),
(21, 'f3851526-d2fb-11ef-a765-00163c737e0b', 'operador'),
(22, 'f3854baa-d2fb-11ef-a765-00163c737e0b', 'operador'),
(23, 'f38587ea-d2fb-11ef-a765-00163c737e0b', 'operador'),
(24, 'f385bb25-d2fb-11ef-a765-00163c737e0b', 'operador'),
(25, 'f385f05e-d2fb-11ef-a765-00163c737e0b', 'operador'),
(26, 'f38623a7-d2fb-11ef-a765-00163c737e0b', 'operador'),
(27, 'f3867d0b-d2fb-11ef-a765-00163c737e0b', 'operador'),
(28, 'f386ac85-d2fb-11ef-a765-00163c737e0b', 'operador'),
(29, 'f386de84-d2fb-11ef-a765-00163c737e0b', 'operador'),
(30, 'f3870a6f-d2fb-11ef-a765-00163c737e0b', 'operador'),
(31, 'f38736e4-d2fb-11ef-a765-00163c737e0b', 'operador'),
(32, 'f38763d5-d2fb-11ef-a765-00163c737e0b', 'operador'),
(33, 'f3879e7d-d2fb-11ef-a765-00163c737e0b', 'operador'),
(34, 'f387e1a0-d2fb-11ef-a765-00163c737e0b', 'operador'),
(35, 'f3882485-d2fb-11ef-a765-00163c737e0b', 'operador'),
(36, '7ffb9888-d2fc-11ef-a765-00163c737e0b', 'operador'),
(37, '7ffd6b6f-d2fc-11ef-a765-00163c737e0b', 'operador'),
(38, 'f3886353-d2fb-11ef-a765-00163c737e0b', 'operador'),
(39, '7fff2c91-d2fc-11ef-a765-00163c737e0b', 'operador'),
(40, '7fff78a7-d2fc-11ef-a765-00163c737e0b', 'operador'),
(41, '7fffccac-d2fc-11ef-a765-00163c737e0b', 'operador'),
(42, '800021d6-d2fc-11ef-a765-00163c737e0b', 'operador'),
(43, '80007564-d2fc-11ef-a765-00163c737e0b', 'operador'),
(44, '8000d293-d2fc-11ef-a765-00163c737e0b', 'operador'),
(45, '8001224d-d2fc-11ef-a765-00163c737e0b', 'operador'),
(46, '800175e7-d2fc-11ef-a765-00163c737e0b', 'operador'),
(47, '8001d3f5-d2fc-11ef-a765-00163c737e0b', 'operador'),
(48, '8002237e-d2fc-11ef-a765-00163c737e0b', 'nacional'),
(49, '8002717e-d2fc-11ef-a765-00163c737e0b', 'nacional'),
(50, '8002bc8a-d2fc-11ef-a765-00163c737e0b', 'nacional'),
(51, '80030797-d2fc-11ef-a765-00163c737e0b', 'nacional'),
(52, '80037178-d2fc-11ef-a765-00163c737e0b', 'nacional'),
(53, '8003d544-d2fc-11ef-a765-00163c737e0b', 'nacional'),
(54, '80042b24-d2fc-11ef-a765-00163c737e0b', 'nacional'),
(55, '800481cc-d2fc-11ef-a765-00163c737e0b', 'nacional'),
(56, '8004e16a-d2fc-11ef-a765-00163c737e0b', 'nacional'),
(57, '80054024-d2fc-11ef-a765-00163c737e0b', 'nacional'),
(58, '80059111-d2fc-11ef-a765-00163c737e0b', 'nacional'),
(59, '8005e3d9-d2fc-11ef-a765-00163c737e0b', 'nacional'),
(60, '800638ca-d2fc-11ef-a765-00163c737e0b', 'nacional'),
(61, '80068534-d2fc-11ef-a765-00163c737e0b', 'nacional'),
(62, '13964e3d-d2fd-11ef-a765-00163c737e0b', 'regional'),
(63, '13982f07-d2fd-11ef-a765-00163c737e0b', 'regional'),
(64, '13988a65-d2fd-11ef-a765-00163c737e0b', 'regional'),
(65, '1398cc80-d2fd-11ef-a765-00163c737e0b', 'regional'),
(66, '139912c4-d2fd-11ef-a765-00163c737e0b', 'regional'),
(67, '13995d36-d2fd-11ef-a765-00163c737e0b', 'regional'),
(68, '1399ac50-d2fd-11ef-a765-00163c737e0b', 'regional'),
(69, '1399fa6c-d2fd-11ef-a765-00163c737e0b', 'regional'),
(70, '139a3f4b-d2fd-11ef-a765-00163c737e0b', 'regional'),
(71, '139a8877-d2fd-11ef-a765-00163c737e0b', 'regional'),
(72, '139af9c5-d2fd-11ef-a765-00163c737e0b', 'regional'),
(73, '139b3e22-d2fd-11ef-a765-00163c737e0b', 'regional'),
(74, '139b7a45-d2fd-11ef-a765-00163c737e0b', 'regional'),
(75, '139bc6de-d2fd-11ef-a765-00163c737e0b', 'regional'),
(76, '139c085a-d2fd-11ef-a765-00163c737e0b', 'regional'),
(77, '139c4b3d-d2fd-11ef-a765-00163c737e0b', 'regional'),
(78, '139cabdb-d2fd-11ef-a765-00163c737e0b', 'regional'),
(79, '139cf48b-d2fd-11ef-a765-00163c737e0b', 'regional'),
(80, '139d3167-d2fd-11ef-a765-00163c737e0b', 'regional'),
(81, '139d8cfd-d2fd-11ef-a765-00163c737e0b', 'regional'),
(82, '139dc76a-d2fd-11ef-a765-00163c737e0b', 'regional'),
(83, '139e104f-d2fd-11ef-a765-00163c737e0b', 'regional'),
(84, '139e7574-d2fd-11ef-a765-00163c737e0b', 'regional'),
(85, '139ebd1e-d2fd-11ef-a765-00163c737e0b', 'regional'),
(86, '139f1578-d2fd-11ef-a765-00163c737e0b', 'regional'),
(87, '139f74e1-d2fd-11ef-a765-00163c737e0b', 'regional'),
(88, '139fddb0-d2fd-11ef-a765-00163c737e0b', 'regional'),
(89, '13a08426-d2fd-11ef-a765-00163c737e0b', 'regional'),
(90, '13a11827-d2fd-11ef-a765-00163c737e0b', 'regional'),
(91, '13a1797c-d2fd-11ef-a765-00163c737e0b', 'regional'),
(92, '13a1d246-d2fd-11ef-a765-00163c737e0b', 'regional'),
(93, '13a22dc4-d2fd-11ef-a765-00163c737e0b', 'regional'),
(94, '13a28e7c-d2fd-11ef-a765-00163c737e0b', 'regional'),
(95, '13a327c6-d2fd-11ef-a765-00163c737e0b', 'regional'),
(96, '13a396fb-d2fd-11ef-a765-00163c737e0b', 'regional'),
(97, '13a3f0f8-d2fd-11ef-a765-00163c737e0b', 'regional'),
(98, '13a44c6c-d2fd-11ef-a765-00163c737e0b', 'regional'),
(99, '13a4c980-d2fd-11ef-a765-00163c737e0b', 'regional'),
(100, '13a525b6-d2fd-11ef-a765-00163c737e0b', 'regional'),
(101, '13a59772-d2fd-11ef-a765-00163c737e0b', 'regional'),
(102, '13a6171d-d2fd-11ef-a765-00163c737e0b', 'regional'),
(103, '13a67569-d2fd-11ef-a765-00163c737e0b', 'regional'),
(104, '13a71ab4-d2fd-11ef-a765-00163c737e0b', 'regional'),
(105, '13a78a1a-d2fd-11ef-a765-00163c737e0b', 'regional'),
(106, '13a7f50a-d2fd-11ef-a765-00163c737e0b', 'regional'),
(107, '13a85148-d2fd-11ef-a765-00163c737e0b', 'regional'),
(108, '13a8a9a2-d2fd-11ef-a765-00163c737e0b', 'regional'),
(109, '13a91fdd-d2fd-11ef-a765-00163c737e0b', 'regional'),
(110, '13a99ba1-d2fd-11ef-a765-00163c737e0b', 'regional'),
(111, '13a9e9d0-d2fd-11ef-a765-00163c737e0b', 'regional'),
(112, 'f2646b12-d2fd-11ef-a765-00163c737e0b', 'nacional'),
(113, 'f2680a86-d2fd-11ef-a765-00163c737e0b', 'nacional'),
(114, 'f269a472-d2fd-11ef-a765-00163c737e0b', 'nacional'),
(115, 'f26b8515-d2fd-11ef-a765-00163c737e0b', 'nacional'),
(116, 'f26d65ab-d2fd-11ef-a765-00163c737e0b', 'nacional'),
(117, 'f26f0e8c-d2fd-11ef-a765-00163c737e0b', 'nacional'),
(118, 'f271036a-d2fd-11ef-a765-00163c737e0b', 'nacional'),
(119, 'f272e70d-d2fd-11ef-a765-00163c737e0b', 'nacional'),
(120, 'f275114b-d2fd-11ef-a765-00163c737e0b', 'nacional'),
(121, 'f2771ddf-d2fd-11ef-a765-00163c737e0b', 'nacional'),
(122, 'f2791509-d2fd-11ef-a765-00163c737e0b', 'nacional'),
(123, 'f27ab9f5-d2fd-11ef-a765-00163c737e0b', 'nacional'),
(126, '69215c72-d2fe-11ef-a765-00163c737e0b', 'regional'),
(127, '692697bc-d2fe-11ef-a765-00163c737e0b', 'regional'),
(128, '69296df2-d2fe-11ef-a765-00163c737e0b', 'regional'),
(129, '692c5329-d2fe-11ef-a765-00163c737e0b', 'regional'),
(130, '692e8c2f-d2fe-11ef-a765-00163c737e0b', 'regional'),
(131, '693194bc-d2fe-11ef-a765-00163c737e0b', 'regional'),
(132, '6934d4c8-d2fe-11ef-a765-00163c737e0b', 'regional'),
(133, '6937f695-d2fe-11ef-a765-00163c737e0b', 'regional'),
(134, '693a32a1-d2fe-11ef-a765-00163c737e0b', 'regional'),
(135, '693c470c-d2fe-11ef-a765-00163c737e0b', 'regional'),
(136, '26454dc1-d301-11ef-a765-00163c737e0b', 'regional'),
(137, '26497f3e-d301-11ef-a765-00163c737e0b', 'regional'),
(138, '2649eccf-d301-11ef-a765-00163c737e0b', 'regional'),
(139, '264a58c8-d301-11ef-a765-00163c737e0b', 'regional'),
(140, '264ae3af-d301-11ef-a765-00163c737e0b', 'regional'),
(141, '264b4c33-d301-11ef-a765-00163c737e0b', 'regional'),
(142, '264ba3e0-d301-11ef-a765-00163c737e0b', 'regional'),
(143, '264c22f1-d301-11ef-a765-00163c737e0b', 'regional'),
(144, '264c91bf-d301-11ef-a765-00163c737e0b', 'regional'),
(145, '264d06af-d301-11ef-a765-00163c737e0b', 'regional'),
(146, '264d6aac-d301-11ef-a765-00163c737e0b', 'regional'),
(147, '264ddcf5-d301-11ef-a765-00163c737e0b', 'regional'),
(148, '264e5227-d301-11ef-a765-00163c737e0b', 'regional'),
(149, '264ec5b1-d301-11ef-a765-00163c737e0b', 'regional'),
(150, '264f1b4a-d301-11ef-a765-00163c737e0b', 'regional'),
(151, '264f78b2-d301-11ef-a765-00163c737e0b', 'regional'),
(152, '264fc0d2-d301-11ef-a765-00163c737e0b', 'regional'),
(153, '26500131-d301-11ef-a765-00163c737e0b', 'regional'),
(154, '265043f1-d301-11ef-a765-00163c737e0b', 'regional'),
(155, '265095ff-d301-11ef-a765-00163c737e0b', 'regional'),
(156, '2650d408-d301-11ef-a765-00163c737e0b', 'regional'),
(157, '26511686-d301-11ef-a765-00163c737e0b', 'regional'),
(158, '26517ae3-d301-11ef-a765-00163c737e0b', 'regional'),
(159, '2651cd03-d301-11ef-a765-00163c737e0b', 'regional'),
(160, '26521394-d301-11ef-a765-00163c737e0b', 'regional'),
(161, '265278ab-d301-11ef-a765-00163c737e0b', 'regional'),
(162, '2652e261-d301-11ef-a765-00163c737e0b', 'regional'),
(163, '26533e9f-d301-11ef-a765-00163c737e0b', 'regional'),
(164, '2653a130-d301-11ef-a765-00163c737e0b', 'regional'),
(165, '265417dc-d301-11ef-a765-00163c737e0b', 'regional'),
(166, '2654811a-d301-11ef-a765-00163c737e0b', 'regional'),
(167, '2654f181-d301-11ef-a765-00163c737e0b', 'regional'),
(168, '26555d72-d301-11ef-a765-00163c737e0b', 'regional'),
(169, '2655b7c2-d301-11ef-a765-00163c737e0b', 'regional'),
(170, '26562d06-d301-11ef-a765-00163c737e0b', 'regional'),
(171, '265689fb-d301-11ef-a765-00163c737e0b', 'regional'),
(172, 'bb589cf9-d301-11ef-a765-00163c737e0b', 'regional'),
(173, 'bb5b291e-d301-11ef-a765-00163c737e0b', 'regional'),
(174, 'bb5b7f24-d301-11ef-a765-00163c737e0b', 'regional'),
(175, 'bb5bdfa5-d301-11ef-a765-00163c737e0b', 'regional'),
(176, 'bb5c3c44-d301-11ef-a765-00163c737e0b', 'regional'),
(177, 'bb5c9ef7-d301-11ef-a765-00163c737e0b', 'regional'),
(178, 'bb5cf57a-d301-11ef-a765-00163c737e0b', 'regional'),
(179, 'bb5d4b5a-d301-11ef-a765-00163c737e0b', 'regional'),
(180, 'bb5da8d2-d301-11ef-a765-00163c737e0b', 'regional'),
(181, 'bb5e07db-d301-11ef-a765-00163c737e0b', 'regional'),
(182, 'bb5e53c2-d301-11ef-a765-00163c737e0b', 'regional'),
(183, 'bb5eb797-d301-11ef-a765-00163c737e0b', 'regional'),
(184, 'bb5f0eaa-d301-11ef-a765-00163c737e0b', 'regional'),
(185, 'bb5f79e5-d301-11ef-a765-00163c737e0b', 'regional'),
(186, 'bb5fba64-d301-11ef-a765-00163c737e0b', 'regional'),
(187, 'bb6030de-d301-11ef-a765-00163c737e0b', 'regional'),
(188, 'bb60a650-d301-11ef-a765-00163c737e0b', 'regional'),
(189, 'bb60fe41-d301-11ef-a765-00163c737e0b', 'regional'),
(190, 'bb6159ce-d301-11ef-a765-00163c737e0b', 'regional'),
(191, 'bb61a677-d301-11ef-a765-00163c737e0b', 'regional'),
(192, 'bb62194b-d301-11ef-a765-00163c737e0b', 'regional'),
(193, 'bb627a72-d301-11ef-a765-00163c737e0b', 'regional'),
(194, 'bb62cb3c-d301-11ef-a765-00163c737e0b', 'regional'),
(195, 'bb632fc2-d301-11ef-a765-00163c737e0b', 'regional'),
(196, 'bb637456-d301-11ef-a765-00163c737e0b', 'regional'),
(197, 'bb63d69f-d301-11ef-a765-00163c737e0b', 'regional'),
(198, 'bb644c08-d301-11ef-a765-00163c737e0b', 'regional'),
(199, 'bb65256e-d301-11ef-a765-00163c737e0b', 'regional'),
(200, 'bb65d7fb-d301-11ef-a765-00163c737e0b', 'regional'),
(201, 'bb666f88-d301-11ef-a765-00163c737e0b', 'regional'),
(202, 'bb670ffa-d301-11ef-a765-00163c737e0b', 'regional'),
(203, 'bb67807e-d301-11ef-a765-00163c737e0b', 'regional'),
(204, 'bb680334-d301-11ef-a765-00163c737e0b', 'regional'),
(205, 'bb6861a3-d301-11ef-a765-00163c737e0b', 'regional'),
(206, 'bb68df10-d301-11ef-a765-00163c737e0b', 'regional'),
(207, 'bb69498e-d301-11ef-a765-00163c737e0b', 'regional'),
(209, '9df903ee-9b69-4833-b83a-924af8d188f7', 'regional'),
(210, '9df96d14-0cca-4f8f-8ef5-001d3c5788fd', 'regional'),
(211, '9df96e6b-9ce2-4182-8c98-cddbf2292ff8', 'nacional'),
(213, '9df98ab8-1424-4dcc-b060-14e0080d3fd6', 'regional'),
(214, '9df99925-5b55-49e0-8f64-bc7d375bb3a3', 'nacional'),
(217, '9d98e0fa-f033-4f3a-af91-625124ec49f1', 'regional'),
(220, 'f27e2475-d2fd-11ef-a765-00163c737e0b', 'operador'),
(221, '9e924575-838a-4f40-8509-056d0a91f164', 'regional'),
(223, '9ea086ec-28dc-4717-b6a8-102f71477b81', 'nacional'),
(224, '9ea08767-9bf1-434d-86d3-63f295e8d87e', 'nacional'),
(225, '9ea0880a-0c72-4932-babf-7aee7a720a94', 'nacional'),
(226, '9ea088d9-b595-4aa4-b842-8edc8d09992a', 'nacional'),
(227, '9ea08973-5417-40d1-b119-fcccb45518fe', 'regional'),
(228, '9ea07007-70fa-479e-a040-5bdd454d4677', 'nacional'),
(229, '9ea67f91-53bf-4f9d-adc3-3feea3a198c9', 'regional'),
(230, '9eae836a-caed-492f-83cc-95c7098ef500', 'regional'),
(232, 'f27c9c77-d2fd-11ef-a765-00163c737e0b', 'administrador'),
(233, '9d98f5cc-3738-48cf-b90c-fe6e5e9a7268', 'nacional'),
(235, '9df8d11c-9dc2-4849-b909-826d8b1362a7', 'regional'),
(236, '9d3069dc-ed0f-40f8-b3cb-a8b8837fbb59', 'administrador'),
(237, '9ee96bdd-ce1f-4b01-9526-417cf92250c8', 'regional'),
(238, 'f27e2475-d2fd-11ef-a765-00163c737e0b', 'administrador'),
(239, '9ef93387-2e74-41f7-874a-7eab09aa1451', 'operador'),
(240, '9f098a0c-a50a-44c5-86c9-fbb2494b2cdc', 'regional'),
(241, '9f21af10-282f-4a12-a8af-2f6e34376955', 'operador'),
(242, '9f21bc66-fbf1-43ff-b945-eca85c9a56d3', 'regional'),
(243, '9f23c759-1332-4a35-90f5-c5ce81f8ae0b', 'nacional'),
(244, '9f2d4684-da73-4e30-99eb-fdf38620f583', 'regional'),
(245, '9f2f7a14-d60c-4d30-9ee4-c71fe935ada8', 'regional'),
(246, '9f2fb734-1e3d-41c1-b5ee-7ea1c4c93ce4', 'nacional'),
(247, '9f2fb81a-43e4-4658-83fe-8c268f251781', 'nacional'),
(248, '9f47b5e3-e79c-4783-83f8-118665da26e6', 'regional'),
(249, '9f4bc210-75f2-4703-82e1-31f59c1dbed5', 'operador'),
(250, '9f560a50-d8e9-4f87-a2f8-755beb876a86', 'operador'),
(251, '9f59bf30-b0a5-44f1-bae8-20407a31b855', 'operador');

-- --------------------------------------------------------

--
-- Estructura de tabla para la tabla `sessions`
--

CREATE TABLE `sessions` (
  `id` varchar(255) NOT NULL,
  `user_id` bigint(20) UNSIGNED DEFAULT NULL,
  `ip_address` varchar(45) DEFAULT NULL,
  `user_agent` text DEFAULT NULL,
  `payload` longtext NOT NULL,
  `last_activity` int(11) NOT NULL
) ENGINE=InnoDB DEFAULT CHARSET=utf8mb4 COLLATE=utf8mb4_unicode_ci;

-- --------------------------------------------------------

--
-- Estructura de tabla para la tabla `sites`
--

CREATE TABLE `sites` (
  `id` bigint(20) UNSIGNED NOT NULL,
  `handle` varchar(191) NOT NULL,
  `name` varchar(191) NOT NULL,
  `url` varchar(191) NOT NULL,
  `locale` varchar(191) NOT NULL,
  `lang` varchar(191) NOT NULL,
  `attributes` longtext CHARACTER SET utf8mb4 COLLATE utf8mb4_bin NOT NULL CHECK (json_valid(`attributes`)),
  `created_at` timestamp NULL DEFAULT NULL,
  `updated_at` timestamp NULL DEFAULT NULL
) ENGINE=MyISAM DEFAULT CHARSET=utf8mb4 COLLATE=utf8mb4_unicode_ci;

--
-- Volcado de datos para la tabla `sites`
--

INSERT INTO `sites` (`id`, `handle`, `name`, `url`, `locale`, `lang`, `attributes`, `created_at`, `updated_at`) VALUES
(1, 'default', '{{ config:app:name }}', '/', 'es_ES', 'es_ES', '[]', '2024-11-25 21:42:54', '2024-11-25 21:42:54');

-- --------------------------------------------------------

--
-- Estructura de tabla para la tabla `trees`
--

CREATE TABLE `trees` (
  `id` bigint(20) UNSIGNED NOT NULL,
  `handle` varchar(191) NOT NULL,
  `type` varchar(191) NOT NULL,
  `locale` varchar(191) DEFAULT NULL,
  `tree` longtext CHARACTER SET utf8mb4 COLLATE utf8mb4_bin DEFAULT NULL CHECK (json_valid(`tree`)),
  `settings` longtext CHARACTER SET utf8mb4 COLLATE utf8mb4_bin DEFAULT NULL CHECK (json_valid(`settings`)),
  `created_at` timestamp NULL DEFAULT NULL,
  `updated_at` timestamp NULL DEFAULT NULL
) ENGINE=MyISAM DEFAULT CHARSET=utf8mb4 COLLATE=utf8mb4_unicode_ci;

--
-- Índices para tablas volcadas
--

--
-- Indices de la tabla `acuerdo_protocolos`
--
ALTER TABLE `acuerdo_protocolos`
  ADD PRIMARY KEY (`id`),
  ADD KEY `acuerdo_protocolos_comuna_id_foreign` (`comuna_id`),
  ADD KEY `acuerdo_protocolos_modulo_id_foreign` (`modulo_id`);

--
-- Indices de la tabla `assets_meta`
--
ALTER TABLE `assets_meta`
  ADD PRIMARY KEY (`id`),
  ADD UNIQUE KEY `assets_meta_container_folder_basename_unique` (`container`,`folder`,`basename`) USING HASH,
  ADD KEY `assets_meta_container_index` (`container`),
  ADD KEY `assets_meta_folder_index` (`folder`),
  ADD KEY `assets_meta_basename_index` (`basename`),
  ADD KEY `assets_meta_filename_index` (`filename`),
  ADD KEY `assets_meta_extension_index` (`extension`),
  ADD KEY `assets_meta_path_index` (`path`);

--
-- Indices de la tabla `asset_containers`
--
ALTER TABLE `asset_containers`
  ADD PRIMARY KEY (`id`),
  ADD UNIQUE KEY `asset_containers_handle_unique` (`handle`);

--
-- Indices de la tabla `beneficio_servicios`
--
ALTER TABLE `beneficio_servicios`
  ADD PRIMARY KEY (`id`),
  ADD KEY `beneficio_servicios_catalogo_id_foreign` (`catalogo_id`),
  ADD KEY `beneficio_servicios_author_id_foreign` (`author_id`);

--
-- Indices de la tabla `beneficio_servicio_derecho`
--
ALTER TABLE `beneficio_servicio_derecho`
  ADD PRIMARY KEY (`id`),
  ADD KEY `beneficio_servicio_derecho_beneficio_servicio_id_foreign` (`beneficio_servicio_id`),
  ADD KEY `beneficio_servicio_derecho_derecho_id_foreign` (`derecho_id`);

--
-- Indices de la tabla `blueprints`
--
ALTER TABLE `blueprints`
  ADD PRIMARY KEY (`id`),
  ADD UNIQUE KEY `blueprints_handle_namespace_unique` (`handle`,`namespace`) USING HASH,
  ADD KEY `blueprints_namespace_index` (`namespace`);

--
-- Indices de la tabla `catalogos`
--
ALTER TABLE `catalogos`
  ADD PRIMARY KEY (`id`),
  ADD KEY `catalogos_comuna_id_foreign` (`comuna_id`),
  ADD KEY `catalogos_revisor_id_foreign` (`revisor_id`),
  ADD KEY `catalogos_modulo_id_foreign` (`modulo_id`);

--
-- Indices de la tabla `certificados`
--
ALTER TABLE `certificados`
  ADD PRIMARY KEY (`id`),
  ADD KEY `certificados_modulo_id_foreign` (`modulo_id`);

--
-- Indices de la tabla `collections`
--
ALTER TABLE `collections`
  ADD PRIMARY KEY (`id`),
  ADD UNIQUE KEY `collections_handle_unique` (`handle`);

--
-- Indices de la tabla `comentarios`
--
ALTER TABLE `comentarios`
  ADD PRIMARY KEY (`id`),
  ADD KEY `comentarios_usuario_id_foreign` (`usuario_id`),
  ADD KEY `comentarios_beneficio_servicio_id_foreign` (`beneficio_servicio_id`);

--
-- Indices de la tabla `comunas`
--
ALTER TABLE `comunas`
  ADD PRIMARY KEY (`id`),
  ADD KEY `comunas_provincia_id_foreign` (`provincia_id`);

--
-- Indices de la tabla `comuna_cargo`
--
ALTER TABLE `comuna_cargo`
  ADD PRIMARY KEY (`id`),
  ADD KEY `comuna_cargo_user_id_foreign` (`user_id`),
  ADD KEY `comuna_cargo_comuna_id_foreign` (`comuna_id`);

--
-- Indices de la tabla `comuna_modulo`
--
ALTER TABLE `comuna_modulo`
  ADD PRIMARY KEY (`id`),
  ADD KEY `comuna_modulo_comuna_id_foreign` (`comuna_id`),
  ADD KEY `comuna_modulo_modulo_id_foreign` (`modulo_id`);

--
-- Indices de la tabla `derechos`
--
ALTER TABLE `derechos`
  ADD PRIMARY KEY (`id`),
  ADD KEY `derechos_dimension_id_foreign` (`dimension_id`);

--
-- Indices de la tabla `dimensiones`
--
ALTER TABLE `dimensiones`
  ADD PRIMARY KEY (`id`);

--
-- Indices de la tabla `entries`
--
ALTER TABLE `entries`
  ADD PRIMARY KEY (`id`),
  ADD KEY `entries_site_index` (`site`),
  ADD KEY `entries_origin_id_index` (`origin_id`),
  ADD KEY `entries_uri_index` (`uri`),
  ADD KEY `entries_order_index` (`order`),
  ADD KEY `entries_collection_index` (`collection`),
  ADD KEY `entries_blueprint_index` (`blueprint`);

--
-- Indices de la tabla `failed_jobs`
--
ALTER TABLE `failed_jobs`
  ADD PRIMARY KEY (`id`),
  ADD UNIQUE KEY `failed_jobs_uuid_unique` (`uuid`);

--
-- Indices de la tabla `fieldsets`
--
ALTER TABLE `fieldsets`
  ADD PRIMARY KEY (`id`),
  ADD UNIQUE KEY `fieldsets_handle_unique` (`handle`);

--
-- Indices de la tabla `group_user`
--
ALTER TABLE `group_user`
  ADD PRIMARY KEY (`id`);

--
-- Indices de la tabla `jobs`
--
ALTER TABLE `jobs`
  ADD PRIMARY KEY (`id`),
  ADD KEY `jobs_queue_index` (`queue`);

--
-- Indices de la tabla `job_batches`
--
ALTER TABLE `job_batches`
  ADD PRIMARY KEY (`id`);

--
-- Indices de la tabla `migrations`
--
ALTER TABLE `migrations`
  ADD PRIMARY KEY (`id`);

--
-- Indices de la tabla `modulos`
--
ALTER TABLE `modulos`
  ADD PRIMARY KEY (`id`);

--
-- Indices de la tabla `navigations`
--
ALTER TABLE `navigations`
  ADD PRIMARY KEY (`id`),
  ADD UNIQUE KEY `navigations_handle_unique` (`handle`);

--
-- Indices de la tabla `provincias`
--
ALTER TABLE `provincias`
  ADD PRIMARY KEY (`id`),
  ADD KEY `provincias_region_id_foreign` (`region_id`);

--
-- Indices de la tabla `provincia_modulo`
--
ALTER TABLE `provincia_modulo`
  ADD PRIMARY KEY (`id`),
  ADD KEY `provincia_modulo_provincia_id_foreign` (`provincia_id`),
  ADD KEY `provincia_modulo_modulo_id_foreign` (`modulo_id`);

--
-- Indices de la tabla `regions`
--
ALTER TABLE `regions`
  ADD PRIMARY KEY (`id`);

--
-- Indices de la tabla `region_modulo`
--
ALTER TABLE `region_modulo`
  ADD PRIMARY KEY (`id`),
  ADD KEY `region_modulo_region_id_foreign` (`region_id`),
  ADD KEY `region_modulo_modulo_id_foreign` (`modulo_id`);

--
-- Indices de la tabla `role_user`
--
ALTER TABLE `role_user`
  ADD PRIMARY KEY (`id`);

--
-- Indices de la tabla `sessions`
--
ALTER TABLE `sessions`
  ADD PRIMARY KEY (`id`),
  ADD KEY `sessions_user_id_index` (`user_id`),
  ADD KEY `sessions_last_activity_index` (`last_activity`);

--
-- Indices de la tabla `sites`
--
ALTER TABLE `sites`
  ADD PRIMARY KEY (`id`),
  ADD UNIQUE KEY `sites_handle_unique` (`handle`);

--
-- Indices de la tabla `trees`
--
ALTER TABLE `trees`
  ADD PRIMARY KEY (`id`),
  ADD UNIQUE KEY `trees_handle_type_locale_unique` (`handle`,`type`,`locale`) USING HASH,
  ADD KEY `trees_type_index` (`type`),
  ADD KEY `trees_locale_index` (`locale`);

--
-- AUTO_INCREMENT de las tablas volcadas
--

--
-- AUTO_INCREMENT de la tabla `acuerdo_protocolos`
--
ALTER TABLE `acuerdo_protocolos`
  MODIFY `id` bigint(20) UNSIGNED NOT NULL AUTO_INCREMENT, AUTO_INCREMENT=18;

--
-- AUTO_INCREMENT de la tabla `assets_meta`
--
ALTER TABLE `assets_meta`
  MODIFY `id` bigint(20) UNSIGNED NOT NULL AUTO_INCREMENT, AUTO_INCREMENT=280;

--
-- AUTO_INCREMENT de la tabla `asset_containers`
--
ALTER TABLE `asset_containers`
  MODIFY `id` bigint(20) UNSIGNED NOT NULL AUTO_INCREMENT, AUTO_INCREMENT=3;

--
-- AUTO_INCREMENT de la tabla `beneficio_servicios`
--
ALTER TABLE `beneficio_servicios`
  MODIFY `id` bigint(20) UNSIGNED NOT NULL AUTO_INCREMENT, AUTO_INCREMENT=24985;

--
-- AUTO_INCREMENT de la tabla `beneficio_servicio_derecho`
--
ALTER TABLE `beneficio_servicio_derecho`
  MODIFY `id` bigint(20) UNSIGNED NOT NULL AUTO_INCREMENT;

--
-- AUTO_INCREMENT de la tabla `blueprints`
--
ALTER TABLE `blueprints`
  MODIFY `id` bigint(20) UNSIGNED NOT NULL AUTO_INCREMENT, AUTO_INCREMENT=2;

--
-- AUTO_INCREMENT de la tabla `catalogos`
--
ALTER TABLE `catalogos`
  MODIFY `id` bigint(20) UNSIGNED NOT NULL AUTO_INCREMENT, AUTO_INCREMENT=564;

--
-- AUTO_INCREMENT de la tabla `certificados`
--
ALTER TABLE `certificados`
  MODIFY `id` bigint(20) UNSIGNED NOT NULL AUTO_INCREMENT, AUTO_INCREMENT=134;

--
-- AUTO_INCREMENT de la tabla `collections`
--
ALTER TABLE `collections`
  MODIFY `id` bigint(20) UNSIGNED NOT NULL AUTO_INCREMENT, AUTO_INCREMENT=6;

--
-- AUTO_INCREMENT de la tabla `comentarios`
--
ALTER TABLE `comentarios`
  MODIFY `id` bigint(20) UNSIGNED NOT NULL AUTO_INCREMENT, AUTO_INCREMENT=17;

--
-- AUTO_INCREMENT de la tabla `comunas`
--
ALTER TABLE `comunas`
  MODIFY `id` bigint(20) UNSIGNED NOT NULL AUTO_INCREMENT, AUTO_INCREMENT=348;

--
-- AUTO_INCREMENT de la tabla `comuna_cargo`
--
ALTER TABLE `comuna_cargo`
  MODIFY `id` bigint(20) UNSIGNED NOT NULL AUTO_INCREMENT;

--
-- AUTO_INCREMENT de la tabla `comuna_modulo`
--
ALTER TABLE `comuna_modulo`
  MODIFY `id` bigint(20) UNSIGNED NOT NULL AUTO_INCREMENT, AUTO_INCREMENT=465;

--
-- AUTO_INCREMENT de la tabla `derechos`
--
ALTER TABLE `derechos`
  MODIFY `id` bigint(20) UNSIGNED NOT NULL AUTO_INCREMENT, AUTO_INCREMENT=26;

--
-- AUTO_INCREMENT de la tabla `dimensiones`
--
ALTER TABLE `dimensiones`
  MODIFY `id` bigint(20) UNSIGNED NOT NULL AUTO_INCREMENT, AUTO_INCREMENT=5;

--
-- AUTO_INCREMENT de la tabla `failed_jobs`
--
ALTER TABLE `failed_jobs`
  MODIFY `id` bigint(20) UNSIGNED NOT NULL AUTO_INCREMENT;

--
-- AUTO_INCREMENT de la tabla `fieldsets`
--
ALTER TABLE `fieldsets`
  MODIFY `id` bigint(20) UNSIGNED NOT NULL AUTO_INCREMENT, AUTO_INCREMENT=4;

--
-- AUTO_INCREMENT de la tabla `group_user`
--
ALTER TABLE `group_user`
  MODIFY `id` int(10) UNSIGNED NOT NULL AUTO_INCREMENT, AUTO_INCREMENT=2;

--
-- AUTO_INCREMENT de la tabla `jobs`
--
ALTER TABLE `jobs`
  MODIFY `id` bigint(20) UNSIGNED NOT NULL AUTO_INCREMENT;

--
-- AUTO_INCREMENT de la tabla `migrations`
--
ALTER TABLE `migrations`
  MODIFY `id` int(10) UNSIGNED NOT NULL AUTO_INCREMENT, AUTO_INCREMENT=76;

--
-- AUTO_INCREMENT de la tabla `modulos`
--
ALTER TABLE `modulos`
  MODIFY `id` bigint(20) UNSIGNED NOT NULL AUTO_INCREMENT, AUTO_INCREMENT=7;

--
-- AUTO_INCREMENT de la tabla `navigations`
--
ALTER TABLE `navigations`
  MODIFY `id` bigint(20) UNSIGNED NOT NULL AUTO_INCREMENT, AUTO_INCREMENT=3;

--
-- AUTO_INCREMENT de la tabla `provincias`
--
ALTER TABLE `provincias`
  MODIFY `id` bigint(20) UNSIGNED NOT NULL AUTO_INCREMENT, AUTO_INCREMENT=58;

--
-- AUTO_INCREMENT de la tabla `provincia_modulo`
--
ALTER TABLE `provincia_modulo`
  MODIFY `id` bigint(20) UNSIGNED NOT NULL AUTO_INCREMENT, AUTO_INCREMENT=57;

--
-- AUTO_INCREMENT de la tabla `regions`
--
ALTER TABLE `regions`
  MODIFY `id` bigint(20) UNSIGNED NOT NULL AUTO_INCREMENT, AUTO_INCREMENT=18;

--
-- AUTO_INCREMENT de la tabla `region_modulo`
--
ALTER TABLE `region_modulo`
  MODIFY `id` bigint(20) UNSIGNED NOT NULL AUTO_INCREMENT, AUTO_INCREMENT=17;

--
-- AUTO_INCREMENT de la tabla `role_user`
--
ALTER TABLE `role_user`
  MODIFY `id` int(10) UNSIGNED NOT NULL AUTO_INCREMENT, AUTO_INCREMENT=252;

--
-- AUTO_INCREMENT de la tabla `sites`
--
ALTER TABLE `sites`
  MODIFY `id` bigint(20) UNSIGNED NOT NULL AUTO_INCREMENT, AUTO_INCREMENT=2;

--
-- AUTO_INCREMENT de la tabla `trees`
--
ALTER TABLE `trees`
  MODIFY `id` bigint(20) UNSIGNED NOT NULL AUTO_INCREMENT;

--
-- Restricciones para tablas volcadas
--

--
-- Filtros para la tabla `acuerdo_protocolos`
--
ALTER TABLE `acuerdo_protocolos`
  ADD CONSTRAINT `acuerdo_protocolos_comuna_id_foreign` FOREIGN KEY (`comuna_id`) REFERENCES `comunas` (`id`) ON DELETE CASCADE,
  ADD CONSTRAINT `acuerdo_protocolos_modulo_id_foreign` FOREIGN KEY (`modulo_id`) REFERENCES `modulos` (`id`) ON DELETE CASCADE;

--
-- Filtros para la tabla `beneficio_servicios`
--
ALTER TABLE `beneficio_servicios`
  ADD CONSTRAINT `beneficio_servicios_author_id_foreign` FOREIGN KEY (`author_id`) REFERENCES `users` (`id`) ON DELETE SET NULL,
  ADD CONSTRAINT `beneficio_servicios_catalogo_id_foreign` FOREIGN KEY (`catalogo_id`) REFERENCES `catalogos` (`id`) ON DELETE CASCADE;

--
-- Filtros para la tabla `beneficio_servicio_derecho`
--
ALTER TABLE `beneficio_servicio_derecho`
  ADD CONSTRAINT `beneficio_servicio_derecho_beneficio_servicio_id_foreign` FOREIGN KEY (`beneficio_servicio_id`) REFERENCES `beneficio_servicios` (`id`) ON DELETE CASCADE,
  ADD CONSTRAINT `beneficio_servicio_derecho_derecho_id_foreign` FOREIGN KEY (`derecho_id`) REFERENCES `derechos` (`id`) ON DELETE CASCADE;

--
-- Filtros para la tabla `catalogos`
--
ALTER TABLE `catalogos`
  ADD CONSTRAINT `catalogos_comuna_id_foreign` FOREIGN KEY (`comuna_id`) REFERENCES `comunas` (`id`) ON DELETE CASCADE,
  ADD CONSTRAINT `catalogos_modulo_id_foreign` FOREIGN KEY (`modulo_id`) REFERENCES `modulos` (`id`) ON DELETE CASCADE,
  ADD CONSTRAINT `catalogos_revisor_id_foreign` FOREIGN KEY (`revisor_id`) REFERENCES `users` (`id`) ON DELETE SET NULL;

--
-- Filtros para la tabla `certificados`
--
ALTER TABLE `certificados`
  ADD CONSTRAINT `certificados_modulo_id_foreign` FOREIGN KEY (`modulo_id`) REFERENCES `modulos` (`id`);

--
-- Filtros para la tabla `comentarios`
--
ALTER TABLE `comentarios`
  ADD CONSTRAINT `comentarios_beneficio_servicio_id_foreign` FOREIGN KEY (`beneficio_servicio_id`) REFERENCES `beneficio_servicios` (`id`) ON DELETE CASCADE,
  ADD CONSTRAINT `comentarios_usuario_id_foreign` FOREIGN KEY (`usuario_id`) REFERENCES `users` (`id`) ON DELETE CASCADE;

--
-- Filtros para la tabla `comunas`
--
ALTER TABLE `comunas`
  ADD CONSTRAINT `comunas_provincia_id_foreign` FOREIGN KEY (`provincia_id`) REFERENCES `provincias` (`id`) ON DELETE CASCADE;

--
-- Filtros para la tabla `comuna_cargo`
--
ALTER TABLE `comuna_cargo`
  ADD CONSTRAINT `comuna_cargo_comuna_id_foreign` FOREIGN KEY (`comuna_id`) REFERENCES `comunas` (`id`) ON DELETE CASCADE,
  ADD CONSTRAINT `comuna_cargo_user_id_foreign` FOREIGN KEY (`user_id`) REFERENCES `users` (`id`) ON DELETE CASCADE;

--
-- Filtros para la tabla `derechos`
--
ALTER TABLE `derechos`
  ADD CONSTRAINT `derechos_dimension_id_foreign` FOREIGN KEY (`dimension_id`) REFERENCES `dimensiones` (`id`) ON DELETE CASCADE;
COMMIT;

